000
CXUS53 KIND 010600
CF6IND
PRELIMINARY LOCAL CLIMATOLOGICAL DATA (WS FORM: F-6)
STATION: INDIANAPOLIS IN
MONTH: APRIL
YEAR: 2022
LATITUDE: 39 43 N
LONGITUDE: 86 17 W
TEMPERATURE IN F: :PCPN: SNOW: WIND :SUNSHINE: SKY :PK WND
================================================================================
1 2 3 4 5 6A 6B 7 8 9 10 11 12 13 14 15 16 17 18
12Z AVG MX 2MIN
DY MAX MIN AVG DEP HDD CDD WTR SNW DPTH SPD SPD DIR MIN PSBL S-S WX SPD DR
================================================================================
1 44 33 39 -9 26 0 T T 0 10.8 20 300 M M 8 1 27 270
2 57 29 43 -6 22 0 0.03 0.0 0 12.1 31 290 M M 6 43 290
3 58 31 45 -4 20 0 0.00 0.0 0 7.5 20 310 M M 5 27 300
4 64 42 53 3 12 0 0.01 0.0 0 11.3 22 230 M M 8 33 200
5 56 40 48 -2 17 0 0.13 0.0 0 7.9 15 120 M M 9 1 22 130
6 58 47 53 3 12 0 0.38 0.0 0 10.7 25 280 M M 8 1 32 280
7 50 38 44 -7 21 0 T 0.0 0 14.9 26 260 M M 7 36 250
8 48 36 42 -9 23 0 0.07 T 0 13.7 28 270 M M 9 14 36 260
9 46 32 39 -12 26 0 T T 0 12.2 21 300 M M 9 1 29 310
10 64 30 47 -5 18 0 0.00 0.0 0 11.2 25 150 M M 5 34 150
11 66 50 58 6 7 0 0.50 0.0 0 10.9 38 220 M M 9 13 59 210
12 66 48 57 5 8 0 0.00 0.0 0 11.0 21 150 M M 7 1 26 140
13 68 46 57 4 8 0 1.04 0.0 0 14.0 29 290 M M 9 1 37 300
14 59 34 47 -6 18 0 0.02 0.0 0 16.4 32 240 M M 4 1 43 240
15 68 42 55 1 10 0 T 0.0 0 14.2 36 230 M M 6 48 250
16 58 39 49 -5 16 0 0.01 0.0 0 13.3 25 300 M M 5 32 320
17 51 33 42 -12 23 0 0.00 0.0 0 13.0 21 70 M M 6 27 70
18 45 33 39 -16 26 0 0.26 1.0 T 14.0 28 290 M M 10 1 43 290
19 52 31 42 -13 23 0 0.01 T 0 11.8 18 290 M M 7 33 290
20 64 43 54 -1 11 0 0.03 0.0 0 15.2 35 180 M M 9 48 180
21 69 53 61 5 4 0 0.22 0.0 0 10.1 24 190 M M 9 1 34 190
22 76 51 64 8 1 0 0.00 0.0 0 9.1 18 130 M M 7 1 28 110
23 84 58 71 15 0 6 0.00 0.0 0 13.6 29 200 M M 4 37 200
24 81 63 72 15 0 7 0.12 0.0 0 18.4 31 200 M M 7 13 42 210
25 63 43 53 -4 12 0 0.74 0.0 0 9.2 22 300 M M 9 13 28 290
26 55 36 46 -11 19 0 0.00 0.0 0 10.8 22 290 M M 4 29 290
27 63 35 49 -9 16 0 0.00 0.0 0 7.1 14 80 M M 4 19 70
28 60 44 52 -6 13 0 T 0.0 0 11.7 16 120 M M 9 22 140
29 70 52 61 3 4 0 0.05 0.0 0 12.0 21 110 M M 9 24 100
30 78 54 66 7 0 1 0.80 0.0 0 13.5 23 270 M M 9 13 29 270
================================================================================
SM 1841 1246 416 14 4.42 1.0 361.6 M 217
================================================================================
AV 61.4 41.5 12.1 FASTST M M 7 MAX(MPH)
MISC ----> 38 220 59 210
================================================================================
NOTES:
# LAST OF SEVERAL OCCURRENCES
COLUMN 17 PEAK WIND IN M.P.H.
PRELIMINARY LOCAL CLIMATOLOGICAL DATA (WS FORM: F-6) , PAGE 2
STATION: INDIANAPOLIS IN
MONTH: APRIL
YEAR: 2022
LATITUDE: 39 43 N
LONGITUDE: 86 17 W
[TEMPERATURE DATA] [PRECIPITATION DATA] SYMBOLS USED IN COLUMN 16
AVERAGE MONTHLY: 51.5 TOTAL FOR MONTH: 4.42 1 = FOG OR MIST
DPTR FM NORMAL: -2.2 DPTR FM NORMAL: 0.08 2 = FOG REDUCING VISIBILITY
HIGHEST: 84 ON 23 GRTST 24HR 1.06 ON 13-14 TO 1/4 MILE OR LESS
LOWEST: 29 ON 2 3 = THUNDER
SNOW, ICE PELLETS, HAIL 4 = ICE PELLETS
TOTAL MONTH: 1.0 INCH 5 = HAIL
GRTST 24HR 1.0 ON 18-18 6 = FREEZING RAIN OR DRIZZLE
GRTST DEPTH: T 7 = DUSTSTORM OR SANDSTORM:
VSBY 1/2 MILE OR LESS
8 = SMOKE OR HAZE
[NO. OF DAYS WITH] [WEATHER - DAYS WITH] 9 = BLOWING SNOW
X = TORNADO
MAX 32 OR BELOW: 0 0.01 INCH OR MORE: 17
MAX 90 OR ABOVE: 0 0.10 INCH OR MORE: 9
MIN 32 OR BELOW: 5 0.50 INCH OR MORE: 4
MIN 0 OR BELOW: 0 1.00 INCH OR MORE: 1
[HDD (BASE 65) ]
TOTAL THIS MO. 416 CLEAR (SCALE 0-3) 0
DPTR FM NORMAL 61 PTCLDY (SCALE 4-7) 17
TOTAL FM JUL 1 4815 CLOUDY (SCALE 8-10) 13
DPTR FM NORMAL -292
[CDD (BASE 65) ]
TOTAL THIS MO. 14
DPTR FM NORMAL 1 [PRESSURE DATA]
TOTAL FM JAN 1 14 HIGHEST SLP M ON M
DPTR FM NORMAL -2 LOWEST SLP 29.52 ON 6
[REMARKS]
#FINAL-04-22#