000
CXUS53 KIND 011852
CF6IND
PRELIMINARY LOCAL CLIMATOLOGICAL DATA (WS FORM: F-6)
STATION: INDIANAPOLIS IN
MONTH: NOVEMBER
YEAR: 2023
LATITUDE: 39 43 N
LONGITUDE: 86 17 W
TEMPERATURE IN F: :PCPN: SNOW: WIND :SUNSHINE: SKY :PK WND
================================================================================
1 2 3 4 5 6A 6B 7 8 9 10 11 12 13 14 15 16 17 18
12Z AVG MX 2MIN
DY MAX MIN AVG DEP HDD CDD WTR SNW DPTH SPD SPD DIR MIN PSBL S-S WX SPD DR
================================================================================
1 46 28 37 -12 28 0 0.00 0.0 0 5.1 12 250 M M 4 16 300
2 55 30 43 -6 22 0 0.00 0.0 0 10.5 20 220 M M 2 27 200
3 61 35 48 0 17 0 0.00 0.0 0 12.8 25 230 M M 5 35 230
4 66 46 56 8 9 0 T 0.0 0 9.5 17 230 M M 6 24 220
5 62 37 50 2 15 0 0.00 0.0 0 3.8 9 140 M M 3 1 14 160
6 75 43 59 12 6 0 0.00 0.0 0 12.9 29 230 M M 6 40 200
7 71 49 60 13 5 0 0.00 0.0 0 6.4 14 70 M M 5 1 18 70
8 78 52 65 19 0 0 0.09 0.0 0 15.4 30 200 M M 7 1 39 200
9 66 47 57 11 8 0 0.07 0.0 0 10.8 22 330 M M 9 1 28 290
10 57 35 46 0 19 0 0.00 0.0 0 9.4 18 280 M M 4 24 280
11 52 32 42 -3 23 0 0.00 0.0 0 6.5 14 90 M M 3 17 90
12 56 37 47 2 18 0 0.00 0.0 0 7.5 15 120 M M 3 21 130
13 64 35 50 6 15 0 0.00 0.0 0 7.0 18 320 M M 1 23 330
14 61 32 47 3 18 0 0.00 0.0 0 5.2 14 130 M M 2 19 150
15 65 33 49 5 16 0 0.00 0.0 0 5.0 13 220 M M 2 17 220
16 67 39 53 10 12 0 T 0.0 0 7.5 17 190 M M 4 23 190
17 62 38 50 7 15 0 0.31 0.0 0 11.5 20 330 M M 8 1 25 340
18 52 31 42 0 23 0 0.00 0.0 0 4.1 14 10 M M 0 20 10
19 59 32 46 4 19 0 0.00 0.0 0 4.3 12 80 M M 3 15 80
20 52 44 48 6 17 0 0.11 0.0 0 13.6 22 80 M M 9 1 31 80
21 51 40 46 5 19 0 0.15 0.0 0 13.6 26 120 M M 10 1 35 130
22 47 35 41 0 24 0 0.00 0.0 0 9.6 17 230 M M 7 23 240
23 53 33 43 3 22 0 0.00 0.0 0 9.6 18 250 M M 2 24 250
24 40 31 36 -4 29 0 0.00 0.0 0 12.6 24 30 M M 6 31 40
25 42 29 36 -4 29 0 0.00 0.0 0 7.0 14 100 M M 8 19 80
26 39 30 35 -4 30 0 0.20 T 0 10.4 28 260 M M 9 1 36 250
27 35 22 29 -10 36 0 0.00 0.0 0 17.1 26 250 M M 7 35 280
28 26 17 22 -17 43 0 T T 0 10.0 25 280 M M 6 33 280
29 47 19 33 -5 32 0 0.00 0.0 0 10.1 21 250 M M 3 26 240
30 58 34 46 8 19 0 T 0.0 0 11.0 24 220 M M 8 39 230
================================================================================
SM 1665 1045 588 0 0.93 T 279.8 M 152
================================================================================
AV 55.5 34.8 9.3 FASTST M M 5 MAX(MPH)
MISC ----> 30 200 40 200
================================================================================
NOTES:
# LAST OF SEVERAL OCCURRENCES
COLUMN 17 PEAK WIND IN M.P.H.
PRELIMINARY LOCAL CLIMATOLOGICAL DATA (WS FORM: F-6) , PAGE 2
STATION: INDIANAPOLIS IN
MONTH: NOVEMBER
YEAR: 2023
LATITUDE: 39 43 N
LONGITUDE: 86 17 W
[TEMPERATURE DATA] [PRECIPITATION DATA] SYMBOLS USED IN COLUMN 16
AVERAGE MONTHLY: 45.2 TOTAL FOR MONTH: 0.93 1 = FOG OR MIST
DPTR FM NORMAL: 1.9 DPTR FM NORMAL: -2.52 2 = FOG REDUCING VISIBILITY
HIGHEST: 78 ON 8 GRTST 24HR 0.31 ON 17-17 TO 1/4 MILE OR LESS
LOWEST: 17 ON 28 3 = THUNDER
SNOW, ICE PELLETS, HAIL 4 = ICE PELLETS
TOTAL MONTH: T 5 = HAIL
GRTST 24HR T ON 26-26 6 = FREEZING RAIN OR DRIZZLE
GRTST DEPTH: 0 7 = DUSTSTORM OR SANDSTORM:
VSBY 1/2 MILE OR LESS
8 = SMOKE OR HAZE
[NO. OF DAYS WITH] [WEATHER - DAYS WITH] 9 = BLOWING SNOW
X = TORNADO
MAX 32 OR BELOW: 1 0.01 INCH OR MORE: 6
MAX 90 OR ABOVE: 0 0.10 INCH OR MORE: 4
MIN 32 OR BELOW: 12 0.50 INCH OR MORE: 0
MIN 0 OR BELOW: 0 1.00 INCH OR MORE: 0
[HDD (BASE 65) ]
TOTAL THIS MO. 588 CLEAR (SCALE 0-3) 11
DPTR FM NORMAL -62 PTCLDY (SCALE 4-7) 14
TOTAL FM JUL 1 860 CLOUDY (SCALE 8-10) 5
DPTR FM NORMAL -166
[CDD (BASE 65) ]
TOTAL THIS MO. 0
DPTR FM NORMAL 0 [PRESSURE DATA]
TOTAL FM JAN 1 1178 HIGHEST SLP 30.48 ON 11
DPTR FM NORMAL 39 LOWEST SLP 29.62 ON 8
[REMARKS]
#FINAL-11-23#