000
CXUS54 KFWD 010730
CF6INJ
PRELIMINARY LOCAL CLIMATOLOGICAL DATA (WS FORM: F-6)
STATION: HILLSBORO
MONTH: SEPTEMBER
YEAR: 2023
LATITUDE: 32 0 N
LONGITUDE: 97 6 W
TEMPERATURE IN F: :PCPN: SNOW: WIND :SUNSHINE: SKY :PK WND
================================================================================
1 2 3 4 5 6A 6B 7 8 9 10 11 12 13 14 15 16 17 18
12Z AVG MX 2MIN
DY MAX MIN AVG DEP HDD CDD WTR SNW DPTH SPD SPD DIR MIN PSBL S-S WX SPD DR
================================================================================
1 102 74 88 6 0 23 0.00 M M 7.4 12 100 M M 1 M M
2 102 68 85 4 0 20 0.00 M M 5.4 10 70 M M 0 M M
3 103 80 92 11 0 27 0.00 M M 8.1 14 220 M M 2 23 140
4 101 78 90 9 0 25 0.00 M M 10.2 17 180 M M 1 24 180
5 105 80 93 13 0 28 0.00 M M 12.3 17 180 M M 1 25 160
6 107 80 94 14 0 29 0.00 M M 7.9 14 230 M M 1 17 200
7 110 81 96 16 0 31 0.00 M M 5.0 10 250 M M 0 M M
8 110 77 94 14 0 29 0.00 M M 7.3 21 140 M M 0 28 140
9 103 73 88 9 0 23 0.00 M M 8.9 15 170 M M 0 29 40
10 98 71 85 6 0 20 0.00 M M 6.1 10 90 M M 0 17 90
11 94 70 82 3 0 17 0.00 M M 9.0 15 320 M M 1 18 100
12 92 72 82 4 0 17 0.00 M M 7.0 15 360 M M 3 21 360
13 89 70 80 2 0 15 0.02 M M 2.6 9 360 M M 8 M M
14 76 70 73 -5 0 8 1.12 M M 4.0 8 80 M M 9 1 M M
15 87 71 79 2 0 14 0.22 M M 4.0 8 70 M M 6 1 M M
16 87 68 78 1 0 13 0.00 M M 2.0 8 70 M M 3 1 M M
17 92 65 79 2 0 14 0.00 M M 2.6 9 50 M M 0 1 M M
18 95 61 78 2 0 13 0.00 M M 4.0 12 120 M M 0 18 170
19 97 73 85 9 0 20 0.00 M M 12.2 18 200 M M 2 26 200
20 98 73 86 10 0 21 0.00 M M 13.2 22 190 M M 1 29 190
21 95 75 85 10 0 20 0.00 M M 9.4 14 160 M M 1 17 150
22 98 77 88 13 0 23 0.00 M M 11.2 17 170 M M 0 28 190
23 100 78 89 14 0 24 0.00 M M 12.3 17 170 M M 1 8 23 160
24 103 75 89 15 0 24 0.00 M M 12.4 18 210 M M 1 23 210
25 96 73 85 11 0 20 0.00 M M 5.4 14 90 M M 4 25 60
26 98 72 85 11 0 20 0.00 M M 5.3 10 60 M M 0 M M
27 100 70 85 12 0 20 0.00 M M 3.9 8 90 M M 1 16 0
28 98 71 85 12 0 20 0.00 M M 5.4 10 170 M M 1 16 180
29 97 73 85 12 0 20 0.00 M M 7.1 12 160 M M 1 22 170
30 97 70 84 12 0 19 0.00 M M 6.6 14 130 M M 1 18 160
================================================================================
SM 2930 2189 0 617 1.36 M 218.2 M 50
================================================================================
AV 97.7 73.0 7.3 FASTST M M 2 MAX(MPH)
MISC ----> 22 190 # 29 40
================================================================================
NOTES:
# LAST OF SEVERAL OCCURRENCES
COLUMN 17 PEAK WIND IN M.P.H.
PRELIMINARY LOCAL CLIMATOLOGICAL DATA (WS FORM: F-6) , PAGE 2
STATION: HILLSBORO
MONTH: SEPTEMBER
YEAR: 2023
LATITUDE: 32 0 N
LONGITUDE: 97 6 W
[TEMPERATURE DATA] [PRECIPITATION DATA] SYMBOLS USED IN COLUMN 16
AVERAGE MONTHLY: 85.3 TOTAL FOR MONTH: 1.36 1 = FOG OR MIST
DPTR FM NORMAL: 8.2 DPTR FM NORMAL: -1.67 2 = FOG REDUCING VISIBILITY
HIGHEST: 110 ON 8, 7 GRTST 24HR 1.12 ON 14-14 TO 1/4 MILE OR LESS
LOWEST: 61 ON 18 3 = THUNDER
SNOW, ICE PELLETS, HAIL 4 = ICE PELLETS
TOTAL MONTH: M 5 = HAIL
GRTST 24HR M ON M 6 = FREEZING RAIN OR DRIZZLE
GRTST DEPTH: M ON M 7 = DUSTSTORM OR SANDSTORM:
VSBY 1/2 MILE OR LESS
8 = SMOKE OR HAZE
[NO. OF DAYS WITH] [WEATHER - DAYS WITH] 9 = BLOWING SNOW
X = TORNADO
MAX 32 OR BELOW: 0 0.01 INCH OR MORE: 3
MAX 90 OR ABOVE: 26 0.10 INCH OR MORE: 2
MIN 32 OR BELOW: 0 0.50 INCH OR MORE: 1
MIN 0 OR BELOW: 0 1.00 INCH OR MORE: 1
[HDD (BASE 65) ]
TOTAL THIS MO. 0 CLEAR (SCALE 0-3) 26
DPTR FM NORMAL -7 PTCLDY (SCALE 4-7) 3
TOTAL FM JUL 1 0 CLOUDY (SCALE 8-10) 1
DPTR FM NORMAL -5
[CDD (BASE 65) ]
TOTAL THIS MO. 617
DPTR FM NORMAL 247 [PRESSURE DATA]
TOTAL FM JAN 1 3286 HIGHEST SLP M ON M
DPTR FM NORMAL 926 LOWEST SLP M ON M
[REMARKS]
#FINAL-09-23#