000
CXUS55 KPSR 011011
CF6IPL
PRELIMINARY LOCAL CLIMATOLOGICAL DATA (WS FORM: F-6)
STATION: IMPERIAL CA
MONTH: NOVEMBER
YEAR: 2023
LATITUDE: 32 50 N
LONGITUDE: 115 35 W
TEMPERATURE IN F: :PCPN: SNOW: WIND :SUNSHINE: SKY :PK WND
================================================================================
1 2 3 4 5 6A 6B 7 8 9 10 11 12 13 14 15 16 17 18
12Z AVG MX 2MIN
DY MAX MIN AVG DEP HDD CDD WTR SNW DPTH SPD SPD DIR MIN PSBL S-S WX SPD DR
================================================================================
1 82 49 66 -3 0 1 0.00 M M 5.3 10 270 M M 0 12 280
2 85 50 68 -1 0 3 0.00 M M 3.2 9 270 M M 0 12 280
3 86 49 68 0 0 3 0.00 M M 3.8 8 280 M M 0 13 230
4 87 49 68 0 0 3 0.00 M M 3.6 8 300 M M 0 11 350
5 89 52 71 3 0 6 0.00 M M 3.7 9 270 M M 0 11 270
6 90 52 71 4 0 6 0.00 0.0 M 2.7 10 260 M M 0 15 90
7 84 58 71 4 0 6 0.00 0.0 M 13.0 25 240 M M 0 34 230
8 78 52 65 -1 0 0 0.00 0.0 M 9.3 18 350 M M 0 25 350
9 76 46 61 -5 4 0 0.00 0.0 0 9.0 20 350 M M 0 28 360
10 78 44 61 -5 4 0 0.00 0.0 0 5.6 10 340 M M 0 17 340
11 80 45 63 -2 2 0 0.00 0.0 0 5.1 9 10 M M 0 13 70
12 81 48 65 0 0 0 0.00 M M 4.7 9 270 M M 0 11 270
13 81 48 65 1 0 0 0.00 M M 3.2 9 260 M M 0 11 120
14 81 50 66 2 0 1 0.00 0.0 0 2.4 8 290 M M 0 8 10 280
15 73 53 63 -1 2 0 0.23 M M 4.4 14 330 M M 4 13 18 330
16 68 53 61 -2 4 0 0.00 0.0 0 3.1 8 350 M M 1 1 11 360
17 76 50 63 0 2 0 0.00 0.0 0 2.3 8 110 M M 5 12 10 70
18 78 55 67 5 0 2 T 0.0 0 8.6 21 260 M M 1 1 29 260
19 80 59 70 8 0 5 0.00 M M 10.0 20 350 M M 0 29 350
20 74 52 63 1 2 0 0.00 M M 8.8 25 360 M M 0 46 350
21 78 47 63 2 2 0 0.00 M M 6.0 16 10 M M 0 28 30
22 76 46 61 0 4 0 0.00 M M 4.8 10 260 M M 0 11 270
23 78 49 64 4 1 0 0.00 M M 5.4 16 150 M M 0 19 130
24 73 53 63 3 2 0 0.00 M M 11.4 22 250 M M 3 29 270
25 70 42 56 -4 9 0 0.00 M M 4.0 13 350 M M 1 20 80
26 69 40 55 -4 10 0 0.00 M M 4.7 10 360 M M 0 15 20
27 71 45 58 -1 7 0 0.00 M M 4.5 9 300 M M 0 13 310
28 73 49 61 3 4 0 0.00 M M 4.8 9 250 M M 0 12 360
29 73 45 59 1 6 0 0.00 M M 10.1 23 270 M M 0 32 250
30 70 51 61 3 4 0 0.00 M M 7.8 15 250 M M 2 21 240
================================================================================
SM 2338 1481 69 36 0.23 0.0 175.3 M 17
================================================================================
AV 77.9 49.4 5.8 FASTST M M 1 MAX(MPH)
MISC ----> # 25 240 46 350
================================================================================
NOTES:
# LAST OF SEVERAL OCCURRENCES
COLUMN 17 PEAK WIND IN M.P.H.
PRELIMINARY LOCAL CLIMATOLOGICAL DATA (WS FORM: F-6) , PAGE 2
STATION: IMPERIAL CA
MONTH: NOVEMBER
YEAR: 2023
LATITUDE: 32 50 N
LONGITUDE: 115 35 W
[TEMPERATURE DATA] [PRECIPITATION DATA] SYMBOLS USED IN COLUMN 16
AVERAGE MONTHLY: 63.7 TOTAL FOR MONTH: 0.23 1 = FOG OR MIST
DPTR FM NORMAL: 0.4 DPTR FM NORMAL: 0.05 2 = FOG REDUCING VISIBILITY
HIGHEST: 90 ON 6 GRTST 24HR 0.23 ON 15-15 TO 1/4 MILE OR LESS
LOWEST: 40 ON 26 3 = THUNDER
SNOW, ICE PELLETS, HAIL 4 = ICE PELLETS
TOTAL MONTH: 0.0 INCH 5 = HAIL
GRTST 24HR 0.0 6 = FREEZING RAIN OR DRIZZLE
GRTST DEPTH: 0 7 = DUSTSTORM OR SANDSTORM:
VSBY 1/2 MILE OR LESS
8 = SMOKE OR HAZE
[NO. OF DAYS WITH] [WEATHER - DAYS WITH] 9 = BLOWING SNOW
X = TORNADO
MAX 32 OR BELOW: 0 0.01 INCH OR MORE: 1
MAX 90 OR ABOVE: 1 0.10 INCH OR MORE: 1
MIN 32 OR BELOW: 0 0.50 INCH OR MORE: 0
MIN 0 OR BELOW: 0 1.00 INCH OR MORE: 0
[HDD (BASE 65) ]
TOTAL THIS MO. 69 CLEAR (SCALE 0-3) 28
DPTR FM NORMAL -39 PTCLDY (SCALE 4-7) 2
TOTAL FM JUL 1 73 CLOUDY (SCALE 8-10) 0
DPTR FM NORMAL -43
[CDD (BASE 65) ]
TOTAL THIS MO. 36
DPTR FM NORMAL -23 [PRESSURE DATA]
TOTAL FM JAN 1 3838 HIGHEST SLP 30.36 ON 21
DPTR FM NORMAL -323 LOWEST SLP 29.68 ON 23
[REMARKS]
#FINAL-11-23#