000
CXUS52 TJSJ 021450
CF6ISX
PRELIMINARY LOCAL CLIMATOLOGICAL DATA (WS FORM: F-6)
STATION: HENRY E. ROHLSEN AP/ST CROIX
MONTH: APRIL
YEAR: 2022
LATITUDE: 17 42 N
LONGITUDE: 64 48 W
TEMPERATURE IN F: :PCPN: SNOW: WIND :SUNSHINE: SKY :PK WND
================================================================================
1 2 3 4 5 6A 6B 7 8 9 10 11 12 13 14 15 16 17 18
12Z AVG MX 2MIN
DY MAX MIN AVG DEP HDD CDD WTR SNW DPTH SPD SPD DIR MIN PSBL S-S WX SPD DR
================================================================================
1 88 74 81 2 0 16 0.07 M M 15.7 26 100 M M 4 1 33 80
2 85 74 80 1 0 15 0.05 M M 14.2 25 100 M M 6 18 30 100
3 85 74 80 1 0 15 T M M 12.5 20 100 M M 4 24 130
4 85 73 79 0 0 14 0.00 M M 11.7 16 90 M M 3 22 110
5 86 73 80 1 0 15 T M M 11.4 21 90 M M 3 24 90
6 87 73 80 1 0 15 0.01 M M 12.2 25 100 M M 5 18 33 100
7 86 74 80 1 0 15 T M M 12.8 22 90 M M 4 27 100
8 86 74 80 1 0 15 0.06 M M 14.5 23 100 M M 4 18 29 80
9 87 75 81 2 0 16 0.06 M M 13.5 21 100 M M 4 1 27 110
10 86 74 80 1 0 15 0.00 M M 10.6 17 110 M M 4 22 90
11 87 73 80 1 0 15 T M M 8.2 16 110 M M 4 22 80
12 87 75 81 1 0 16 T M M 13.7 22 100 M M 3 28 110
13 87 75 81 1 0 16 T M M 15.6 28 90 M M 2 33 80
14 87 76 82 2 0 17 T M M 14.8 23 100 M M 4 29 100
15 87 74 81 1 0 16 T M M 13.0 22 110 M M 3 27 110
16 87 75 81 1 0 16 T M M 16.7 25 100 M M 5 32 110
17 87 78 83 3 0 18 0.00 M M 17.7 24 100 M M 4 28 100
18 88 75 82 2 0 17 T M M 17.9 26 100 M M 4 32 90
19 88 77 83 3 0 18 0.00 M M 16.8 25 100 M M 6 31 90
20 88 77 83 3 0 18 0.00 M M 15.7 23 90 M M 5 30 100
21 88 75 82 2 0 17 0.00 M M 13.2 22 100 M M 2 28 100
22 86 75 81 1 0 16 T M M 13.0 23 110 M M 3 29 110
23 88 70 79 -1 0 14 T M M 9.6 21 50 M M 4 26 90
24 85 72 79 -1 0 14 T M M 11.0 22 100 M M 4 26 80
25 87 73 80 0 0 15 T M M 11.2 20 70 M M 3 26 70
26 86 72 79 -1 0 14 T M M 10.4 18 50 M M 2 26 40
27 85 71 78 -2 0 13 0.00 M M 9.6 20 60 M M 3 26 80
28 86 69 78 -2 0 13 0.00 M M 10.1 21 100 M M 3 28 100
29 88 72 80 0 0 15 0.20 M M 11.7 21 50 M M 7 1 28 50
30 81 75 78 -3 0 13 0.12 M M 6.1 13 110 M M 7 1 15 110
================================================================================
SM 2594 2217 0 462 0.57 M 385.1 M 119
================================================================================
AV 86.5 73.9 12.8 FASTST M M 4 MAX(MPH)
MISC ----> 28 90 # 33 80
================================================================================
NOTES:
# LAST OF SEVERAL OCCURRENCES
COLUMN 17 PEAK WIND IN M.P.H.
PRELIMINARY LOCAL CLIMATOLOGICAL DATA (WS FORM: F-6) , PAGE 2
STATION: HENRY E. ROHLSEN AP/ST CROIX
MONTH: APRIL
YEAR: 2022
LATITUDE: 17 42 N
LONGITUDE: 64 48 W
[TEMPERATURE DATA] [PRECIPITATION DATA] SYMBOLS USED IN COLUMN 16
AVERAGE MONTHLY: 80.2 TOTAL FOR MONTH: 0.57 1 = FOG OR MIST
DPTR FM NORMAL: 0.5 DPTR FM NORMAL: -1.65 2 = FOG REDUCING VISIBILITY
HIGHEST: 88 ON 29,23 GRTST 24HR 0.32 ON 29-30 TO 1/4 MILE OR LESS
LOWEST: 69 ON 28 3 = THUNDER
SNOW, ICE PELLETS, HAIL 4 = ICE PELLETS
TOTAL MONTH: M 5 = HAIL
GRTST 24HR M ON M 6 = FREEZING RAIN OR DRIZZLE
GRTST DEPTH: M ON M 7 = DUSTSTORM OR SANDSTORM:
VSBY 1/2 MILE OR LESS
8 = SMOKE OR HAZE
[NO. OF DAYS WITH] [WEATHER - DAYS WITH] 9 = BLOWING SNOW
X = TORNADO
MAX 32 OR BELOW: 0 0.01 INCH OR MORE: 7
MAX 90 OR ABOVE: 0 0.10 INCH OR MORE: 2
MIN 32 OR BELOW: 0 0.50 INCH OR MORE: 0
MIN 0 OR BELOW: 0 1.00 INCH OR MORE: 0
[HDD (BASE 65) ]
TOTAL THIS MO. 0 CLEAR (SCALE 0-3) 7
DPTR FM NORMAL 0 PTCLDY (SCALE 4-7) 23
TOTAL FM JUL 1 0 CLOUDY (SCALE 8-10) 0
DPTR FM NORMAL 0
[CDD (BASE 65) ]
TOTAL THIS MO. 462
DPTR FM NORMAL 21 [PRESSURE DATA]
TOTAL FM JAN 1 1709 HIGHEST SLP 30.09 ON 1
DPTR FM NORMAL 99 LOWEST SLP 29.90 ON 28
[REMARKS]
#FINAL-04-22#