000
CXUS55 KEAX 010836
CF6IXD
PRELIMINARY LOCAL CLIMATOLOGICAL DATA (WS FORM: F-6)
STATION: NEW CENTURY AIR CENTER KS
MONTH: DECEMBER
YEAR: 2020
LATITUDE: 38 49 N
LONGITUDE: 94 54 W
TEMPERATURE IN F: :PCPN: SNOW: WIND :SUNSHINE: SKY :PK WND
================================================================================
1 2 3 4 5 6A 6B 7 8 9 10 11 12 13 14 15 16 17 18
12Z AVG MX 2MIN
DY MAX MIN AVG DEP HDD CDD WTR SNW DPTH SPD SPD DIR MIN PSBL S-S WX SPD DR
================================================================================
1 52 17 35 -1 30 0 0.00 M M 9.0 20 140 M M 0 26 130
2 53 32 43 7 22 0 0.00 M M 6.9 13 80 M M 2 17 90
3 41 22 32 -3 33 0 0.02 M M 4.6 12 340 M M 7 14 340
4 54 25 40 5 25 0 0.00 M M 6.9 14 300 M M 0 1 19 270
5 52 27 40 5 25 0 0.00 M M 7.3 15 320 M M 0 20 320
6 48 29 39 5 26 0 0.00 M M 8.6 16 350 M M 0 1 22 340
7 54 28 41 7 24 0 0.00 M M 4.7 12 290 M M 4 128 15 300
8 57 27 42 8 23 0 0.00 M M 6.8 12 260 M M 0 17 250
9 68 32 50 17 15 0 0.00 M M 5.5 10 300 M M 0 13 310
10 67 33 50 17 15 0 0.00 M M 5.3 10 160 M M 0 13 230
11 47 38 43 11 22 0 0.01 M M 7.9 15 250 M M 9 18 20 310
12 38 31 35 3 30 0 0.00 M M 12.0 20 330 M M 10 1 25 330
13 37 23 30 -2 35 0 0.00 M M 9.3 17 330 M M 7 21 320
14 38 20 29 -3 36 0 0.00 M M 5.3 13 330 M M 5 1 17 340
15 30 23 27 -4 38 0 0.00 M M 8.2 15 80 M M 4 21 70
16 32 23 28 -3 37 0 0.00 M M 5.9 10 250 M M 10 8 15 250
17 50 22 36 5 29 0 0.00 M M 7.3 12 230 M M 1 1 16 270
18 55 32 44 13 21 0 0.00 M M 16.2 35 200 M M 1 49 190
19 42 23 33 2 32 0 0.00 M M 6.6 15 330 M M 2 18 19 320
20 53 24 39 9 26 0 0.00 M M 9.2 17 210 M M 0 23 210
21 59 31 45 15 20 0 0.00 M M 9.1 18 210 M M 0 25 230
22 65 28 47 17 18 0 0.00 M M 14.6 29 170 M M 0 43 170
23 58 23 41 11 24 0 T M M 22.6 33 300 M M 5 50 260
24 27 12 20 -10 45 0 0.00 M M 13.8 29 310 M M 1 37 300
25 38 6 22 -8 43 0 0.00 M M 7.8 17 200 M M 0 20 200
26 60 20 40 10 25 0 0.00 M M 7.7 20 180 M M 0 28 180
27 54 33 44 14 21 0 0.00 M M 12.3 24 320 M M 3 32 340
28 36 23 30 1 35 0 0.00 M M 5.2 17 330 M M 3 21 350
29 39 30 35 6 30 0 1.13 M M 12.6 24 130 M M 10 1 34 140
30 38 22 30 1 35 0 0.01 M M 9.6 18 330 M M 2 1 25 320
31 38 16 27 -2 38 0 0.00 M M 6.9 17 40 M M 0 18 24 40
================================================================================
SM 1480 775 878 0 1.17 M 275.7 M 86
================================================================================
AV 47.7 25.0 8.9 FASTST M M 3 MAX(MPH)
MISC ----> 35 200 50 260
================================================================================
NOTES:
# LAST OF SEVERAL OCCURRENCES
COLUMN 17 PEAK WIND IN M.P.H.
PRELIMINARY LOCAL CLIMATOLOGICAL DATA (WS FORM: F-6) , PAGE 2
STATION: NEW CENTURY AIR CENTER KS
MONTH: DECEMBER
YEAR: 2020
LATITUDE: 38 49 N
LONGITUDE: 94 54 W
[TEMPERATURE DATA] [PRECIPITATION DATA] SYMBOLS USED IN COLUMN 16
AVERAGE MONTHLY: 36.4 TOTAL FOR MONTH: 1.17 1 = FOG OR MIST
DPTR FM NORMAL: 4.6 DPTR FM NORMAL: -0.45 2 = FOG REDUCING VISIBILITY
HIGHEST: 68 ON 9 GRTST 24HR 1.14 ON 29-30 TO 1/4 MILE OR LESS
LOWEST: 6 ON 25 3 = THUNDER
SNOW, ICE PELLETS, HAIL 4 = ICE PELLETS
TOTAL MONTH: M 5 = HAIL
GRTST 24HR M ON M 6 = FREEZING RAIN OR DRIZZLE
GRTST DEPTH: M ON M 7 = DUSTSTORM OR SANDSTORM:
VSBY 1/2 MILE OR LESS
8 = SMOKE OR HAZE
[NO. OF DAYS WITH] [WEATHER - DAYS WITH] 9 = BLOWING SNOW
X = TORNADO
MAX 32 OR BELOW: 3 0.01 INCH OR MORE: 4
MAX 90 OR ABOVE: 0 0.10 INCH OR MORE: 1
MIN 32 OR BELOW: 28 0.50 INCH OR MORE: 1
MIN 0 OR BELOW: 0 1.00 INCH OR MORE: 1
[HDD (BASE 65) ]
TOTAL THIS MO. 878 CLEAR (SCALE 0-3) 20
DPTR FM NORMAL -152 PTCLDY (SCALE 4-7) 7
TOTAL FM JUL 1 1829 CLOUDY (SCALE 8-10) 4
DPTR FM NORMAL -200
[CDD (BASE 65) ]
TOTAL THIS MO. 0
DPTR FM NORMAL 0 [PRESSURE DATA]
TOTAL FM JAN 1 1402 HIGHEST SLP 30.49 ON 28
DPTR FM NORMAL 50 LOWEST SLP 29.44 ON 23
[REMARKS]
#FINAL-12-20#