000
CXUS55 KRIW 011110
CF6JAC
PRELIMINARY LOCAL CLIMATOLOGICAL DATA (WS FORM: F-6)
STATION: JACKSON WY
MONTH: JANUARY
YEAR: 2022
LATITUDE: 43 35 N
LONGITUDE: 110 44 W
TEMPERATURE IN F: :PCPN: SNOW: WIND :SUNSHINE: SKY :PK WND
================================================================================
1 2 3 4 5 6A 6B 7 8 9 10 11 12 13 14 15 16 17 18
12Z AVG MX 2MIN
DY MAX MIN AVG DEP HDD CDD WTR SNW DPTH SPD SPD DIR MIN PSBL S-S WX SPD DR
================================================================================
1 15 -16 0 -13 65 0 T M M 5.4 9 20 M M 4 M M
2 19 -10 5 -8 60 0 0.00 M M 4.0 10 20 M M 5 M M
3 32 -4 14 1 51 0 T M M 8.1 15 220 M M 2 33 210
4 28 21 25 12 40 0 T M M 16.5 31 200 M M 10 1 38 250
5 31 18 25 12 40 0 0.19 M M 6.8 17 220 M M 10 12 25 220
6 36 18 27 14 38 0 0.46 M M 11.5 31 180 M M 10 1 38 180
7 39 30 35 22 30 0 T M M 20.3 31 180 M M 7 18 45 240
8 31 6 19 6 46 0 T M M 14.9 23 200 M M 8 31 190
9 26 -7 10 -3 55 0 T M M 5.5 12 20 M M 1 M M
10 18 -13 3 -10 62 0 T M M 5.8 13 30 M M 1 1 M M
11 17 -15 1 -13 64 0 T M M 4.5 12 10 M M 1 M M
12 34 7 21 7 44 0 T M M 4.2 12 20 M M 4 1 M M
13 22 0 11 -3 54 0 0.00 M M 5.1 10 20 M M 1 M M
14 34 -1 17 3 48 0 T M M 4.6 9 10 M M 1 M M
15 22 -6 8 -6 57 0 T M M 3.9 9 20 M M 1 M M
16 27 0 14 0 51 0 T M M 6.0 10 20 M M 0 M M
17 28 -1 14 0 51 0 0.00 M M 3.6 10 20 M M 2 M M
18 31 -3 14 0 51 0 T M M 4.3 10 360 M M 3 M M
19 34 -1 17 3 48 0 T M M 3.4 12 10 M M 5 M M
20 24 -4 10 -4 55 0 0.19 M M 5.2 9 30 M M 9 1 M M
21 34 0 17 3 48 0 T M M 5.4 15 30 M M 5 1 M M
22 32 0 16 2 49 0 T M M 4.1 13 20 M M 5 1 M M
23 23 -5 9 -5 56 0 T M M 4.9 12 20 M M 2 12 M M
24 24 -7 9 -5 56 0 T M M 3.7 8 40 M M 4 1 M M
25 27 -6 11 -3 54 0 T M M 10.2 23 20 M M 2 1 M M
26 22 -12 5 -9 60 0 T M M 6.1 16 20 M M 0 M M
27 22 -14 4 -10 61 0 0.00 M M 5.9 10 30 M M 0 M M
28 19 -17 1 -13 64 0 0.00 M M 6.3 14 20 M M 0 M M
29 23 -17 3 -11 62 0 T M M 6.3 15 20 M M 0 M M
30 26 -16 5 -9 60 0 T M M 5.5 13 20 M M 0 M M
31 30 -10 10 -4 55 0 M M M 14.0 33 220 M M 7 18 52 250
================================================================================
SM 830 -85 1635 0 0.84 M 215.7 M 110
================================================================================
AV 26.8 -2.7 7.0 FASTST M M 4 MAX(MPH)
MISC ----> 33 220 52 250
================================================================================
NOTES:
# LAST OF SEVERAL OCCURRENCES
COLUMN 17 PEAK WIND IN M.P.H.
PRELIMINARY LOCAL CLIMATOLOGICAL DATA (WS FORM: F-6) , PAGE 2
STATION: JACKSON WY
MONTH: JANUARY
YEAR: 2022
LATITUDE: 43 35 N
LONGITUDE: 110 44 W
[TEMPERATURE DATA] [PRECIPITATION DATA] SYMBOLS USED IN COLUMN 16
AVERAGE MONTHLY: 12.0 TOTAL FOR MONTH: 0.84 1 = FOG OR MIST
DPTR FM NORMAL: -1.7 DPTR FM NORMAL: -1.74 2 = FOG REDUCING VISIBILITY
HIGHEST: 39 ON 7 GRTST 24HR 0.46 ON 6- 6 TO 1/4 MILE OR LESS
LOWEST: -17 ON 29,28 3 = THUNDER
SNOW, ICE PELLETS, HAIL 4 = ICE PELLETS
TOTAL MONTH: M 5 = HAIL
GRTST 24HR M ON M 6 = FREEZING RAIN OR DRIZZLE
GRTST DEPTH: M ON M 7 = DUSTSTORM OR SANDSTORM:
VSBY 1/2 MILE OR LESS
8 = SMOKE OR HAZE
[NO. OF DAYS WITH] [WEATHER - DAYS WITH] 9 = BLOWING SNOW
X = TORNADO
MAX 32 OR BELOW: 25 0.01 INCH OR MORE: 3
MAX 90 OR ABOVE: 0 0.10 INCH OR MORE: 3
MIN 32 OR BELOW: 31 0.50 INCH OR MORE: 0
MIN 0 OR BELOW: 25 1.00 INCH OR MORE: 0
[HDD (BASE 65) ]
TOTAL THIS MO. 1635 CLEAR (SCALE 0-3) 17
DPTR FM NORMAL 45 PTCLDY (SCALE 4-7) 10
TOTAL FM JUL 1 5093 CLOUDY (SCALE 8-10) 4
DPTR FM NORMAL -701
[CDD (BASE 65) ]
TOTAL THIS MO. 0
DPTR FM NORMAL 0 [PRESSURE DATA]
TOTAL FM JAN 1 0 HIGHEST SLP 31.19 ON 28
DPTR FM NORMAL 0 LOWEST SLP 30.18 ON 18
[REMARKS]
#FINAL-01-22#