000
CXUS54 KJAN 011019
CLMJAN
CLIMATE REPORT
NATIONAL WEATHER SERVICE JACKSON MS
519 AM CDT THU JUN 01 2023
...................................
...THE JACKSON CLIMATE SUMMARY FOR THE MONTH OF MAY 2023...
CLIMATE NORMAL PERIOD: 1991 TO 2020
CLIMATE RECORD PERIOD: 1896 TO 2023
WEATHER OBSERVED NORMAL DEPART LAST YEAR`S
VALUE DATE(S) VALUE FROM VALUE DATE(S)
NORMAL
................................................................
TEMPERATURE (F)
RECORD
HIGH 100 05/28/1911
LOW 36 05/04/2013
HIGHEST 93 05/14 92 1 93 05/12
05/15
05/21
LOWEST 46 05/02 47 -1 53 05/07
AVG. MAXIMUM 85.2 83.8 1.4 87.1
AVG. MINIMUM 62.8 62.1 0.7 64.5
MEAN 74.0 72.9 1.1 75.8
DAYS MAX >= 90 3 5.0 -2.0 11
DAYS MAX <= 32 0 0.0 0.0 0
DAYS MIN <= 32 0 0.0 0.0 0
DAYS MIN <= 0 0 0.0 0.0 0
PRECIPITATION (INCHES)
RECORD
MAXIMUM 12.23 1909
MINIMUM 0.16 1951
TOTALS 1.88 4.36 -2.48 5.81
DAILY AVG. 0.06 0.14 -0.08 0.19
DAYS >= .01 6 8.9 -2.9 10
DAYS >= .10 5 6.0 -1.0 6
DAYS >= .50 1 3.0 -2.0 4
DAYS >= 1.00 0 1.5 -1.5 2
GREATEST
24 HR. TOTAL 0.95 05/11 TO 05/11 2.46
SNOWFALL (INCHES)
RECORDS
TOTAL 0.0 MM
TOTALS 0.0 0.0 0.0 0.0
SINCE 7/1 T 0.6 -0.6 MM
DAYS >= TRACE 0
DAYS >= 1.0 0 0.0 0.0 0
GREATEST
24 HR TOTAL MM
DEGREE DAYS
HEATING TOTAL 5 12 -7 0
SINCE 7/1 1622 2221 -599 MM
COOLING TOTAL 290 258 32 343
SINCE 1/1 548 395 153 MM
................................................................
WIND (MPH)
AVERAGE WIND SPEED 5.0
HIGHEST WIND SPEED/DIRECTION 31/270 DATE 05/11
HIGHEST GUST SPEED/DIRECTION 48/270 DATE 05/11
SKY COVER
POSSIBLE SUNSHINE (PERCENT) MM
AVERAGE SKY COVER 0.40
NUMBER OF DAYS FAIR 13
NUMBER OF DAYS PC 17
NUMBER OF DAYS CLOUDY 1
AVERAGE RH (PERCENT) 70
WEATHER CONDITIONS. NUMBER OF DAYS WITH
THUNDERSTORM 10 MIXED PRECIP 0
HEAVY RAIN 4 RAIN 4
LIGHT RAIN 14 FREEZING RAIN 0
LT FREEZING RAIN 0 HAIL 0
HEAVY SNOW 0 SNOW 0
LIGHT SNOW 0 SLEET 0
FOG 17 FOG W/VIS <= 1/4 MILE 0
HAZE 2
- INDICATES NEGATIVE NUMBERS.
R INDICATES RECORD WAS SET OR TIED.
MM INDICATES DATA IS MISSING.
T INDICATES TRACE AMOUNT.
$$