000
CXUS54 KSJT 181000
CF6JCT
PRELIMINARY LOCAL CLIMATOLOGICAL DATA (WS FORM: F-6)
STATION: JUNCTION
MONTH: MARCH
YEAR: 2024
LATITUDE: 30 18 N
LONGITUDE: 99 28 W
TEMPERATURE IN F: :PCPN: SNOW: WIND :SUNSHINE: SKY :PK WND
================================================================================
1 2 3 4 5 6A 6B 7 8 9 10 11 12 13 14 15 16 17 18
12Z AVG MX 2MIN
DY MAX MIN AVG DEP HDD CDD WTR SNW DPTH SPD SPD DIR MIN PSBL S-S WX SPD DR
================================================================================
1 83 31 57 2 8 0 0.00 0.0 0 3.2 14 300 M M 0 18 20 270
2 88 39 64 8 1 0 0.00 0.0 0 5.2 15 180 M M 0 8 20 200
3 84 59 72 16 0 7 0.00 0.0 0 5.6 15 190 M M 2 20 180
4 83 58 71 15 0 6 0.00 0.0 0 4.9 14 200 M M 4 18 20 190
5 90 51 71 15 0 6 0.00 0.0 0 4.4 15 240 M M 3 128 23 280
6 89 44 67 10 0 2 0.00 0.0 0 6.8 21 170 M M 0 31 180
7 80 67 74 17 0 9 0.00 0.0 0 7.2 20 160 M M 4 8 27 160
8 78 48 63 6 2 0 0.67 0.0 0 10.7 23 10 M M 4 138 33 10
9 62 42 52 -5 13 0 0.00 0.0 0 10.0 20 10 M M 6 27 340
10 72 36 54 -4 11 0 0.00 0.0 0 2.6 10 80 M M 0 14 80
11 78 44 61 3 4 0 0.00 0.0 0 4.9 15 160 M M 2 22 160
12 76 59 68 10 0 3 M M M 6.7 16 170 M M 7 18 210
13 89 63 76 18 0 11 0.00 0.0 0 6.0 15 170 M M 5 20 190
14 88 69 79 20 0 14 0.00 0.0 0 5.6 13 140 M M 4 8 21 150
15 73 60 67 8 0 2 T 0.0 0 10.5 20 60 M M 8 138 30 310
16 66 58 62 3 3 0 0.04 0.0 0 5.0 14 20 M M 10 18 19 60
17 63 58 61 1 4 0 0.06 0.0 0 7.9 14 50 M M 10 138 18 30
================================================================================
SM 1342 886 46 60 0.77 0.0 107.2 M 69
================================================================================
AV 78.9 52.1 6.3 FASTST M M 4 MAX(MPH)
MISC ----> 23 10 33 10
================================================================================
NOTES:
# LAST OF SEVERAL OCCURRENCES
COLUMN 17 PEAK WIND IN M.P.H.
PRELIMINARY LOCAL CLIMATOLOGICAL DATA (WS FORM: F-6) , PAGE 2
STATION: JUNCTION
MONTH: MARCH
YEAR: 2024
LATITUDE: 30 18 N
LONGITUDE: 99 28 W
[TEMPERATURE DATA] [PRECIPITATION DATA] SYMBOLS USED IN COLUMN 16
AVERAGE MONTHLY: 65.5 TOTAL FOR MONTH: 0.77 1 = FOG OR MIST
DPTR FM NORMAL: 8.1 DPTR FM NORMAL: -0.28 2 = FOG REDUCING VISIBILITY
HIGHEST: 90 ON 5 GRTST 24HR 0.67 ON 8- 8 TO 1/4 MILE OR LESS
LOWEST: 31 ON 1 3 = THUNDER
SNOW, ICE PELLETS, HAIL 4 = ICE PELLETS
TOTAL MONTH: 0.0 INCH 5 = HAIL
GRTST 24HR 0.0 6 = FREEZING RAIN OR DRIZZLE
GRTST DEPTH: 0 7 = DUSTSTORM OR SANDSTORM:
VSBY 1/2 MILE OR LESS
8 = SMOKE OR HAZE
[NO. OF DAYS WITH] [WEATHER - DAYS WITH] 9 = BLOWING SNOW
X = TORNADO
MAX 32 OR BELOW: 0 0.01 INCH OR MORE: 3
MAX 90 OR ABOVE: 1 0.10 INCH OR MORE: 1
MIN 32 OR BELOW: 1 0.50 INCH OR MORE: 1
MIN 0 OR BELOW: 0 1.00 INCH OR MORE: 0
[HDD (BASE 65) ]
TOTAL THIS MO. 46 CLEAR (SCALE 0-3) 7
DPTR FM NORMAL -97 PTCLDY (SCALE 4-7) 8
TOTAL FM JUL 1 1557 CLOUDY (SCALE 8-10) 2
DPTR FM NORMAL -352
[CDD (BASE 65) ]
TOTAL THIS MO. 60
DPTR FM NORMAL 43 [PRESSURE DATA]
TOTAL FM JAN 1 91 HIGHEST SLP M ON M
DPTR FM NORMAL 64 LOWEST SLP 29.52 ON 7
[REMARKS]