000
CXUS54 KSJT 011000
CF6JCT
PRELIMINARY LOCAL CLIMATOLOGICAL DATA (WS FORM: F-6)
STATION: JUNCTION
MONTH: JUNE
YEAR: 2023
LATITUDE: 30 18 N
LONGITUDE: 99 28 W
TEMPERATURE IN F: :PCPN: SNOW: WIND :SUNSHINE: SKY :PK WND
================================================================================
1 2 3 4 5 6A 6B 7 8 9 10 11 12 13 14 15 16 17 18
12Z AVG MX 2MIN
DY MAX MIN AVG DEP HDD CDD WTR SNW DPTH SPD SPD DIR MIN PSBL S-S WX SPD DR
================================================================================
1 89 70 80 1 0 15 0.00 0.0 0 10.3 22 120 M M 5 33 140
2 87 69 78 -1 0 13 T 0.0 0 9.6 26 150 M M 5 3 39 160
3 91 67 79 -1 0 14 0.00 0.0 0 6.3 21 70 M M 2 30 70
4 87 66 77 -3 0 12 0.00 0.0 0 6.3 21 40 M M 3 3 28 30
5 89 61 75 -5 0 10 T 0.0 0 6.3 20 360 M M 2 3 32 10
6 88 60 74 -6 0 9 0.00 0.0 0 4.1 13 60 M M 2 17 50
7 90 64 77 -3 0 12 0.00 0.0 0 3.6 16 120 M M 1 3 26 120
8 95 66 81 1 0 16 0.00 0.0 M 6.5 16 20 M M 1 31 20
9 102 66 84 3 0 19 0.17 0.0 0 5.4 28 350 M M 1 3 37 350
10 100 69 85 4 0 20 0.00 M M 8.5 21 210 M M 0 32 200
11 99 73 86 5 0 21 0.00 0.0 0 8.2 18 180 M M 1 26 170
12 97 75 86 5 0 21 0.00 0.0 0 8.3 20 180 M M 3 8 27 190
13 95 76 86 5 0 21 0.00 0.0 0 5.9 18 160 M M 4 138 25 160
14 105 75 90 9 0 25 0.00 0.0 0 5.3 15 80 M M 4 18 21 80
15 106 74 90 9 0 25 0.00 M M 7.8 20 180 M M 0 18 27 170
16 111 69 90 9 0 25 0.72 0.0 0 7.8 40 170 M M 1 138 54 160
17 102 70 86 5 0 21 0.00 0.0 0 5.9 17 190 M M 0 18 25 200
18 105 78 92 10 0 27 0.00 M M 4.5 17 140 M M 0 3 25 140
19 107 72 90 8 0 25 T 0.0 0 3.1 32 50 M M 0 138 43 50
20 110 75 93 11 0 28 0.00 0.0 0 4.1 13 210 M M 0 3 25 250
21 111 69 90 8 0 25 T 0.0 0 4.7 33 30 M M 0 13 62 40
22 101 72 87 5 0 22 0.00 0.0 0 7.8 24 30 M M 0 3 39 40
23 101 73 87 5 0 22 0.00 0.0 0 9.3 18 20 M M 0 1 27 170
24 102 76 89 7 0 24 0.00 0.0 0 9.5 21 160 M M 0 30 160
25 104 78 91 9 0 26 0.00 M M 10.0 20 170 M M 0 28 160
26 106 78 92 10 0 27 0.00 0.0 0 8.6 18 160 M M 0 25 150
27 106 79 93 11 0 28 0.00 0.0 0 7.9 14 180 M M 0 8 24 170
28 103 76 90 8 0 25 0.00 0.0 0 9.5 18 170 M M 0 8 26 170
29 99 74 87 5 0 22 0.00 0.0 0 12.1 22 140 M M 0 8 31 140
30 96 76 86 4 0 21 0.00 M M 11.5 24 170 M M 2 33 160
================================================================================
SM 2984 2146 0 621 0.89 0.0 218.7 M 37
================================================================================
AV 99.5 71.5 7.3 FASTST M M 1 MAX(MPH)
MISC ----> 40 170 62 40
================================================================================
NOTES:
# LAST OF SEVERAL OCCURRENCES
COLUMN 17 PEAK WIND IN M.P.H.
PRELIMINARY LOCAL CLIMATOLOGICAL DATA (WS FORM: F-6) , PAGE 2
STATION: JUNCTION
MONTH: JUNE
YEAR: 2023
LATITUDE: 30 18 N
LONGITUDE: 99 28 W
[TEMPERATURE DATA] [PRECIPITATION DATA] SYMBOLS USED IN COLUMN 16
AVERAGE MONTHLY: 85.5 TOTAL FOR MONTH: 0.89 1 = FOG OR MIST
DPTR FM NORMAL: 4.4 DPTR FM NORMAL: -1.94 2 = FOG REDUCING VISIBILITY
HIGHEST: 111 ON 21,16 GRTST 24HR 0.72 ON 16-16 TO 1/4 MILE OR LESS
LOWEST: 60 ON 6 3 = THUNDER
SNOW, ICE PELLETS, HAIL 4 = ICE PELLETS
TOTAL MONTH: 0.0 INCH 5 = HAIL
GRTST 24HR 0.0 6 = FREEZING RAIN OR DRIZZLE
GRTST DEPTH: 0 7 = DUSTSTORM OR SANDSTORM:
VSBY 1/2 MILE OR LESS
8 = SMOKE OR HAZE
[NO. OF DAYS WITH] [WEATHER - DAYS WITH] 9 = BLOWING SNOW
X = TORNADO
MAX 32 OR BELOW: 0 0.01 INCH OR MORE: 2
MAX 90 OR ABOVE: 25 0.10 INCH OR MORE: 2
MIN 32 OR BELOW: 0 0.50 INCH OR MORE: 1
MIN 0 OR BELOW: 0 1.00 INCH OR MORE: 0
[HDD (BASE 65) ]
TOTAL THIS MO. 0 CLEAR (SCALE 0-3) 25
DPTR FM NORMAL 0 PTCLDY (SCALE 4-7) 5
TOTAL FM JUL 1 1740 CLOUDY (SCALE 8-10) 0
DPTR FM NORMAL -318
[CDD (BASE 65) ]
TOTAL THIS MO. 621
DPTR FM NORMAL 138 [PRESSURE DATA]
TOTAL FM JAN 1 1179 HIGHEST SLP 29.94 ON 6
DPTR FM NORMAL 206 LOWEST SLP 29.56 ON 15
[REMARKS]
#FINAL-06-23#