000
CXUS54 KSJT 011000
CF6JCT
PRELIMINARY LOCAL CLIMATOLOGICAL DATA (WS FORM: F-6)
STATION: JUNCTION
MONTH: MARCH
YEAR: 2023
LATITUDE: 30 18 N
LONGITUDE: 99 28 W
TEMPERATURE IN F: :PCPN: SNOW: WIND :SUNSHINE: SKY :PK WND
================================================================================
1 2 3 4 5 6A 6B 7 8 9 10 11 12 13 14 15 16 17 18
12Z AVG MX 2MIN
DY MAX MIN AVG DEP HDD CDD WTR SNW DPTH SPD SPD DIR MIN PSBL S-S WX SPD DR
================================================================================
1 87 M M M M M 0.00 0.0 0 4.6 9 180 M M 4 8 18 180
2 86 48 67 11 0 2 0.24 0.0 0 11.5 40 330 M M 6 138 64 340
3 74 39 57 1 8 0 0.00 0.0 0 5.3 17 320 M M 0 25 330
4 83 35 59 3 6 0 0.00 0.0 0 5.2 16 170 M M 0 8 27 160
5 84 45 65 9 0 0 0.00 0.0 0 7.5 22 220 M M 0 32 220
6 86 54 70 13 0 5 0.00 M M 4.5 15 200 M M 3 21 200
7 85 64 75 18 0 10 0.00 0.0 0 6.7 15 170 M M 5 18 22 150
8 73 56 65 8 0 0 0.00 0.0 0 7.9 16 50 M M 7 8 21 50
9 76 53 65 8 0 0 0.00 0.0 0 4.7 17 10 M M 8 8 23 10
10 73 52 63 5 2 0 0.00 0.0 0 6.1 16 40 M M 7 1 21 30
11 93 55 74 16 0 9 0.00 0.0 0 6.3 20 230 M M 2 18 30 260
12 80 55 68 10 0 3 0.00 0.0 0 9.1 21 60 M M 0 30 80
13 72 48 60 2 5 0 0.00 0.0 0 10.6 18 70 M M 0 24 70
14 63 48 56 -3 9 0 0.00 0.0 0 8.6 15 70 M M 8 20 90
15 69 51 60 1 5 0 0.00 0.0 0 12.0 23 190 M M 10 33 200
16 89 45 67 8 0 2 0.01 0.0 0 12.1 31 10 M M 6 44 10
17 57 39 48 -12 17 0 0.03 0.0 0 11.8 21 10 M M 5 29 30
18 51 42 47 -13 18 0 T 0.0 0 8.1 18 70 M M 8 24 60
19 62 36 49 -11 16 0 0.00 M M 5.0 17 170 M M 3 24 160
20 54 41 48 -12 17 0 0.00 0.0 0 10.2 23 170 M M 9 36 180
21 76 54 65 4 0 0 0.00 0.0 0 8.8 21 200 M M 6 32 180
22 89 66 78 17 0 13 0.00 0.0 0 11.5 22 170 M M 5 31 190
23 81 69 75 14 0 10 0.00 0.0 0 10.1 21 170 M M 7 30 180
24 82 56 69 7 0 4 0.06 0.0 0 8.0 23 260 M M 3 3 37 290
25 80 39 60 -2 5 0 0.00 0.0 0 3.2 20 330 M M 0 27 330
26 90 39 65 3 0 0 0.00 0.0 0 5.9 14 30 M M 1 25 310
27 83 58 71 9 0 6 0.00 0.0 0 10.7 39 330 M M 5 38 51 340
28 65 50 58 -5 7 0 T 0.0 0 12.6 25 40 M M 7 35 40
29 72 53 63 0 2 0 0.00 0.0 0 9.3 18 170 M M 10 26 160
30 75 60 68 5 0 3 0.01 M 0 12.1 26 170 M M 10 1 39 170
31 88 50 69 5 0 4 0.00 0.0 0 12.4 26 200 M M 3 39 190
================================================================================
SM 2378 1500 117 71 0.35 0.0 262.4 M 148
================================================================================
AV 76.7 50.0 8.5 FASTST M M 5 MAX(MPH)
MISC ----> 40 330 64 340
================================================================================
NOTES:
# LAST OF SEVERAL OCCURRENCES
COLUMN 17 PEAK WIND IN M.P.H.
PRELIMINARY LOCAL CLIMATOLOGICAL DATA (WS FORM: F-6) , PAGE 2
STATION: JUNCTION
MONTH: MARCH
YEAR: 2023
LATITUDE: 30 18 N
LONGITUDE: 99 28 W
[TEMPERATURE DATA] [PRECIPITATION DATA] SYMBOLS USED IN COLUMN 16
AVERAGE MONTHLY: 63.4 TOTAL FOR MONTH: 0.35 1 = FOG OR MIST
DPTR FM NORMAL: 4.0 DPTR FM NORMAL: -1.67 2 = FOG REDUCING VISIBILITY
HIGHEST: 93 ON 11 GRTST 24HR 0.24 ON 2- 2 TO 1/4 MILE OR LESS
LOWEST: 35 ON 4 3 = THUNDER
SNOW, ICE PELLETS, HAIL 4 = ICE PELLETS
TOTAL MONTH: 0.0 INCH 5 = HAIL
GRTST 24HR 0.0 6 = FREEZING RAIN OR DRIZZLE
GRTST DEPTH: 0 7 = DUSTSTORM OR SANDSTORM:
VSBY 1/2 MILE OR LESS
8 = SMOKE OR HAZE
[NO. OF DAYS WITH] [WEATHER - DAYS WITH] 9 = BLOWING SNOW
X = TORNADO
MAX 32 OR BELOW: 0 0.01 INCH OR MORE: 5
MAX 90 OR ABOVE: 2 0.10 INCH OR MORE: 1
MIN 32 OR BELOW: 0 0.50 INCH OR MORE: 0
MIN 0 OR BELOW: 0 1.00 INCH OR MORE: 0
[HDD (BASE 65) ]
TOTAL THIS MO. 117 CLEAR (SCALE 0-3) 10
DPTR FM NORMAL -99 PTCLDY (SCALE 4-7) 16
TOTAL FM JUL 1 1695 CLOUDY (SCALE 8-10) 5
DPTR FM NORMAL -287
[CDD (BASE 65) ]
TOTAL THIS MO. 71
DPTR FM NORMAL 30 [PRESSURE DATA]
TOTAL FM JAN 1 87 HIGHEST SLP 30.49 ON 19
DPTR FM NORMAL 36 LOWEST SLP 29.21 ON 2
[REMARKS]
#FINAL-03-23#