000
CXUS54 KSJT 011100
CF6JCT
PRELIMINARY LOCAL CLIMATOLOGICAL DATA (WS FORM: F-6)
STATION: JUNCTION
MONTH: JANUARY
YEAR: 2023
LATITUDE: 30 18 N
LONGITUDE: 99 28 W
TEMPERATURE IN F: :PCPN: SNOW: WIND :SUNSHINE: SKY :PK WND
================================================================================
1 2 3 4 5 6A 6B 7 8 9 10 11 12 13 14 15 16 17 18
12Z AVG MX 2MIN
DY MAX MIN AVG DEP HDD CDD WTR SNW DPTH SPD SPD DIR MIN PSBL S-S WX SPD DR
================================================================================
1 82 46 64 17 1 0 0.00 0.0 0 3.3 13 190 M M 0 17 190
2 80 55 68 21 0 3 0.00 0.0 0 6.7 21 330 M M 3 18 32 330
3 70 39 55 8 10 0 0.00 0.0 0 4.3 20 300 M M 0 27 300
4 72 37 55 8 10 0 0.00 0.0 0 6.6 20 260 M M 0 31 280
5 74 29 52 5 13 0 0.00 0.0 0 3.1 8 310 M M 0 8 14 260
6 77 36 57 10 8 0 0.00 0.0 0 7.0 24 200 M M 1 37 200
7 72 47 60 13 5 0 0.00 0.0 0 4.3 15 30 M M 6 18 21 10
8 68 38 53 6 12 0 0.00 0.0 0 4.2 13 120 M M 1 17 10
9 77 36 57 10 8 0 0.00 0.0 0 4.3 16 210 M M 0 22 210
10 84 38 61 14 4 0 0.00 0.0 0 4.9 17 250 M M 0 25 240
11 86 43 65 18 0 0 0.00 0.0 0 7.1 22 210 M M 0 32 230
12 62 33 48 1 17 0 0.00 0.0 0 10.7 22 350 M M 0 30 360
13 66 25 46 -1 19 0 0.00 0.0 0 2.5 8 80 M M 0 8 14 70
14 66 26 46 -1 19 0 0.00 0.0 0 6.8 21 200 M M 0 30 210
15 68 37 53 6 12 0 0.00 0.0 0 6.1 20 190 M M 0 30 190
16 76 41 59 11 6 0 0.00 0.0 0 3.8 13 290 M M 0 1 17 300
17 81 37 59 11 6 0 0.00 0.0 0 5.2 18 190 M M 0 26 170
18 70 47 59 11 6 0 0.00 0.0 0 9.2 24 290 M M 3 39 280
19 68 35 52 4 13 0 0.00 0.0 0 5.0 16 290 M M 0 28 290
20 68 36 52 4 13 0 0.00 0.0 0 7.3 22 140 M M 8 31 150
21 70 36 53 5 12 0 0.00 0.0 0 6.6 18 310 M M 4 27 300
22 61 26 44 -4 21 0 0.00 0.0 0 4.5 16 310 M M 0 8 22 340
23 57 24 41 -7 24 0 0.00 0.0 0 9.7 23 110 M M 5 8 32 110
24 56 35 46 -3 19 0 0.23 0.0 0 9.3 28 290 M M 8 1 46 260
25 55 30 43 -6 22 0 0.00 0.0 0 7.3 20 330 M M 0 1 30 340
26 55 24 40 -9 25 0 0.00 M M 3.3 12 60 M M 0 17 60
27 60 24 42 -7 23 0 0.00 M M 5.9 17 190 M M 0 27 250
28 62 43 53 4 12 0 0.00 0.0 0 4.6 15 180 M M 6 23 170
29 73 37 55 6 10 0 T 0.0 0 6.5 17 70 M M 5 1 23 70
30 37 27 32 -18 33 0 0.02 0.0 0 9.6 16 30 M M 10 16 21 20
31 29 26 28 -22 37 0 T 0.0 0 8.9 16 360 M M 10 1 22 10
================================================================================
SM 2082 1093 420 3 0.25 0.0 188.6 M 70
================================================================================
AV 67.2 35.3 6.1 FASTST M M 2 MAX(MPH)
MISC ----> 28 290 46 260
================================================================================
NOTES:
# LAST OF SEVERAL OCCURRENCES
COLUMN 17 PEAK WIND IN M.P.H.
PRELIMINARY LOCAL CLIMATOLOGICAL DATA (WS FORM: F-6) , PAGE 2
STATION: JUNCTION
MONTH: JANUARY
YEAR: 2023
LATITUDE: 30 18 N
LONGITUDE: 99 28 W
[TEMPERATURE DATA] [PRECIPITATION DATA] SYMBOLS USED IN COLUMN 16
AVERAGE MONTHLY: 51.2 TOTAL FOR MONTH: 0.25 1 = FOG OR MIST
DPTR FM NORMAL: 3.4 DPTR FM NORMAL: -0.64 2 = FOG REDUCING VISIBILITY
HIGHEST: 86 ON 11 GRTST 24HR 0.73 ON 24-24 TO 1/4 MILE OR LESS
LOWEST: 24 ON 27,26 3 = THUNDER
SNOW, ICE PELLETS, HAIL 4 = ICE PELLETS
TOTAL MONTH: 0.0 INCH 5 = HAIL
GRTST 24HR 0.0 6 = FREEZING RAIN OR DRIZZLE
GRTST DEPTH: 0 7 = DUSTSTORM OR SANDSTORM:
VSBY 1/2 MILE OR LESS
8 = SMOKE OR HAZE
[NO. OF DAYS WITH] [WEATHER - DAYS WITH] 9 = BLOWING SNOW
X = TORNADO
MAX 32 OR BELOW: 1 0.01 INCH OR MORE: 2
MAX 90 OR ABOVE: 0 0.10 INCH OR MORE: 1
MIN 32 OR BELOW: 10 0.50 INCH OR MORE: 0
MIN 0 OR BELOW: 0 1.00 INCH OR MORE: 0
[HDD (BASE 65) ]
TOTAL THIS MO. 420 CLEAR (SCALE 0-3) 22
DPTR FM NORMAL -115 PTCLDY (SCALE 4-7) 7
TOTAL FM JUL 1 1218 CLOUDY (SCALE 8-10) 2
DPTR FM NORMAL -185
[CDD (BASE 65) ]
TOTAL THIS MO. 3
DPTR FM NORMAL 1 [PRESSURE DATA]
TOTAL FM JAN 1 3 HIGHEST SLP 30.47 ON 13
DPTR FM NORMAL 1 LOWEST SLP 29.58 ON 17
[REMARKS]
#FINAL-01-23#