000
CXUS54 KSJT 011100
CF6JCT
PRELIMINARY LOCAL CLIMATOLOGICAL DATA (WS FORM: F-6)
STATION: JUNCTION
MONTH: DECEMBER
YEAR: 2022
LATITUDE: 30 18 N
LONGITUDE: 99 28 W
TEMPERATURE IN F: :PCPN: SNOW: WIND :SUNSHINE: SKY :PK WND
================================================================================
1 2 3 4 5 6A 6B 7 8 9 10 11 12 13 14 15 16 17 18
12Z AVG MX 2MIN
DY MAX MIN AVG DEP HDD CDD WTR SNW DPTH SPD SPD DIR MIN PSBL S-S WX SPD DR
================================================================================
1 57 34 46 -6 19 0 0.00 0.0 0 4.3 12 170 M M 10 15 180
2 75 54 65 14 0 0 0.00 0.0 0 5.6 14 200 M M 6 1 19 190
3 64 50 57 6 8 0 0.00 M M 6.7 17 20 M M 5 18 24 360
4 62 49 56 5 9 0 0.00 M M 4.0 10 30 M M 10 1 14 20
5 78 62 70 20 0 5 0.00 M M 8.3 17 200 M M 6 29 200
6 71 63 67 17 0 2 0.00 M M 4.0 12 220 M M 6 17 210
7 78 59 69 19 0 4 0.00 M M 5.3 20 170 M M 7 18 25 160
8 77 60 69 19 0 4 0.00 M M 3.6 15 190 M M 9 1 21 170
9 77 59 68 18 0 3 0.00 M M 4.3 16 170 M M 5 18 26 150
10 70 60 65 16 0 0 0.09 0.0 0 4.0 12 160 M M 9 1 17 160
11 69 58 64 15 1 0 T 0.0 0 7.4 13 70 M M 9 17 40
12 71 58 65 16 0 0 0.00 M M 9.8 24 170 M M 8 1 35 160
13 70 45 58 9 7 0 0.00 M M 7.4 17 170 M M 4 25 180
14 61 33 47 -2 18 0 0.00 M M 7.5 23 270 M M 4 8 38 310
15 65 26 46 -2 19 0 0.00 0.0 0 4.9 17 200 M M 0 1 25 220
16 54 30 42 -6 23 0 0.00 0.0 0 5.8 14 360 M M 0 19 10
17 58 30 44 -4 21 0 0.00 0.0 0 2.2 9 30 M M 3 12 30
18 55 25 40 -8 25 0 0.00 0.0 0 6.1 17 150 M M 6 23 140
19 70 45 58 10 7 0 0.00 M M 3.4 15 70 M M 6 1 19 10
20 56 40 48 0 17 0 0.00 0.0 0 5.7 14 350 M M 4 12 19 360
21 54 31 43 -5 22 0 0.00 0.0 0 5.5 14 230 M M 5 1 21 210
22 54 15 35 -12 30 0 0.00 M M 13.2 29 350 M M 7 8 42 350
23 31 12 22 -25 43 0 0.00 0.0 0 8.3 20 10 M M 0 29 30
24 43 11 27 -20 38 0 0.00 0.0 0 1.8 7 180 M M 0 11 210
25 54 17 36 -11 29 0 0.00 0.0 0 3.8 13 210 M M 0 18 200
26 63 24 44 -3 21 0 0.00 0.0 0 5.4 17 20 M M 0 8 24 20
27 63 24 44 -3 21 0 0.00 0.0 0 5.3 16 210 M M 0 25 220
28 77 46 62 15 3 0 0.00 0.0 0 5.0 15 190 M M 0 21 230
29 65 43 54 7 11 0 0.00 0.0 0 3.6 13 300 M M 4 1 18 300
30 58 40 49 2 16 0 0.05 0.0 0 1.5 8 90 M M 8 128 10 90
31 76 35 56 9 9 0 0.00 0.0 0 6.2 22 220 M M 2 12 34 240
================================================================================
SM 1976 1238 417 18 0.14 0.0 169.9 M 143
================================================================================
AV 63.7 39.9 5.5 FASTST M M 5 MAX(MPH)
MISC ----> 29 350 42 350
================================================================================
NOTES:
# LAST OF SEVERAL OCCURRENCES
COLUMN 17 PEAK WIND IN M.P.H.
PRELIMINARY LOCAL CLIMATOLOGICAL DATA (WS FORM: F-6) , PAGE 2
STATION: JUNCTION
MONTH: DECEMBER
YEAR: 2022
LATITUDE: 30 18 N
LONGITUDE: 99 28 W
[TEMPERATURE DATA] [PRECIPITATION DATA] SYMBOLS USED IN COLUMN 16
AVERAGE MONTHLY: 51.8 TOTAL FOR MONTH: 0.14 1 = FOG OR MIST
DPTR FM NORMAL: 3.2 DPTR FM NORMAL: -0.89 2 = FOG REDUCING VISIBILITY
HIGHEST: 78 ON 7, 5 GRTST 24HR 0.09 ON 10-10 TO 1/4 MILE OR LESS
LOWEST: 11 ON 24 3 = THUNDER
SNOW, ICE PELLETS, HAIL 4 = ICE PELLETS
TOTAL MONTH: 0.0 INCH 5 = HAIL
GRTST 24HR 0.0 6 = FREEZING RAIN OR DRIZZLE
GRTST DEPTH: 0 7 = DUSTSTORM OR SANDSTORM:
VSBY 1/2 MILE OR LESS
8 = SMOKE OR HAZE
[NO. OF DAYS WITH] [WEATHER - DAYS WITH] 9 = BLOWING SNOW
X = TORNADO
MAX 32 OR BELOW: 1 0.01 INCH OR MORE: 2
MAX 90 OR ABOVE: 0 0.10 INCH OR MORE: 0
MIN 32 OR BELOW: 11 0.50 INCH OR MORE: 0
MIN 0 OR BELOW: 0 1.00 INCH OR MORE: 0
[HDD (BASE 65) ]
TOTAL THIS MO. 417 CLEAR (SCALE 0-3) 10
DPTR FM NORMAL -93 PTCLDY (SCALE 4-7) 15
TOTAL FM JUL 1 798 CLOUDY (SCALE 8-10) 6
DPTR FM NORMAL -70
[CDD (BASE 65) ]
TOTAL THIS MO. 18
DPTR FM NORMAL 16 [PRESSURE DATA]
TOTAL FM JAN 1 3441 HIGHEST SLP 30.74 ON 23
DPTR FM NORMAL 821 LOWEST SLP 29.59 ON 13
[REMARKS]
#FINAL-12-22#