000
CXUS54 KSJT 011100
CF6JCT
PRELIMINARY LOCAL CLIMATOLOGICAL DATA (WS FORM: F-6)
STATION: JUNCTION
MONTH: FEBRUARY
YEAR: 2024
LATITUDE: 30 18 N
LONGITUDE: 99 28 W
TEMPERATURE IN F: :PCPN: SNOW: WIND :SUNSHINE: SKY :PK WND
================================================================================
1 2 3 4 5 6A 6B 7 8 9 10 11 12 13 14 15 16 17 18
12Z AVG MX 2MIN
DY MAX MIN AVG DEP HDD CDD WTR SNW DPTH SPD SPD DIR MIN PSBL S-S WX SPD DR
================================================================================
1 74 42 58 8 7 0 0.00 0.0 0 5.6 16 170 M M 3 8 23 170
2 75 52 64 14 1 0 0.05 0.0 0 7.2 32 320 M M 5 1 46 320
3 68 41 55 5 10 0 0.00 0.0 0 8.6 26 260 M M 4 8 44 250
4 67 51 59 9 6 0 0.00 0.0 0 14.8 28 310 M M 1 40 310
5 63 40 52 2 13 0 0.00 0.0 0 8.9 22 360 M M 5 32 350
6 69 30 50 -1 15 0 0.00 0.0 0 4.3 13 170 M M 0 17 180
7 73 45 59 8 6 0 0.00 0.0 0 10.0 21 160 M M 1 31 160
8 70 M M M M M 0.00 0.0 0 2.5 13 300 M M 2 8 19 300
9 75 51 63 12 2 0 0.00 0.0 0 5.2 13 290 M M 1 20 260
10 73 54 64 13 1 0 0.66 0.0 0 6.1 15 300 M M 7 13 23 280
11 66 44 55 3 10 0 0.26 0.0 0 11.1 21 320 M M 9 138 28 350
12 62 37 50 -2 15 0 0.00 0.0 0 7.7 20 300 M M 3 31 300
13 72 30 51 -1 14 0 0.00 0.0 0 5.3 17 210 M M 0 25 220
14 68 44 56 4 9 0 0.00 0.0 0 5.9 17 200 M M 6 8 26 210
15 73 50 62 10 3 0 0.00 0.0 0 4.9 13 190 M M 3 1 19 180
16 76 50 63 11 2 0 0.00 0.0 0 10.1 23 20 M M 0 29 20
17 50 35 43 -10 22 0 0.00 M M 12.7 22 30 M M 4 28 40
18 60 26 43 -10 22 0 0.00 0.0 0 2.3 7 90 M M 0 11 320
19 81 32 57 4 8 0 0.00 0.0 0 4.3 14 210 M M 0 8 23 270
20 87 38 63 10 2 0 0.00 0.0 0 5.4 17 180 M M 0 8 28 170
21 89 46 68 14 0 3 0.00 0.0 0 6.7 21 170 M M 0 30 160
22 86 55 71 17 0 6 0.00 0.0 0 8.3 21 300 M M 1 18 33 280
23 77 44 61 7 4 0 0.00 0.0 0 4.5 15 70 M M 0 8 24 80
24 80 39 60 6 5 0 0.00 M M 5.1 18 200 M M 0 28 160
25 91 46 69 15 0 4 0.00 0.0 0 6.3 16 260 M M 0 26 250
26 96 48 72 17 0 7 0.00 0.0 0 5.5 16 210 M M 0 8 22 210
27 91 60 76 21 0 11 0.00 M M 3.8 10 260 M M 0 8 15 260
28 78 42 60 5 5 0 0.02 0.0 0 10.5 30 10 M M 6 8 39 10
29 55 35 45 -10 20 0 0.02 0.0 0 4.9 12 90 M M 6 16 80
================================================================================
SM 2145 1207 202 31 1.01 0.0 198.5 M 67
================================================================================
AV 74.0 43.1 6.8 FASTST M M 2 MAX(MPH)
MISC ----> 32 320 46 320
================================================================================
NOTES:
# LAST OF SEVERAL OCCURRENCES
COLUMN 17 PEAK WIND IN M.P.H.
PRELIMINARY LOCAL CLIMATOLOGICAL DATA (WS FORM: F-6) , PAGE 2
STATION: JUNCTION
MONTH: FEBRUARY
YEAR: 2024
LATITUDE: 30 18 N
LONGITUDE: 99 28 W
[TEMPERATURE DATA] [PRECIPITATION DATA] SYMBOLS USED IN COLUMN 16
AVERAGE MONTHLY: 58.5 TOTAL FOR MONTH: 1.01 1 = FOG OR MIST
DPTR FM NORMAL: 6.2 DPTR FM NORMAL: -0.11 2 = FOG REDUCING VISIBILITY
HIGHEST: 96 ON 26 GRTST 24HR 0.79 ON 10-11 TO 1/4 MILE OR LESS
LOWEST: 26 ON 18 3 = THUNDER
SNOW, ICE PELLETS, HAIL 4 = ICE PELLETS
TOTAL MONTH: 0.0 INCH 5 = HAIL
GRTST 24HR 0.0 6 = FREEZING RAIN OR DRIZZLE
GRTST DEPTH: 0 7 = DUSTSTORM OR SANDSTORM:
VSBY 1/2 MILE OR LESS
8 = SMOKE OR HAZE
[NO. OF DAYS WITH] [WEATHER - DAYS WITH] 9 = BLOWING SNOW
X = TORNADO
MAX 32 OR BELOW: 0 0.01 INCH OR MORE: 5
MAX 90 OR ABOVE: 3 0.10 INCH OR MORE: 2
MIN 32 OR BELOW: 4 0.50 INCH OR MORE: 1
MIN 0 OR BELOW: 0 1.00 INCH OR MORE: 0
[HDD (BASE 65) ]
TOTAL THIS MO. 202 CLEAR (SCALE 0-3) 19
DPTR FM NORMAL -161 PTCLDY (SCALE 4-7) 9
TOTAL FM JUL 1 1511 CLOUDY (SCALE 8-10) 1
DPTR FM NORMAL -275
[CDD (BASE 65) ]
TOTAL THIS MO. 31
DPTR FM NORMAL 23 [PRESSURE DATA]
TOTAL FM JAN 1 31 HIGHEST SLP 30.37 ON 28
DPTR FM NORMAL 21 LOWEST SLP 29.51 ON 3
[REMARKS]
#FINAL-02-24#