000
CXUS54 KSJT 011000
CF6JCT
PRELIMINARY LOCAL CLIMATOLOGICAL DATA (WS FORM: F-6)
STATION: JUNCTION
MONTH: JUNE
YEAR: 2022
LATITUDE: 30 18 N
LONGITUDE: 99 28 W
TEMPERATURE IN F: :PCPN: SNOW: WIND :SUNSHINE: SKY :PK WND
================================================================================
1 2 3 4 5 6A 6B 7 8 9 10 11 12 13 14 15 16 17 18
12Z AVG MX 2MIN
DY MAX MIN AVG DEP HDD CDD WTR SNW DPTH SPD SPD DIR MIN PSBL S-S WX SPD DR
================================================================================
1 97 75 86 7 0 21 0.00 0.0 0 12.3 21 140 M M 5 30 170
2 91 70 81 2 0 16 0.08 0.0 0 6.4 15 210 M M 5 3 21 90
3 91 65 78 -2 0 13 0.02 0.0 0 7.2 31 350 M M 3 41 350
4 98 66 82 2 0 17 0.09 0.0 0 6.6 30 130 M M 2 3 39 140
5 102 73 88 8 0 23 0.00 0.0 0 8.8 21 200 M M 0 31 200
6 107 73 90 10 0 25 0.00 0.0 0 10.7 22 170 M M 0 33 180
7 105 74 90 10 0 25 0.00 0.0 0 10.0 20 170 M M 0 28 170
8 105 72 89 9 0 24 0.00 0.0 0 9.4 25 50 M M 0 33 50
9 98 73 86 5 0 21 0.00 0.0 0 6.3 16 170 M M 0 24 140
10 102 75 89 8 0 24 0.00 0.0 0 5.9 16 160 M M 0 22 120
11 106 78 92 11 0 27 0.00 0.0 0 7.9 17 170 M M 0 25 170
12 105 80 93 12 0 28 0.00 0.0 0 10.9 23 160 M M 0 33 150
13 100 76 88 7 0 23 0.00 0.0 0 14.3 26 160 M M 0 40 150
14 99 76 88 7 0 23 0.00 0.0 0 16.8 29 170 M M 1 41 190
15 97 77 87 6 0 22 0.00 0.0 0 14.4 24 150 M M 2 35 160
16 100 74 87 6 0 22 0.00 0.0 0 11.3 22 160 M M 0 29 160
17 100 71 86 5 0 21 0.00 0.0 0 6.9 22 120 M M 0 27 110
18 99 74 87 5 0 22 0.00 0.0 0 8.9 18 140 M M 0 31 160
19 99 74 87 5 0 22 0.00 0.0 0 9.7 22 140 M M 1 30 140
20 100 72 86 4 0 21 0.00 0.0 0 8.8 21 170 M M 0 31 190
21 100 74 87 5 0 22 0.00 0.0 0 7.5 18 120 M M 1 25 180
22 98 74 86 4 0 21 0.00 0.0 0 6.7 18 120 M M 1 26 130
23 101 71 86 4 0 21 0.00 0.0 0 6.6 16 160 M M 1 23 120
24 102 76 89 7 0 24 0.00 0.0 0 8.2 18 170 M M 0 27 170
25 101 76 89 7 0 24 0.00 0.0 0 8.0 18 150 M M 0 27 180
26 101 72 87 5 0 22 0.00 0.0 0 6.2 18 90 M M 0 29 90
27 97 72 85 3 0 20 0.15 0.0 0 8.2 23 140 M M 3 3 29 140
28 95 70 83 1 0 18 0.00 0.0 0 7.1 22 110 M M 2 30 80
29 96 67 82 0 0 17 0.00 0.0 0 4.9 17 130 M M 1 24 110
30 99 71 85 3 0 20 0.00 0.0 0 5.4 17 110 M M 2 22 110
================================================================================
SM 2991 2191 0 649 0.34 0.0 262.3 M 30
================================================================================
AV 99.7 73.0 8.7 FASTST M M 1 MAX(MPH)
MISC ----> 31 350 # 41 350
================================================================================
NOTES:
# LAST OF SEVERAL OCCURRENCES
COLUMN 17 PEAK WIND IN M.P.H.
PRELIMINARY LOCAL CLIMATOLOGICAL DATA (WS FORM: F-6) , PAGE 2
STATION: JUNCTION
MONTH: JUNE
YEAR: 2022
LATITUDE: 30 18 N
LONGITUDE: 99 28 W
[TEMPERATURE DATA] [PRECIPITATION DATA] SYMBOLS USED IN COLUMN 16
AVERAGE MONTHLY: 86.4 TOTAL FOR MONTH: 0.34 1 = FOG OR MIST
DPTR FM NORMAL: 5.3 DPTR FM NORMAL: -2.49 2 = FOG REDUCING VISIBILITY
HIGHEST: 107 ON 6 GRTST 24HR 0.15 ON 27-27 TO 1/4 MILE OR LESS
LOWEST: 65 ON 3 3 = THUNDER
SNOW, ICE PELLETS, HAIL 4 = ICE PELLETS
TOTAL MONTH: 0.0 INCH 5 = HAIL
GRTST 24HR 0.0 6 = FREEZING RAIN OR DRIZZLE
GRTST DEPTH: 0 7 = DUSTSTORM OR SANDSTORM:
VSBY 1/2 MILE OR LESS
8 = SMOKE OR HAZE
[NO. OF DAYS WITH] [WEATHER - DAYS WITH] 9 = BLOWING SNOW
X = TORNADO
MAX 32 OR BELOW: 0 0.01 INCH OR MORE: 4
MAX 90 OR ABOVE: 30 0.10 INCH OR MORE: 1
MIN 32 OR BELOW: 0 0.50 INCH OR MORE: 0
MIN 0 OR BELOW: 0 1.00 INCH OR MORE: 0
[HDD (BASE 65) ]
TOTAL THIS MO. 0 CLEAR (SCALE 0-3) 27
DPTR FM NORMAL 0 PTCLDY (SCALE 4-7) 3
TOTAL FM JUL 1 1800 CLOUDY (SCALE 8-10) 0
DPTR FM NORMAL -258
[CDD (BASE 65) ]
TOTAL THIS MO. 649
DPTR FM NORMAL 166 [PRESSURE DATA]
TOTAL FM JAN 1 1498 HIGHEST SLP 30.14 ON 28
DPTR FM NORMAL 525 LOWEST SLP 29.50 ON 6
[REMARKS]
#FINAL-06-22#