000
CXUS54 KSJT 011000
CF6JCT
PRELIMINARY LOCAL CLIMATOLOGICAL DATA (WS FORM: F-6)
STATION: JUNCTION
MONTH: MAY
YEAR: 2022
LATITUDE: 30 18 N
LONGITUDE: 99 28 W
TEMPERATURE IN F: :PCPN: SNOW: WIND :SUNSHINE: SKY :PK WND
================================================================================
1 2 3 4 5 6A 6B 7 8 9 10 11 12 13 14 15 16 17 18
12Z AVG MX 2MIN
DY MAX MIN AVG DEP HDD CDD WTR SNW DPTH SPD SPD DIR MIN PSBL S-S WX SPD DR
================================================================================
1 87 71 79 9 0 14 T 0.0 0 12.1 20 130 M M 7 8 27 130
2 87 70 79 8 0 14 T 0.0 0 10.5 20 170 M M 5 8 28 170
3 83 72 78 7 0 13 0.00 0.0 0 8.1 16 150 M M 9 18 20 130
4 88 73 81 10 0 16 0.01 0.0 0 10.6 29 140 M M 8 18 40 140
5 94 67 81 9 0 16 0.04 0.0 0 8.1 18 310 M M 5 138 28 310
6 101 53 77 5 0 12 0.00 0.0 0 5.9 17 180 M M 0 26 180
7 106 74 90 18 0 25 0.00 0.0 0 8.6 21 170 M M 0 8 31 230
8 101 73 87 15 0 22 0.00 0.0 0 10.1 24 170 M M 0 8 34 160
9 98 76 87 14 0 22 0.00 0.0 0 11.0 21 160 M M 4 8 30 160
10 96 68 82 9 0 17 0.07 0.0 0 13.1 30 230 M M 4 38 47 240
11 95 72 84 11 0 19 0.00 0.0 0 11.5 25 140 M M 2 34 130
12 97 68 83 9 0 18 0.00 0.0 0 11.0 22 180 M M 1 30 140
13 99 71 85 11 0 20 0.00 0.0 0 8.4 23 190 M M 1 33 200
14 101 70 86 12 0 21 0.10 0.0 0 6.2 31 170 M M 1 3 40 160
15 104 71 88 14 0 23 0.00 0.0 0 8.1 16 200 M M 0 23 210
16 101 67 84 9 0 19 0.00 0.0 0 8.1 17 160 M M 0 25 170
17 102 70 86 11 0 21 0.00 0.0 0 11.6 24 160 M M 0 33 190
18 102 74 88 13 0 23 0.00 0.0 0 9.9 20 180 M M 0 35 160
19 103 71 87 11 0 22 0.00 0.0 0 10.5 21 170 M M 0 30 160
20 98 75 87 11 0 22 0.00 0.0 0 10.6 23 160 M M 3 32 160
21 101 69 85 9 0 20 0.11 0.0 0 7.4 32 40 M M 2 3 40 50
22 86 62 74 -3 0 9 0.00 0.0 0 10.8 22 30 M M 6 35 60
23 84 68 76 -1 0 11 0.00 0.0 0 10.4 18 170 M M 8 25 160
24 92 61 77 0 0 12 0.92 0.0 0 11.0 35 10 M M 5 3 52 10
25 82 55 69 -9 0 4 0.00 0.0 0 8.4 20 330 M M 0 28 350
26 95 51 73 -5 0 8 0.00 0.0 0 2.8 15 230 M M 0 8 22 280
27 98 62 80 2 0 15 0.00 0.0 0 4.5 17 170 M M 0 23 140
28 100 73 87 9 0 22 0.00 0.0 0 12.2 24 160 M M 0 33 170
29 99 73 86 8 0 21 0.00 0.0 0 14.7 25 160 M M 0 38 160
30 94 74 84 5 0 19 0.00 0.0 0 14.6 24 180 M M 5 36 180
31 96 76 86 7 0 21 0.00 M 0 14.8 24 140 M M 5 35 170
================================================================================
SM 2970 2130 0 541 1.25 0.0 305.6 M 81
================================================================================
AV 95.8 68.7 9.9 FASTST M M 3 MAX(MPH)
MISC ----> 35 10 52 10
================================================================================
NOTES:
# LAST OF SEVERAL OCCURRENCES
COLUMN 17 PEAK WIND IN M.P.H.
PRELIMINARY LOCAL CLIMATOLOGICAL DATA (WS FORM: F-6) , PAGE 2
STATION: JUNCTION
MONTH: MAY
YEAR: 2022
LATITUDE: 30 18 N
LONGITUDE: 99 28 W
[TEMPERATURE DATA] [PRECIPITATION DATA] SYMBOLS USED IN COLUMN 16
AVERAGE MONTHLY: 82.3 TOTAL FOR MONTH: 1.25 1 = FOG OR MIST
DPTR FM NORMAL: 7.5 DPTR FM NORMAL: -1.91 2 = FOG REDUCING VISIBILITY
HIGHEST: 106 ON 7 GRTST 24HR 0.92 ON 24-24 TO 1/4 MILE OR LESS
LOWEST: 51 ON 26 3 = THUNDER
SNOW, ICE PELLETS, HAIL 4 = ICE PELLETS
TOTAL MONTH: 0.0 INCH 5 = HAIL
GRTST 24HR 0.0 6 = FREEZING RAIN OR DRIZZLE
GRTST DEPTH: 0 7 = DUSTSTORM OR SANDSTORM:
VSBY 1/2 MILE OR LESS
8 = SMOKE OR HAZE
[NO. OF DAYS WITH] [WEATHER - DAYS WITH] 9 = BLOWING SNOW
X = TORNADO
MAX 32 OR BELOW: 0 0.01 INCH OR MORE: 6
MAX 90 OR ABOVE: 24 0.10 INCH OR MORE: 3
MIN 32 OR BELOW: 0 0.50 INCH OR MORE: 1
MIN 0 OR BELOW: 0 1.00 INCH OR MORE: 0
[HDD (BASE 65) ]
TOTAL THIS MO. 0 CLEAR (SCALE 0-3) 19
DPTR FM NORMAL -8 PTCLDY (SCALE 4-7) 11
TOTAL FM JUL 1 1800 CLOUDY (SCALE 8-10) 1
DPTR FM NORMAL -257
[CDD (BASE 65) ]
TOTAL THIS MO. 541
DPTR FM NORMAL 229 [PRESSURE DATA]
TOTAL FM JAN 1 849 HIGHEST SLP 30.17 ON 22
DPTR FM NORMAL 359 LOWEST SLP 29.47 ON 24
[REMARKS]
#FINAL-05-22#