000
CXUS54 KSJT 011100
CF6JCT
PRELIMINARY LOCAL CLIMATOLOGICAL DATA (WS FORM: F-6)
STATION: JUNCTION
MONTH: JANUARY
YEAR: 2022
LATITUDE: 30 18 N
LONGITUDE: 99 28 W
TEMPERATURE IN F: :PCPN: SNOW: WIND :SUNSHINE: SKY :PK WND
================================================================================
1 2 3 4 5 6A 6B 7 8 9 10 11 12 13 14 15 16 17 18
12Z AVG MX 2MIN
DY MAX MIN AVG DEP HDD CDD WTR SNW DPTH SPD SPD DIR MIN PSBL S-S WX SPD DR
================================================================================
1 83 32 58 11 7 0 0.00 0.0 0 8.9 24 20 M M 2 8 39 280
2 48 22 35 -12 30 0 0.00 0.0 0 9.2 22 330 M M 0 30 340
3 59 14 37 -10 28 0 0.00 0.0 0 4.7 15 180 M M 0 20 200
4 70 27 49 2 16 0 0.00 0.0 0 6.9 18 220 M M 0 27 240
5 71 29 50 3 15 0 0.00 0.0 0 4.4 13 320 M M 0 16 350
6 49 26 38 -9 27 0 0.00 0.0 0 7.7 17 10 M M 0 8 25 30
7 59 20 40 -7 25 0 0.00 0.0 0 4.5 17 170 M M 5 8 23 170
8 70 45 58 11 7 0 0.00 0.0 0 4.3 17 210 M M 6 1 24 210
9 60 35 48 1 17 0 0.00 0.0 0 8.6 22 10 M M 4 18 29 350
10 57 36 47 0 18 0 0.00 0.0 0 7.2 18 30 M M 1 26 50
11 42 36 39 -8 26 0 0.17 0.0 0 1.9 9 120 M M 7 1 11 120
12 68 33 51 4 14 0 0.00 0.0 0 3.0 10 260 M M 1 18 15 280
13 77 27 52 5 13 0 0.00 0.0 0 2.6 7 260 M M 0 18 10 280
14 80 27 54 7 11 0 0.00 0.0 0 7.8 24 360 M M 0 8 37 360
15 57 28 43 -4 22 0 0.00 0.0 0 17.0 32 330 M M 0 8 49 330
16 71 18 45 -3 20 0 0.00 0.0 0 3.8 15 240 M M 0 8 20 250
17 73 22 48 0 17 0 0.00 0.0 0 3.7 15 210 M M 0 8 23 220
18 79 34 57 9 8 0 0.00 0.0 0 6.2 20 210 M M 0 28 200
19 79 37 58 10 7 0 0.00 0.0 0 10.2 29 10 M M 2 8 39 10
20 37 28 33 -15 32 0 T T 0 12.3 22 10 M M 9 48 32 30
21 53 22 38 -10 27 0 0.00 0.0 0 4.4 12 70 M M 3 15 10
22 51 19 35 -13 30 0 0.00 0.0 0 2.4 9 50 M M 7 8 13 80
23 56 44 50 2 15 0 0.00 0.0 0 2.5 12 190 M M 10 15 210
24 67 38 53 4 12 0 0.01 0.0 0 5.5 14 200 M M 6 19 250
25 61 28 45 -4 20 0 0.00 0.0 0 8.6 18 80 M M 2 18 24 80
26 49 40 45 -4 20 0 0.00 0.0 0 7.8 17 60 M M 10 18 23 80
27 58 38 48 -1 17 0 0.00 0.0 0 4.1 20 20 M M 8 8 26 20
28 58 29 44 -5 21 0 0.00 0.0 0 8.8 20 20 M M 3 8 27 30
29 66 20 43 -6 22 0 0.00 0.0 0 4.2 15 250 M M 0 8 21 220
30 70 23 47 -3 18 0 0.00 0.0 0 5.7 16 170 M M 0 8 21 170
31 65 46 56 6 9 0 0.35 0.0 0 3.2 17 120 M M 5 1 24 120
================================================================================
SM 1943 923 571 0 0.53 T 192.1 M 91
================================================================================
AV 62.7 29.8 6.2 FASTST M M 3 MAX(MPH)
MISC ----> 32 330 49 330
================================================================================
NOTES:
# LAST OF SEVERAL OCCURRENCES
COLUMN 17 PEAK WIND IN M.P.H.
PRELIMINARY LOCAL CLIMATOLOGICAL DATA (WS FORM: F-6) , PAGE 2
STATION: JUNCTION
MONTH: JANUARY
YEAR: 2022
LATITUDE: 30 18 N
LONGITUDE: 99 28 W
[TEMPERATURE DATA] [PRECIPITATION DATA] SYMBOLS USED IN COLUMN 16
AVERAGE MONTHLY: 46.2 TOTAL FOR MONTH: 0.53 1 = FOG OR MIST
DPTR FM NORMAL: -1.6 DPTR FM NORMAL: -0.36 2 = FOG REDUCING VISIBILITY
HIGHEST: 83 ON 1 GRTST 24HR 0.35 ON 31-31 TO 1/4 MILE OR LESS
LOWEST: 14 ON 3 3 = THUNDER
SNOW, ICE PELLETS, HAIL 4 = ICE PELLETS
TOTAL MONTH: T 5 = HAIL
GRTST 24HR T ON 20-20 6 = FREEZING RAIN OR DRIZZLE
GRTST DEPTH: 0 7 = DUSTSTORM OR SANDSTORM:
VSBY 1/2 MILE OR LESS
8 = SMOKE OR HAZE
[NO. OF DAYS WITH] [WEATHER - DAYS WITH] 9 = BLOWING SNOW
X = TORNADO
MAX 32 OR BELOW: 0 0.01 INCH OR MORE: 3
MAX 90 OR ABOVE: 0 0.10 INCH OR MORE: 2
MIN 32 OR BELOW: 19 0.50 INCH OR MORE: 0
MIN 0 OR BELOW: 0 1.00 INCH OR MORE: 0
[HDD (BASE 65) ]
TOTAL THIS MO. 571 CLEAR (SCALE 0-3) 20
DPTR FM NORMAL 36 PTCLDY (SCALE 4-7) 7
TOTAL FM JUL 1 995 CLOUDY (SCALE 8-10) 4
DPTR FM NORMAL -408
[CDD (BASE 65) ]
TOTAL THIS MO. 0
DPTR FM NORMAL -2 [PRESSURE DATA]
TOTAL FM JAN 1 0 HIGHEST SLP 30.67 ON 10
DPTR FM NORMAL -2 LOWEST SLP 29.57 ON 1
[REMARKS]
#FINAL-01-22#