000
CXUS54 KSJT 011100
CF6JCT
PRELIMINARY LOCAL CLIMATOLOGICAL DATA (WS FORM: F-6)
STATION: JUNCTION
MONTH: JANUARY
YEAR: 2024
LATITUDE: 30 18 N
LONGITUDE: 99 28 W
TEMPERATURE IN F: :PCPN: SNOW: WIND :SUNSHINE: SKY :PK WND
================================================================================
1 2 3 4 5 6A 6B 7 8 9 10 11 12 13 14 15 16 17 18
12Z AVG MX 2MIN
DY MAX MIN AVG DEP HDD CDD WTR SNW DPTH SPD SPD DIR MIN PSBL S-S WX SPD DR
================================================================================
1 M M M M M M 0.00 0.0 0 M M M M M M M M
2 44 32 38 -9 27 0 0.02 0.0 0 4.0 12 80 M M 10 1 15 80
3 51 42 47 0 18 0 0.00 0.0 0 4.4 10 320 M M 10 15 320
4 49 34 42 -5 23 0 0.10 0.0 0 6.8 15 120 M M 9 12 23 140
5 62 35 49 2 16 0 0.00 0.0 0 6.1 17 310 M M 3 12 27 300
6 63 28 46 -1 19 0 0.00 0.0 0 5.1 24 260 M M 0 18 36 260
7 64 24 44 -3 21 0 0.00 0.0 0 10.9 32 170 M M 2 1 43 170
8 63 42 53 6 12 0 0.00 0.0 0 17.9 37 300 M M 5 8 55 290
9 54 28 41 -6 24 0 0.00 0.0 0 8.5 22 310 M M 0 35 300
10 69 26 48 1 17 0 0.00 0.0 0 3.7 15 240 M M 0 22 220
11 78 27 53 6 12 0 0.00 0.0 0 6.4 20 210 M M 0 8 29 250
12 61 28 45 -2 20 0 0.00 0.0 0 13.4 33 300 M M 1 8 53 290
13 61 23 42 -5 23 0 0.00 0.0 0 6.5 22 210 M M 0 8 37 200
14 30 16 23 -24 42 0 0.00 0.0 0 10.6 16 30 M M 8 18 20 50
15 31 14 23 -24 42 0 T M M 8.6 21 30 M M 7 1 29 20
16 35 15 25 -23 40 0 0.00 0.0 0 6.9 18 360 M M 0 29 10
17 52 13 33 -15 32 0 0.00 0.0 0 5.0 17 210 M M 0 25 190
18 77 30 54 6 11 0 0.00 0.0 0 5.2 17 270 M M 0 8 28 290
19 48 28 38 -10 27 0 0.00 0.0 0 10.4 22 30 M M 0 30 30
20 41 21 31 -17 34 0 0.00 0.0 0 7.1 14 70 M M 4 19 80
21 44 35 40 -8 25 0 0.05 0.0 0 7.7 18 120 M M 10 18 22 110
22 68 42 55 7 10 0 0.00 0.0 0 4.3 10 110 M M 7 1 14 210
23 62 48 55 7 10 0 0.02 0.0 0 2.2 9 80 M M 7 12 12 90
24 59 50 55 6 10 0 0.08 0.0 0 4.3 15 90 M M 9 12 20 90
25 71 40 56 7 9 0 0.00 M M 3.4 14 240 M M 5 12 21 250
26 71 39 55 6 10 0 0.00 0.0 0 6.9 18 10 M M 5 25 10
27 64 38 51 2 14 0 0.00 0.0 0 9.4 21 330 M M 4 31 320
28 69 29 49 0 16 0 0.00 0.0 0 2.4 12 230 M M 0 1 16 220
29 69 29 49 0 16 0 0.00 0.0 0 3.9 13 210 M M 0 1 19 210
30 73 33 53 3 12 0 0.00 0.0 0 3.2 8 220 M M 0 1 13 220
31 73 32 53 3 12 0 0.00 0.0 0 4.1 15 130 M M 0 1 23 160
================================================================================
SM 1756 921 604 0 0.27 0.0 199.3 M 106
================================================================================
AV 58.5 30.7 6.6 FASTST M M 4 MAX(MPH)
MISC ----> 37 300 55 290
================================================================================
NOTES:
# LAST OF SEVERAL OCCURRENCES
COLUMN 17 PEAK WIND IN M.P.H.
PRELIMINARY LOCAL CLIMATOLOGICAL DATA (WS FORM: F-6) , PAGE 2
STATION: JUNCTION
MONTH: JANUARY
YEAR: 2024
LATITUDE: 30 18 N
LONGITUDE: 99 28 W
[TEMPERATURE DATA] [PRECIPITATION DATA] SYMBOLS USED IN COLUMN 16
AVERAGE MONTHLY: 44.6 TOTAL FOR MONTH: 0.27 1 = FOG OR MIST
DPTR FM NORMAL: -3.2 DPTR FM NORMAL: -0.62 2 = FOG REDUCING VISIBILITY
HIGHEST: 78 ON 11 GRTST 24HR 0.62 ON 2- 2 TO 1/4 MILE OR LESS
LOWEST: 13 ON 17 3 = THUNDER
SNOW, ICE PELLETS, HAIL 4 = ICE PELLETS
TOTAL MONTH: 0.0 INCH 5 = HAIL
GRTST 24HR 0.0 6 = FREEZING RAIN OR DRIZZLE
GRTST DEPTH: 0 7 = DUSTSTORM OR SANDSTORM:
VSBY 1/2 MILE OR LESS
8 = SMOKE OR HAZE
[NO. OF DAYS WITH] [WEATHER - DAYS WITH] 9 = BLOWING SNOW
X = TORNADO
MAX 32 OR BELOW: 2 0.01 INCH OR MORE: 5
MAX 90 OR ABOVE: 0 0.10 INCH OR MORE: 1
MIN 32 OR BELOW: 18 0.50 INCH OR MORE: 0
MIN 0 OR BELOW: 0 1.00 INCH OR MORE: 0
[HDD (BASE 65) ]
TOTAL THIS MO. 604 CLEAR (SCALE 0-3) 15
DPTR FM NORMAL 69 PTCLDY (SCALE 4-7) 10
TOTAL FM JUL 1 1309 CLOUDY (SCALE 8-10) 6
DPTR FM NORMAL -94
[CDD (BASE 65) ]
TOTAL THIS MO. 0
DPTR FM NORMAL -2 [PRESSURE DATA]
TOTAL FM JAN 1 0 HIGHEST SLP 30.51 ON 20
DPTR FM NORMAL -2 LOWEST SLP 29.47 ON 11
[REMARKS]
#FINAL-01-24#