000
CXUS54 KSJT 011000
CF6JCT
PRELIMINARY LOCAL CLIMATOLOGICAL DATA (WS FORM: F-6)
STATION: JUNCTION
MONTH: OCTOBER
YEAR: 2021
LATITUDE: 30 18 N
LONGITUDE: 99 28 W
TEMPERATURE IN F: :PCPN: SNOW: WIND :SUNSHINE: SKY :PK WND
================================================================================
1 2 3 4 5 6A 6B 7 8 9 10 11 12 13 14 15 16 17 18
12Z AVG MX 2MIN
DY MAX MIN AVG DEP HDD CDD WTR SNW DPTH SPD SPD DIR MIN PSBL S-S WX SPD DR
================================================================================
1 81 66 74 2 0 9 0.38 0.0 0 7.4 20 90 M M 6 13 26 80
2 88 69 79 7 0 14 0.00 0.0 0 3.4 12 30 M M 6 16 340
3 88 63 76 4 0 11 0.00 0.0 0 2.8 12 110 M M 3 1 15 110
4 89 60 75 3 0 10 0.00 0.0 0 3.7 15 60 M M 2 8 21 40
5 90 54 72 1 0 7 0.00 0.0 0 2.3 10 90 M M 2 13 80
6 90 55 73 2 0 8 0.00 0.0 0 3.1 14 140 M M 1 19 140
7 91 60 76 6 0 11 0.00 0.0 0 4.8 15 170 M M 0 8 21 170
8 91 60 76 6 0 11 0.00 0.0 0 4.4 15 200 M M 0 23 220
9 90 59 75 5 0 10 0.00 0.0 0 5.8 17 160 M M 0 18 24 170
10 92 70 81 11 0 16 0.00 0.0 0 9.3 21 200 M M 4 30 290
11 86 51 69 0 0 4 0.00 0.0 0 5.3 14 140 M M 1 19 140
12 85 67 76 7 0 11 T 0.0 0 11.7 25 160 M M 6 8 38 160
13 87 65 76 8 0 11 0.38 0.0 0 8.9 24 330 M M 8 138 33 340
14 88 63 76 8 0 11 0.00 0.0 0 2.2 9 120 M M 5 12 13 180
15 81 58 70 2 0 5 0.00 0.0 0 8.4 20 10 M M 3 18 29 360
16 73 46 60 -7 5 0 0.00 0.0 0 4.9 18 50 M M 0 8 27 80
17 75 38 57 -10 8 0 T 0.0 0 2.3 9 210 M M 0 12 150
18 80 46 63 -4 2 0 0.00 0.0 0 6.2 16 160 M M 0 8 24 220
19 82 61 72 6 0 7 0.00 0.0 0 7.3 18 180 M M 0 28 190
20 82 66 74 8 0 9 0.00 0.0 0 5.4 14 200 M M 6 3 20 210
21 85 60 73 8 0 8 T 0.0 0 3.9 15 70 M M 2 18 20 100
22 86 58 72 7 0 7 0.00 0.0 0 4.9 16 160 M M 1 18 24 140
23 87 65 76 11 0 11 0.00 0.0 0 8.2 18 170 M M 1 26 180
24 93 64 79 15 0 14 0.00 0.0 0 5.4 15 200 M M 3 22 210
25 96 58 77 13 0 12 0.00 0.0 0 5.5 15 200 M M 0 8 20 160
26 89 73 81 17 0 16 0.00 0.0 0 12.6 24 170 M M 3 8 34 180
27 77 49 63 0 2 0 0.85 0.0 0 9.4 33 310 M M 3 138 45 300
28 76 44 60 -3 5 0 0.00 0.0 0 8.3 24 320 M M 0 8 34 330
29 76 41 59 -3 6 0 0.00 0.0 0 6.9 23 330 M M 0 34 320
30 84 38 61 -1 4 0 0.00 0.0 0 3.7 13 190 M M 0 8 18 200
31 85 42 64 2 1 0 0.00 M M 4.9 15 160 M M 0 22 120
================================================================================
SM 2643 1769 33 233 1.61 0.0 183.3 M 66
================================================================================
AV 85.3 57.1 5.9 FASTST M M 2 MAX(MPH)
MISC ----> 33 310 45 300
================================================================================
NOTES:
# LAST OF SEVERAL OCCURRENCES
COLUMN 17 PEAK WIND IN M.P.H.
PRELIMINARY LOCAL CLIMATOLOGICAL DATA (WS FORM: F-6) , PAGE 2
STATION: JUNCTION
MONTH: OCTOBER
YEAR: 2021
LATITUDE: 30 18 N
LONGITUDE: 99 28 W
[TEMPERATURE DATA] [PRECIPITATION DATA] SYMBOLS USED IN COLUMN 16
AVERAGE MONTHLY: 71.2 TOTAL FOR MONTH: 1.61 1 = FOG OR MIST
DPTR FM NORMAL: 4.0 DPTR FM NORMAL: -0.54 2 = FOG REDUCING VISIBILITY
HIGHEST: 96 ON 25 GRTST 24HR 1.56 ON 30- 1 TO 1/4 MILE OR LESS
LOWEST: 38 ON 30,17 3 = THUNDER
SNOW, ICE PELLETS, HAIL 4 = ICE PELLETS
TOTAL MONTH: 0.0 INCH 5 = HAIL
GRTST 24HR 0.0 6 = FREEZING RAIN OR DRIZZLE
GRTST DEPTH: 0 7 = DUSTSTORM OR SANDSTORM:
VSBY 1/2 MILE OR LESS
8 = SMOKE OR HAZE
[NO. OF DAYS WITH] [WEATHER - DAYS WITH] 9 = BLOWING SNOW
X = TORNADO
MAX 32 OR BELOW: 0 0.01 INCH OR MORE: 3
MAX 90 OR ABOVE: 8 0.10 INCH OR MORE: 3
MIN 32 OR BELOW: 0 0.50 INCH OR MORE: 1
MIN 0 OR BELOW: 0 1.00 INCH OR MORE: 0
[HDD (BASE 65) ]
TOTAL THIS MO. 33 CLEAR (SCALE 0-3) 21
DPTR FM NORMAL -38 PTCLDY (SCALE 4-7) 10
TOTAL FM JUL 1 33 CLOUDY (SCALE 8-10) 0
DPTR FM NORMAL -41
[CDD (BASE 65) ]
TOTAL THIS MO. 233
DPTR FM NORMAL 94 [PRESSURE DATA]
TOTAL FM JAN 1 2610 HIGHEST SLP 30.38 ON 16
DPTR FM NORMAL 11 LOWEST SLP 29.50 ON 27
[REMARKS]
#FINAL-10-21#