000
CXUS54 KSJT 011747
CF6JCT
PRELIMINARY LOCAL CLIMATOLOGICAL DATA (WS FORM: F-6)
STATION: JUNCTION
MONTH: MAY
YEAR: 2021
LATITUDE: 30 18 N
LONGITUDE: 99 28 W
TEMPERATURE IN F: :PCPN: SNOW: WIND :SUNSHINE: SKY :PK WND
================================================================================
1 2 3 4 5 6A 6B 7 8 9 10 11 12 13 14 15 16 17 18
12Z AVG MX 2MIN
DY MAX MIN AVG DEP HDD CDD WTR SNW DPTH SPD SPD DIR MIN PSBL S-S WX SPD DR
================================================================================
1 68 59 64 -6 1 0 1.87 0.0 0 5.8 22 60 M M 8 123 29 50
2 90 53 72 1 0 7 0.02 0.0 0 4.7 17 200 M M 2 12 26 220
3 97 60 79 8 0 14 0.00 0.0 0 4.1 17 30 M M 0 18 25 30
4 77 58 68 -3 0 3 0.00 0.0 0 10.2 20 20 M M 1 29 10
5 84 49 67 -5 0 2 0.00 0.0 0 4.1 13 70 M M 0 18 18 70
6 86 49 68 -4 0 3 0.00 0.0 0 4.3 14 70 M M 0 20 50
7 87 56 72 0 0 7 0.00 0.0 0 7.6 21 150 M M 0 8 28 140
8 89 64 77 5 0 12 0.00 0.0 0 11.9 24 170 M M 1 37 170
9 97 70 84 11 0 19 0.00 0.0 0 5.6 23 30 M M 2 8 31 20
10 73 59 66 -7 0 1 0.43 0.0 0 9.8 18 30 M M 9 1238 24 40
11 68 57 63 -10 2 0 0.01 0.0 0 8.8 17 50 M M 10 128 25 50
12 69 55 62 -12 3 0 0.00 0.0 0 11.0 17 30 M M 9 18 24 10
13 74 57 66 -8 0 1 0.00 0.0 0 5.8 15 70 M M 4 19 90
14 81 55 68 -6 0 3 0.00 0.0 0 7.0 17 170 M M 5 1 24 150
15 78 68 73 -1 0 8 T 0.0 0 11.3 21 160 M M 8 30 140
16 86 67 77 2 0 12 0.09 0.0 0 7.5 36 150 M M 6 18 50 160
17 M M M M M M 0.00 0.0 0 M M M M M M M M
18 77 62 70 -5 0 5 0.02 0.0 0 8.2 17 80 M M 3 3 24 90
19 76 61 69 -7 0 4 0.00 0.0 0 4.9 15 160 M M 6 3 22 160
20 89 53 71 -5 0 6 0.00 0.0 0 4.4 14 160 M M 0 20 170
21 91 64 78 2 0 13 0.00 0.0 0 8.7 20 120 M M 0 26 120
22 84 71 78 1 0 13 T 0.0 0 8.4 17 140 M M 8 8 25 140
23 87 69 78 1 0 13 0.00 0.0 0 10.6 21 110 M M 8 28 130
24 86 71 79 2 0 14 0.00 0.0 0 9.2 20 160 M M 7 28 150
25 89 73 81 3 0 16 0.00 0.0 0 9.8 17 160 M M 7 24 160
26 89 74 82 4 0 17 T 0.0 0 10.1 16 160 M M 7 25 160
27 93 71 82 4 0 17 0.00 0.0 0 11.7 38 150 M M 3 3 53 150
28 82 75 79 1 0 14 0.02 0.0 0 9.3 31 150 M M 9 3 53 150
29 M M M M M M 0.00 0.0 0 M M M M M M M M
30 M M M M M M 0.00 0.0 0 M M M M M M M M
31 M M M M M M 0.83 0.0 0 M M M M M M M M
================================================================================
SM 2247 1680 6 224 3.29 0.0 214.8 M 123
================================================================================
AV 83.2 62.2 8.0 FASTST M M 5 MAX(MPH)
MISC ----> 38 150 53 150
================================================================================
NOTES:
# LAST OF SEVERAL OCCURRENCES
COLUMN 17 PEAK WIND IN M.P.H.
PRELIMINARY LOCAL CLIMATOLOGICAL DATA (WS FORM: F-6) , PAGE 2
STATION: JUNCTION
MONTH: MAY
YEAR: 2021
LATITUDE: 30 18 N
LONGITUDE: 99 28 W
[TEMPERATURE DATA] [PRECIPITATION DATA] SYMBOLS USED IN COLUMN 16
AVERAGE MONTHLY: 72.7 TOTAL FOR MONTH: 3.29 1 = FOG OR MIST
DPTR FM NORMAL: -2.1 DPTR FM NORMAL: 0.13 2 = FOG REDUCING VISIBILITY
HIGHEST: 97 ON 9, 3 GRTST 24HR 1.89 ON 1- 2 TO 1/4 MILE OR LESS
LOWEST: 49 ON 6, 5 3 = THUNDER
SNOW, ICE PELLETS, HAIL 4 = ICE PELLETS
TOTAL MONTH: 0.0 INCH 5 = HAIL
GRTST 24HR 0.0 6 = FREEZING RAIN OR DRIZZLE
GRTST DEPTH: 0 7 = DUSTSTORM OR SANDSTORM:
VSBY 1/2 MILE OR LESS
8 = SMOKE OR HAZE
[NO. OF DAYS WITH] [WEATHER - DAYS WITH] 9 = BLOWING SNOW
X = TORNADO
MAX 32 OR BELOW: 0 0.01 INCH OR MORE: 8
MAX 90 OR ABOVE: 5 0.10 INCH OR MORE: 3
MIN 32 OR BELOW: 0 0.50 INCH OR MORE: 2
MIN 0 OR BELOW: 0 1.00 INCH OR MORE: 1
[HDD (BASE 65) ]
TOTAL THIS MO. 6 CLEAR (SCALE 0-3) 12
DPTR FM NORMAL -2 PTCLDY (SCALE 4-7) 11
TOTAL FM JUL 1 2144 CLOUDY (SCALE 8-10) 8
DPTR FM NORMAL 87
[CDD (BASE 65) ]
TOTAL THIS MO. 224
DPTR FM NORMAL -88 [PRESSURE DATA]
TOTAL FM JAN 1 351 HIGHEST SLP M ON M
DPTR FM NORMAL -139 LOWEST SLP 29.42 ON 2
[REMARKS]
#FINAL-05-21#