000
CXUS54 KSJT 031112
CF6JCT
PRELIMINARY LOCAL CLIMATOLOGICAL DATA (WS FORM: F-6)
STATION: JUNCTION
MONTH: DECEMBER
YEAR: 2020
LATITUDE: 30 18 N
LONGITUDE: 99 28 W
TEMPERATURE IN F: :PCPN: SNOW: WIND :SUNSHINE: SKY :PK WND
================================================================================
1 2 3 4 5 6A 6B 7 8 9 10 11 12 13 14 15 16 17 18
12Z AVG MX 2MIN
DY MAX MIN AVG DEP HDD CDD WTR SNW DPTH SPD SPD DIR MIN PSBL S-S WX SPD DR
================================================================================
1 63 22 43 -7 22 0 0.00 M M 6.2 21 170 M M 0 31 170
2 58 31 45 -5 20 0 0.00 0.0 0 8.2 21 330 M M 0 29 330
3 48 27 38 -12 27 0 0.00 0.0 0 6.1 17 330 M M 2 26 350
4 60 24 42 -7 23 0 0.00 M M 2.8 9 330 M M 0 8 14 350
5 56 30 43 -6 22 0 0.00 M M 2.2 13 320 M M 7 8 19 320
6 64 33 49 0 16 0 0.00 M M 6.6 18 330 M M 0 18 25 320
7 71 26 49 1 16 0 0.00 M M 4.2 13 10 M M 0 8 19 360
8 77 29 53 5 12 0 0.00 M M 4.1 12 270 M M 0 8 16 270
9 79 28 54 6 11 0 0.00 M M 3.1 14 210 M M 0 8 18 200
10 80 31 56 8 9 0 0.00 M M 6.1 23 190 M M 0 8 33 190
11 73 43 58 10 7 0 0.09 M M 4.0 13 310 M M 4 18 19 250
12 63 34 49 2 16 0 0.00 M M 5.3 14 60 M M 0 18 19 60
13 64 34 49 2 16 0 0.03 M M 11.7 30 310 M M 4 18 41 330
14 58 24 41 -6 24 0 0.00 M M 3.9 12 120 M M 0 18 18 120
15 65 28 47 0 18 0 0.00 M M 9.2 25 300 M M 1 18 37 300
16 59 23 41 -6 24 0 0.00 M M 2.5 13 330 M M 0 8 17 330
17 65 22 44 -2 21 0 0.00 M M 4.8 15 160 M M 0 8 19 160
18 65 31 48 2 17 0 0.00 M M 6.9 24 200 M M 6 8 35 200
19 67 34 51 5 14 0 0.01 M M 6.0 18 320 M M 4 1 24 300
20 69 25 47 1 18 0 0.00 M M 4.7 12 10 M M 0 8 16 270
21 74 25 50 4 15 0 0.00 M M 3.8 14 210 M M 0 8 19 190
22 65 33 49 3 16 0 0.00 M M 6.0 17 170 M M 5 8 24 160
23 76 38 57 11 8 0 0.00 M M 12.2 28 10 M M 4 8 40 360
24 56 26 41 -5 24 0 0.00 M M 8.1 20 320 M M 0 29 330
25 68 25 47 1 18 0 0.00 M M 3.2 9 200 M M 0 16 200
26 69 25 47 1 18 0 0.00 M M 6.2 18 190 M M 0 8 27 220
27 79 37 58 12 7 0 0.00 M M 4.2 13 230 M M 0 20 220
28 73 37 55 9 10 0 0.00 M M 8.2 21 130 M M 6 18 28 130
29 74 64 69 23 0 4 0.00 M M 15.3 31 180 M M 8 48 160
30 67 44 56 10 9 0 0.01 M M 10.6 20 360 M M 10 18 32 360
31 38 31 35 -11 30 0 1.98 M 0 10.0 20 360 M M 10 1 27 350
================================================================================
SM 2043 964 508 4 2.12 0.0 196.4 M 71
================================================================================
AV 65.9 31.1 6.3 FASTST M M 2 MAX(MPH)
MISC ----> 31 180 48 160
================================================================================
NOTES:
# LAST OF SEVERAL OCCURRENCES
COLUMN 17 PEAK WIND IN M.P.H.
PRELIMINARY LOCAL CLIMATOLOGICAL DATA (WS FORM: F-6) , PAGE 2
STATION: JUNCTION
MONTH: DECEMBER
YEAR: 2020
LATITUDE: 30 18 N
LONGITUDE: 99 28 W
[TEMPERATURE DATA] [PRECIPITATION DATA] SYMBOLS USED IN COLUMN 16
AVERAGE MONTHLY: 48.5 TOTAL FOR MONTH: 2.12 1 = FOG OR MIST
DPTR FM NORMAL: 1.4 DPTR FM NORMAL: 0.90 2 = FOG REDUCING VISIBILITY
HIGHEST: 80 ON 10 GRTST 24HR 1.98 ON 31-31 TO 1/4 MILE OR LESS
LOWEST: 22 ON 17, 1 3 = THUNDER
SNOW, ICE PELLETS, HAIL 4 = ICE PELLETS
TOTAL MONTH: 0.0 INCH 5 = HAIL
GRTST 24HR 0.0 6 = FREEZING RAIN OR DRIZZLE
GRTST DEPTH: 0 7 = DUSTSTORM OR SANDSTORM:
VSBY 1/2 MILE OR LESS
8 = SMOKE OR HAZE
[NO. OF DAYS WITH] [WEATHER - DAYS WITH] 9 = BLOWING SNOW
X = TORNADO
MAX 32 OR BELOW: 0 0.01 INCH OR MORE: 5
MAX 90 OR ABOVE: 0 0.10 INCH OR MORE: 1
MIN 32 OR BELOW: 20 0.50 INCH OR MORE: 1
MIN 0 OR BELOW: 0 1.00 INCH OR MORE: 1
[HDD (BASE 65) ]
TOTAL THIS MO. 508 CLEAR (SCALE 0-3) 20
DPTR FM NORMAL -48 PTCLDY (SCALE 4-7) 9
TOTAL FM JUL 1 793 CLOUDY (SCALE 8-10) 2
DPTR FM NORMAL -143
[CDD (BASE 65) ]
TOTAL THIS MO. 4
DPTR FM NORMAL 3 [PRESSURE DATA]
TOTAL FM JAN 1 2828 HIGHEST SLP 30.46 ON 24
DPTR FM NORMAL 425 LOWEST SLP 29.71 ON 30
[REMARKS]
#FINAL-12-20#