000
CXUS54 KSJT 011100
CF6JCT
PRELIMINARY LOCAL CLIMATOLOGICAL DATA (WS FORM: F-6)
STATION: JUNCTION
MONTH: NOVEMBER
YEAR: 2020
LATITUDE: 30 18 N
LONGITUDE: 99 28 W
TEMPERATURE IN F: :PCPN: SNOW: WIND :SUNSHINE: SKY :PK WND
================================================================================
1 2 3 4 5 6A 6B 7 8 9 10 11 12 13 14 15 16 17 18
12Z AVG MX 2MIN
DY MAX MIN AVG DEP HDD CDD WTR SNW DPTH SPD SPD DIR MIN PSBL S-S WX SPD DR
================================================================================
1 78 40 59 -2 6 0 0.00 0.0 0 4.6 17 50 M M 0 23 50
2 77 32 55 -5 10 0 0.00 0.0 0 3.0 10 200 M M 0 14 190
3 79 32 56 -4 9 0 0.00 0.0 0 5.4 16 170 M M 0 24 160
4 80 37 59 -1 6 0 0.00 0.0 0 6.1 17 210 M M 0 8 25 200
5 81 46 64 5 1 0 0.00 0.0 0 4.6 14 210 M M 2 19 230
6 81 45 63 4 2 0 0.00 0.0 0 4.5 12 210 M M 1 18 230
7 79 55 67 8 0 2 0.00 0.0 0 5.8 14 160 M M 3 25 140
8 80 54 67 9 0 2 0.00 0.0 0 9.4 22 170 M M 4 31 170
9 78 57 68 10 0 3 0.00 0.0 0 8.2 20 180 M M 7 29 170
10 80 45 63 5 2 0 T 0.0 0 6.1 20 360 M M 5 26 10
11 82 38 60 3 5 0 0.00 0.0 0 3.9 13 150 M M 1 17 140
12 82 50 66 9 0 1 0.00 M M 3.3 16 160 M M 4 23 210
13 79 51 65 9 0 0 0.00 0.0 0 6.5 16 120 M M 4 21 110
14 80 59 70 14 0 5 T 0.0 0 7.5 20 200 M M 6 29 180
15 71 37 54 -2 11 0 T M M 7.4 23 70 M M 0 1 35 20
16 79 30 55 0 10 0 0.00 M M 2.6 12 230 M M 0 18 190
17 76 35 56 1 9 0 0.00 M M 4.1 14 140 M M 0 8 17 130
18 75 34 55 0 10 0 0.00 M M 5.2 16 150 M M 0 8 25 210
19 78 45 62 8 3 0 0.00 M M 7.2 18 200 M M 3 28 220
20 80 47 64 10 1 0 0.00 M M 4.6 16 200 M M 2 23 200
21 76 48 62 8 3 0 0.00 M M 4.2 14 140 M M 5 8 19 140
22 78 56 67 14 0 2 0.00 M M 6.1 20 30 M M 8 8 26 60
23 72 51 62 9 3 0 0.00 M M 11.1 24 160 M M 8 33 160
24 83 59 71 19 0 6 0.00 M M 11.0 28 190 M M 5 8 43 190
25 75 42 59 7 6 0 0.00 M M 3.3 16 360 M M 2 23 360
26 80 35 58 6 7 0 M M M 5.0 13 200 M M 0 21 200
27 63 49 56 5 9 0 T M M 7.2 15 50 M M 8 8 22 50
28 58 40 49 -2 16 0 0.43 M M 7.9 16 60 M M 10 18 23 320
29 50 36 43 -8 22 0 0.00 M M 6.9 17 350 M M 8 12 25 350
30 56 24 40 -10 25 0 0.00 0.0 0 4.6 14 30 M M 0 8 20 350
================================================================================
SM 2266 1309 176 21 0.43 0.0 177.3 M 96
================================================================================
AV 75.5 43.6 5.9 FASTST M M 3 MAX(MPH)
MISC ----> 28 190 43 190
================================================================================
NOTES:
# LAST OF SEVERAL OCCURRENCES
COLUMN 17 PEAK WIND IN M.P.H.
PRELIMINARY LOCAL CLIMATOLOGICAL DATA (WS FORM: F-6) , PAGE 2
STATION: JUNCTION
MONTH: NOVEMBER
YEAR: 2020
LATITUDE: 30 18 N
LONGITUDE: 99 28 W
[TEMPERATURE DATA] [PRECIPITATION DATA] SYMBOLS USED IN COLUMN 16
AVERAGE MONTHLY: 59.6 TOTAL FOR MONTH: 0.43 1 = FOG OR MIST
DPTR FM NORMAL: 4.0 DPTR FM NORMAL: -1.46 2 = FOG REDUCING VISIBILITY
HIGHEST: 83 ON 24 GRTST 24HR 0.43 ON 28-28 TO 1/4 MILE OR LESS
LOWEST: 24 ON 30 3 = THUNDER
SNOW, ICE PELLETS, HAIL 4 = ICE PELLETS
TOTAL MONTH: 0.0 INCH 5 = HAIL
GRTST 24HR 0.0 6 = FREEZING RAIN OR DRIZZLE
GRTST DEPTH: 0 7 = DUSTSTORM OR SANDSTORM:
VSBY 1/2 MILE OR LESS
8 = SMOKE OR HAZE
[NO. OF DAYS WITH] [WEATHER - DAYS WITH] 9 = BLOWING SNOW
X = TORNADO
MAX 32 OR BELOW: 0 0.01 INCH OR MORE: 1
MAX 90 OR ABOVE: 0 0.10 INCH OR MORE: 1
MIN 32 OR BELOW: 4 0.50 INCH OR MORE: 0
MIN 0 OR BELOW: 0 1.00 INCH OR MORE: 0
[HDD (BASE 65) ]
TOTAL THIS MO. 176 CLEAR (SCALE 0-3) 16
DPTR FM NORMAL -120 PTCLDY (SCALE 4-7) 11
TOTAL FM JUL 1 285 CLOUDY (SCALE 8-10) 3
DPTR FM NORMAL -97
[CDD (BASE 65) ]
TOTAL THIS MO. 21
DPTR FM NORMAL 7 [PRESSURE DATA]
TOTAL FM JAN 1 2824 HIGHEST SLP 30.50 ON 30
DPTR FM NORMAL 422 LOWEST SLP 29.67 ON 24
[REMARKS]
#FINAL-11-20#