996
CXUS54 KSJT 011321
CF6JCT
PRELIMINARY LOCAL CLIMATOLOGICAL DATA (WS FORM: F-6)
STATION: JUNCTION
MONTH: JUNE
YEAR: 2020
LATITUDE: 30 18 N
LONGITUDE: 99 28 W
TEMPERATURE IN F: :PCPN: SNOW: WIND :SUNSHINE: SKY :PK WND
================================================================================
1 2 3 4 5 6A 6B 7 8 9 10 11 12 13 14 15 16 17 18
12Z AVG MX 2MIN
DY MAX MIN AVG DEP HDD CDD WTR SNW DPTH SPD SPD DIR MIN PSBL S-S WX SPD DR
================================================================================
1 83 68 76 -2 0 11 0.38 0.0 0 5.0 21 140 M M 7 18 28 130
2 85 65 75 -3 0 10 0.01 0.0 0 4.8 17 140 M M 5 1 25 140
3 89 65 77 -1 0 12 0.00 0.0 0 4.0 14 170 M M 3 1 19 170
4 92 74 83 5 0 18 0.00 0.0 0 6.3 14 190 M M 3 23 180
5 94 73 84 5 0 19 0.00 0.0 0 5.5 15 130 M M 4 24 200
6 95 68 82 3 0 17 0.00 0.0 0 5.5 17 140 M M 0 24 150
7 97 65 81 2 0 16 0.00 0.0 0 3.6 13 80 M M 0 19 80
8 101 70 86 7 0 21 0.00 0.0 0 6.4 20 170 M M 0 8 30 160
9 98 65 82 3 0 17 0.00 0.0 0 6.8 21 330 M M 1 18 28 330
10 92 55 74 -5 0 9 0.00 0.0 0 6.9 17 70 M M 0 8 25 80
11 95 56 76 -4 0 11 0.00 0.0 0 5.5 17 110 M M 0 26 140
12 95 52 74 -6 0 9 0.00 0.0 0 5.2 17 80 M M 0 8 27 140
13 94 56 75 -5 0 10 0.00 0.0 0 5.5 17 120 M M 0 8 23 100
14 91 58 75 -5 0 10 0.00 0.0 0 6.6 16 110 M M 0 8 25 110
15 92 63 78 -2 0 13 0.00 0.0 0 7.1 21 140 M M 3 8 30 170
16 92 70 81 1 0 16 T 0.0 0 8.8 22 130 M M 4 29 130
17 93 72 83 3 0 18 0.00 0.0 0 11.0 21 140 M M 5 32 130
18 93 73 83 3 0 18 0.00 0.0 0 11.8 23 160 M M 3 31 170
19 94 76 85 5 0 20 0.00 0.0 0 11.5 22 170 M M 5 30 160
20 95 76 86 6 0 21 0.00 0.0 0 10.4 18 160 M M 5 29 170
21 97 78 88 7 0 23 0.00 0.0 0 10.9 20 170 M M 4 30 170
22 97 77 87 6 0 22 0.00 0.0 0 12.3 24 170 M M 2 33 170
23 91 67 79 -2 0 14 0.86 0.0 M 6.9 26 10 M M 2 13 36 170
24 91 63 77 -4 0 12 0.00 0.0 0 6.5 16 50 M M 1 21 60
25 95 67 81 0 0 16 0.00 0.0 0 4.9 18 80 M M 1 24 70
26 91 72 82 1 0 17 0.00 0.0 0 10.5 24 140 M M 4 32 130
27 90 74 82 1 0 17 0.00 0.0 0 11.7 23 160 M M 6 33 170
28 93 77 85 4 0 20 0.00 0.0 0 10.8 22 150 M M 6 30 180
29 95 79 87 6 0 22 0.00 0.0 0 11.6 20 160 M M 3 27 160
30 97 79 88 7 0 23 0.00 0.0 0 10.5 18 160 M M 5 27 160
================================================================================
SM 2797 2053 0 482 1.25 0.0 234.8 M 82
================================================================================
AV 93.2 68.4 7.8 FASTST M M 3 MAX(MPH)
MISC ----> # 26 10 # 36 170
================================================================================
NOTES:
# LAST OF SEVERAL OCCURRENCES
COLUMN 17 PEAK WIND IN M.P.H.
PRELIMINARY LOCAL CLIMATOLOGICAL DATA (WS FORM: F-6) , PAGE 2
STATION: JUNCTION
MONTH: JUNE
YEAR: 2020
LATITUDE: 30 18 N
LONGITUDE: 99 28 W
[TEMPERATURE DATA] [PRECIPITATION DATA] SYMBOLS USED IN COLUMN 16
AVERAGE MONTHLY: 80.8 TOTAL FOR MONTH: 1.25 1 = FOG OR MIST
DPTR FM NORMAL: 0.9 DPTR FM NORMAL: -2.36 2 = FOG REDUCING VISIBILITY
HIGHEST: 101 ON 8 GRTST 24HR 0.86 ON 23-23 TO 1/4 MILE OR LESS
LOWEST: 52 ON 12 3 = THUNDER
SNOW, ICE PELLETS, HAIL 4 = ICE PELLETS
TOTAL MONTH: 0.0 INCH 5 = HAIL
GRTST 24HR 0.0 6 = FREEZING RAIN OR DRIZZLE
GRTST DEPTH: 0 7 = DUSTSTORM OR SANDSTORM:
VSBY 1/2 MILE OR LESS
8 = SMOKE OR HAZE
[NO. OF DAYS WITH] [WEATHER - DAYS WITH] 9 = BLOWING SNOW
X = TORNADO
MAX 32 OR BELOW: 0 0.01 INCH OR MORE: 3
MAX 90 OR ABOVE: 27 0.10 INCH OR MORE: 2
MIN 32 OR BELOW: 0 0.50 INCH OR MORE: 1
MIN 0 OR BELOW: 0 1.00 INCH OR MORE: 0
[HDD (BASE 65) ]
TOTAL THIS MO. 0 CLEAR (SCALE 0-3) 18
DPTR FM NORMAL 0 PTCLDY (SCALE 4-7) 12
TOTAL FM JUL 1 1854 CLOUDY (SCALE 8-10) 0
DPTR FM NORMAL -363
[CDD (BASE 65) ]
TOTAL THIS MO. 482
DPTR FM NORMAL 37 [PRESSURE DATA]
TOTAL FM JAN 1 1007 HIGHEST SLP 30.23 ON 12
DPTR FM NORMAL 128 LOWEST SLP 29.51 ON 8
[REMARKS]
#FINAL-06-20#