000
CXUS54 KSJT 011000
CF6JCT
PRELIMINARY LOCAL CLIMATOLOGICAL DATA (WS FORM: F-6)
STATION: JUNCTION
MONTH: AUGUST
YEAR: 2023
LATITUDE: 30 18 N
LONGITUDE: 99 28 W
TEMPERATURE IN F: :PCPN: SNOW: WIND :SUNSHINE: SKY :PK WND
================================================================================
1 2 3 4 5 6A 6B 7 8 9 10 11 12 13 14 15 16 17 18
12Z AVG MX 2MIN
DY MAX MIN AVG DEP HDD CDD WTR SNW DPTH SPD SPD DIR MIN PSBL S-S WX SPD DR
================================================================================
1 104 74 89 5 0 24 0.00 0.0 0 5.8 21 110 M M 0 28 150
2 104 78 91 7 0 26 0.00 0.0 0 7.1 20 130 M M 0 33 160
3 102 77 90 6 0 25 0.00 0.0 0 8.1 16 160 M M 0 26 160
4 104 78 91 7 0 26 0.00 0.0 0 8.4 18 150 M M 0 25 170
5 106 75 91 7 0 26 0.00 0.0 0 7.8 18 170 M M 0 27 150
6 105 78 92 8 0 27 0.00 0.0 0 9.3 21 170 M M 0 27 170
7 107 78 93 9 0 28 0.00 0.0 0 8.5 16 160 M M 0 26 190
8 107 78 93 9 0 28 0.00 0.0 0 9.7 20 140 M M 0 29 170
9 107 77 92 8 0 27 0.00 0.0 0 10.1 18 170 M M 0 28 150
10 108 79 94 10 0 29 0.00 0.0 0 9.1 18 160 M M 0 29 160
11 107 79 93 9 0 28 0.00 0.0 0 9.7 18 170 M M 0 26 170
12 106 77 92 8 0 27 0.00 0.0 0 9.1 22 160 M M 0 33 160
13 105 76 91 7 0 26 0.00 0.0 0 9.5 22 140 M M 0 30 130
14 107 77 92 8 0 27 0.00 0.0 0 6.5 16 60 M M 1 22 20
15 102 78 90 6 0 25 0.00 0.0 0 7.9 17 80 M M 0 23 70
16 105 71 88 4 0 23 0.00 0.0 0 3.6 12 100 M M 1 19 50
17 109 75 92 9 0 27 0.00 M M 4.6 15 160 M M 0 25 170
18 106 70 88 5 0 23 0.00 0.0 0 6.9 18 140 M M 0 8 32 130
19 106 75 91 8 0 26 0.00 0.0 0 6.0 20 160 M M 0 27 130
20 103 71 87 4 0 22 0.00 0.0 0 6.0 21 100 M M 1 8 29 120
21 106 73 90 7 0 25 0.00 0.0 0 8.1 22 110 M M 1 8 30 80
22 97 74 86 4 0 21 0.05 0.0 0 6.7 23 80 M M 2 32 80
23 96 76 86 4 0 21 0.14 0.0 0 8.1 23 170 M M 5 38 32 180
24 100 69 85 3 0 20 0.00 0.0 0 5.1 18 140 M M 1 27 110
25 104 70 87 5 0 22 0.00 0.0 0 4.4 21 130 M M 1 27 140
26 105 74 90 8 0 25 0.00 0.0 0 4.0 21 330 M M 1 28 340
27 105 75 90 8 0 25 T 0.0 0 3.8 24 60 M M 1 3 34 10
28 96 74 85 4 0 20 T 0.0 0 4.4 16 80 M M 4 3 24 350
29 99 63 81 0 0 16 0.00 0.0 0 5.2 21 10 M M 0 27 10
30 98 65 82 1 0 17 0.00 0.0 0 3.5 17 340 M M 2 38 24 340
31 102 64 83 3 0 18 0.00 0.0 0 4.1 15 100 M M 1 21 60
================================================================================
SM 3218 2298 0 750 0.19 0.0 211.1 M 22
================================================================================
AV103.8 74.1 6.8 FASTST M M 1 MAX(MPH)
MISC ----> 24 60 34 10
================================================================================
NOTES:
# LAST OF SEVERAL OCCURRENCES
COLUMN 17 PEAK WIND IN M.P.H.
PRELIMINARY LOCAL CLIMATOLOGICAL DATA (WS FORM: F-6) , PAGE 2
STATION: JUNCTION
MONTH: AUGUST
YEAR: 2023
LATITUDE: 30 18 N
LONGITUDE: 99 28 W
[TEMPERATURE DATA] [PRECIPITATION DATA] SYMBOLS USED IN COLUMN 16
AVERAGE MONTHLY: 89.0 TOTAL FOR MONTH: 0.19 1 = FOG OR MIST
DPTR FM NORMAL: 5.8 DPTR FM NORMAL: -1.84 2 = FOG REDUCING VISIBILITY
HIGHEST: 109 ON 17 GRTST 24HR 0.16 ON 22-23 TO 1/4 MILE OR LESS
LOWEST: 63 ON 29 3 = THUNDER
SNOW, ICE PELLETS, HAIL 4 = ICE PELLETS
TOTAL MONTH: 0.0 INCH 5 = HAIL
GRTST 24HR 0.0 6 = FREEZING RAIN OR DRIZZLE
GRTST DEPTH: 0 7 = DUSTSTORM OR SANDSTORM:
VSBY 1/2 MILE OR LESS
8 = SMOKE OR HAZE
[NO. OF DAYS WITH] [WEATHER - DAYS WITH] 9 = BLOWING SNOW
X = TORNADO
MAX 32 OR BELOW: 0 0.01 INCH OR MORE: 2
MAX 90 OR ABOVE: 31 0.10 INCH OR MORE: 1
MIN 32 OR BELOW: 0 0.50 INCH OR MORE: 0
MIN 0 OR BELOW: 0 1.00 INCH OR MORE: 0
[HDD (BASE 65) ]
TOTAL THIS MO. 0 CLEAR (SCALE 0-3) 29
DPTR FM NORMAL 0 PTCLDY (SCALE 4-7) 2
TOTAL FM JUL 1 0 CLOUDY (SCALE 8-10) 0
DPTR FM NORMAL 0
[CDD (BASE 65) ]
TOTAL THIS MO. 750
DPTR FM NORMAL 186 [PRESSURE DATA]
TOTAL FM JAN 1 2650 HIGHEST SLP 30.11 ON 15
DPTR FM NORMAL 541 LOWEST SLP 29.64 ON 9
[REMARKS]
#FINAL-08-23#