000
CXUS55 KGGW 010810
CF6JDN
PRELIMINARY LOCAL CLIMATOLOGICAL DATA (WS FORM: F-6)
STATION: JORDAN ASOS MT
MONTH: APRIL
YEAR: 2022
LATITUDE: 47 19 N
LONGITUDE: 106 50 W
TEMPERATURE IN F: :PCPN: SNOW: WIND :SUNSHINE: SKY :PK WND
================================================================================
1 2 3 4 5 6A 6B 7 8 9 10 11 12 13 14 15 16 17 18
12Z AVG MX 2MIN
DY MAX MIN AVG DEP HDD CDD WTR SNW DPTH SPD SPD DIR MIN PSBL S-S WX SPD DR
================================================================================
1 53 25 39 -1 26 0 0.00 M M 9.4 24 310 M M 0 30 320
2 67 19 43 3 22 0 0.09 M M 8.0 26 270 M M 0 37 270
3 60 40 50 10 15 0 0.00 M M 12.3 26 320 M M 0 37 290
4 65 28 47 7 18 0 0.00 M M 11.3 32 280 M M 0 45 250
5 53 35 44 3 21 0 0.00 M M 31.1 54 300 M M 0 79 310
6 48 30 39 -2 26 0 0.01 M M 24.5 45 310 M M 0 67 300
7 57 25 41 0 24 0 0.00 M M 9.8 22 340 M M 0 33 360
8 77 22 50 8 15 0 0.00 M M 10.4 21 200 M M 0 31 180
9 65 28 47 5 18 0 0.01 M M 19.7 38 300 M M 0 61 300
10 48 28 38 -4 27 0 0.00 M M 11.0 26 280 M M 0 34 290
11 47 22 35 -7 30 0 0.00 M M 9.5 29 50 M M 0 37 50
12 33 19 26 -17 39 0 0.11 M M 20.5 31 350 M M 0 43 360
13 24 18 21 -22 44 0 0.04 M M 23.5 35 320 M M 0 44 300
14 29 19 24 -19 41 0 0.00 M M 18.8 30 310 M M 0 38 300
15 33 13 23 -21 42 0 0.00 M M 6.7 16 320 M M 0 25 320
16 43 7 25 -19 40 0 0.09 M M 12.4 26 90 M M 0 38 70
17 44 27 36 -8 29 0 0.01 M M 10.4 21 330 M M 0 30 320
18 55 22 39 -5 26 0 0.00 M M 9.6 24 120 M M 0 31 120
19 64 28 46 1 19 0 0.00 M M 10.9 26 290 M M 0 37 300
20 53 21 37 -8 28 0 0.00 M M 15.0 41 290 M M 0 63 290
21 55 21 38 -7 27 0 0.00 M M 11.8 25 130 M M 0 36 120
22 54 36 45 -1 20 0 0.10 M M 10.4 18 10 M M 0 23 350
23 42 36 39 -7 26 0 0.70 M M 22.2 33 320 M M 0 46 340
24 58 32 45 -1 20 0 0.00 M M 12.9 24 340 M M 0 33 340
25 67 30 49 3 16 0 0.00 M M 8.9 17 170 M M 0 27 220
26 72 41 57 10 8 0 0.00 M M 15.7 30 140 M M 0 41 130
27 67 37 52 5 13 0 0.03 M M 6.9 17 120 M M 0 23 120
28 65 41 53 6 12 0 0.00 M M 6.6 13 310 M M 0 16 30
29 57 47 52 4 13 0 0.14 M M 13.2 28 300 M M 0 37 300
30 62 42 52 4 13 0 0.00 M M 8.2 23 310 M M 0 31 320
================================================================================
SM 1617 839 718 0 1.33 M 401.6 M 0
================================================================================
AV 53.9 28.0 13.4 FASTST M M 0 MAX(MPH)
MISC ----> 54 300 79 310
================================================================================
NOTES:
# LAST OF SEVERAL OCCURRENCES
COLUMN 17 PEAK WIND IN M.P.H.
PRELIMINARY LOCAL CLIMATOLOGICAL DATA (WS FORM: F-6) , PAGE 2
STATION: JORDAN ASOS MT
MONTH: APRIL
YEAR: 2022
LATITUDE: 47 19 N
LONGITUDE: 106 50 W
[TEMPERATURE DATA] [PRECIPITATION DATA] SYMBOLS USED IN COLUMN 16
AVERAGE MONTHLY: 40.9 TOTAL FOR MONTH: 1.33 1 = FOG OR MIST
DPTR FM NORMAL: -2.8 DPTR FM NORMAL: -0.02 2 = FOG REDUCING VISIBILITY
HIGHEST: 77 ON 8 GRTST 24HR 0.78 ON 22-23 TO 1/4 MILE OR LESS
LOWEST: 7 ON 16 3 = THUNDER
SNOW, ICE PELLETS, HAIL 4 = ICE PELLETS
TOTAL MONTH: M 5 = HAIL
GRTST 24HR M ON M 6 = FREEZING RAIN OR DRIZZLE
GRTST DEPTH: M ON M 7 = DUSTSTORM OR SANDSTORM:
VSBY 1/2 MILE OR LESS
8 = SMOKE OR HAZE
[NO. OF DAYS WITH] [WEATHER - DAYS WITH] 9 = BLOWING SNOW
X = TORNADO
MAX 32 OR BELOW: 2 0.01 INCH OR MORE: 11
MAX 90 OR ABOVE: 0 0.10 INCH OR MORE: 4
MIN 32 OR BELOW: 21 0.50 INCH OR MORE: 1
MIN 0 OR BELOW: 0 1.00 INCH OR MORE: 0
[HDD (BASE 65) ]
TOTAL THIS MO. 718 CLEAR (SCALE 0-3) 30
DPTR FM NORMAL 80 PTCLDY (SCALE 4-7) 0
TOTAL FM JUL 1 6783 CLOUDY (SCALE 8-10) 0
DPTR FM NORMAL -782
[CDD (BASE 65) ]
TOTAL THIS MO. 0
DPTR FM NORMAL 0 [PRESSURE DATA]
TOTAL FM JAN 1 0 HIGHEST SLP M ON M
DPTR FM NORMAL 0 LOWEST SLP 29.22 ON 4
[REMARKS]
#FINAL-04-22#