000
CXUS55 KGGW 010810
CF6JDN
PRELIMINARY LOCAL CLIMATOLOGICAL DATA (WS FORM: F-6)
STATION: JORDAN ASOS MT
MONTH: MAY
YEAR: 2021
LATITUDE: 47 19 N
LONGITUDE: 106 50 W
TEMPERATURE IN F: :PCPN: SNOW: WIND :SUNSHINE: SKY :PK WND
================================================================================
1 2 3 4 5 6A 6B 7 8 9 10 11 12 13 14 15 16 17 18
12Z AVG MX 2MIN
DY MAX MIN AVG DEP HDD CDD WTR SNW DPTH SPD SPD DIR MIN PSBL S-S WX SPD DR
================================================================================
1 77 39 58 10 7 0 0.00 M M 8.6 20 310 M M 0 27 280
2 61 36 49 0 16 0 0.00 M M 16.6 30 350 M M 0 43 360
3 61 27 44 -5 21 0 0.00 M M 6.2 17 330 M M 0 26 330
4 64 32 48 -1 17 0 0.00 M M 7.7 28 310 M M 0 35 310
5 58 30 44 -6 21 0 0.15 M M 5.8 17 360 M M 0 21 360
6 70 27 49 -1 16 0 0.00 M M 4.0 13 90 M M 0 16 330
7 77 41 59 9 6 0 0.05 M M 17.0 31 110 M M 0 42 110
8 52 38 45 -6 20 0 0.42 M M 12.3 21 100 M M 0 32 100
9 51 31 41 -10 24 0 0.01 M M 7.2 16 50 M M 0 21 90
10 60 27 44 -8 21 0 0.00 M M 3.5 14 140 M M 0 19 110
11 67 28 48 -4 17 0 0.00 M M 5.9 21 120 M M 0 27 130
12 68 40 54 2 11 0 0.06 M M 6.0 20 290 M M 0 26 300
13 69 37 53 1 12 0 0.01 M M 3.0 22 250 M M 0 27 240
14 72 41 57 4 8 0 0.00 M M 4.8 16 340 M M 0 22 340
15 77 36 57 4 8 0 0.00 M M 3.6 10 50 M M 0 15 50
16 81 39 60 6 5 0 0.00 M M 5.2 15 220 M M 0 19 220
17 88 44 66 12 0 1 0.00 M M 11.2 21 150 M M 0 28 210
18 93 51 72 18 0 7 0.00 M M 10.8 35 340 M M 0 45 340
19 70 50 60 5 5 0 0.02 M M 10.1 26 60 M M 0 36 80
20 55 37 46 -9 19 0 0.16 M M 17.9 29 70 M M 0 41 50
21 38 35 37 -18 28 0 0.04 M M 11.8 20 350 M M 0 24 350
22 51 36 44 -12 21 0 0.01 M M 6.0 14 80 M M 0 19 70
23 62 45 54 -2 11 0 0.08 M M 10.3 18 90 M M 0 25 90
24 72 44 58 2 7 0 0.00 M M 20.5 35 260 M M 0 48 250
25 62 40 51 -6 14 0 0.00 M M 17.1 28 310 M M 0 39 270
26 49 37 43 -14 22 0 0.15 M M 10.8 21 90 M M 0 29 90
27 60 37 49 -8 16 0 0.00 M M 12.0 23 120 M M 0 32 120
28 75 41 58 0 7 0 0.00 M M 9.3 21 320 M M 0 28 320
29 73 38 56 -2 9 0 0.00 M M 9.7 22 350 M M 0 28 360
30 78 39 59 1 6 0 0.00 M M 6.8 15 60 M M 0 24 30
31 84 38 61 2 4 0 0.00 M M 6.6 18 200 M M 0 26 210
================================================================================
SM 2075 1161 399 8 1.16 M 288.3 M 0
================================================================================
AV 66.9 37.5 9.3 FASTST M M 0 MAX(MPH)
MISC ----> # 35 340 48 250
================================================================================
NOTES:
# LAST OF SEVERAL OCCURRENCES
COLUMN 17 PEAK WIND IN M.P.H.
PRELIMINARY LOCAL CLIMATOLOGICAL DATA (WS FORM: F-6) , PAGE 2
STATION: JORDAN ASOS MT
MONTH: MAY
YEAR: 2021
LATITUDE: 47 19 N
LONGITUDE: 106 50 W
[TEMPERATURE DATA] [PRECIPITATION DATA] SYMBOLS USED IN COLUMN 16
AVERAGE MONTHLY: 52.2 TOTAL FOR MONTH: 1.16 1 = FOG OR MIST
DPTR FM NORMAL: -1.3 DPTR FM NORMAL: -0.84 2 = FOG REDUCING VISIBILITY
HIGHEST: 93 ON 18 GRTST 24HR 0.42 ON 8- 8 TO 1/4 MILE OR LESS
LOWEST: 27 ON 10, 6 3 = THUNDER
SNOW, ICE PELLETS, HAIL 4 = ICE PELLETS
TOTAL MONTH: M 5 = HAIL
GRTST 24HR M ON M 6 = FREEZING RAIN OR DRIZZLE
GRTST DEPTH: M ON M 7 = DUSTSTORM OR SANDSTORM:
VSBY 1/2 MILE OR LESS
8 = SMOKE OR HAZE
[NO. OF DAYS WITH] [WEATHER - DAYS WITH] 9 = BLOWING SNOW
X = TORNADO
MAX 32 OR BELOW: 0 0.01 INCH OR MORE: 12
MAX 90 OR ABOVE: 1 0.10 INCH OR MORE: 4
MIN 32 OR BELOW: 7 0.50 INCH OR MORE: 0
MIN 0 OR BELOW: 0 1.00 INCH OR MORE: 0
[HDD (BASE 65) ]
TOTAL THIS MO. 399 CLEAR (SCALE 0-3) 31
DPTR FM NORMAL 36 PTCLDY (SCALE 4-7) 0
TOTAL FM JUL 1 7354 CLOUDY (SCALE 8-10) 0
DPTR FM NORMAL -575
[CDD (BASE 65) ]
TOTAL THIS MO. 8
DPTR FM NORMAL 0 [PRESSURE DATA]
TOTAL FM JAN 1 13 HIGHEST SLP M ON M
DPTR FM NORMAL 5 LOWEST SLP 29.50 ON 18
[REMARKS]
#FINAL-05-21#