000
CXUS55 KBOI 011002
CF6JER
PRELIMINARY LOCAL CLIMATOLOGICAL DATA (WS FORM: F-6)
STATION: JEROME ID
MONTH: NOVEMBER
YEAR: 2020
LATITUDE: 42 43 N
LONGITUDE: 114 27 W
TEMPERATURE IN F: :PCPN: SNOW: WIND :SUNSHINE: SKY :PK WND
================================================================================
1 2 3 4 5 6A 6B 7 8 9 10 11 12 13 14 15 16 17 18
12Z AVG MX 2MIN
DY MAX MIN AVG DEP HDD CDD WTR SNW DPTH SPD SPD DIR MIN PSBL S-S WX SPD DR
================================================================================
1 69 34 52 9 13 0 0.00 M M 13.1 22 80 M M 0 26 80
2 74 42 58 16 7 0 0.00 M M 12.2 22 80 M M 0 27 80
3 75 39 57 15 8 0 0.00 M M 8.0 21 60 M M 0 8 25 60
4 70 41 56 14 9 0 0.00 M M 5.8 14 320 M M 0 17 300
5 74 41 58 17 7 0 0.00 M M 8.1 17 70 M M 0 19 70
6 71 44 58 17 7 0 0.00 M M 10.6 16 60 M M 0 23 120
7 48 33 41 1 24 0 0.06 M M 9.2 24 270 M M 5 128 28 270
8 34 28 31 -9 34 0 0.02 M M 12.7 23 260 M M 9 128 30 260
9 32 27 30 -10 35 0 T M M 11.4 21 280 M M 10 26 270
10 35 27 31 -8 34 0 0.02 M M 7.5 22 290 M M 7 12 27 300
11 38 27 33 -6 32 0 0.04 M M 12.3 25 280 M M 6 12 31 280
12 41 19 30 -8 35 0 0.00 M M 11.1 18 60 M M 0 22 70
13 42 23 33 -5 32 0 0.67 M M 14.8 33 280 M M 6 123 41 280
14 41 30 36 -1 29 0 T M M 13.8 28 270 M M 5 34 260
15 45 32 39 2 26 0 0.19 M M 8.5 16 60 M M 10 16 18 60
16 52 38 45 9 20 0 0.00 M M 16.1 25 60 M M 4 30 60
17 59 37 48 12 17 0 0.00 M M 16.8 28 70 M M 0 31 60
18 50 39 45 10 20 0 0.09 M M 7.0 22 270 M M 8 1 26 270
19 47 31 39 4 26 0 0.01 M M 6.7 22 290 M M 5 29 280
20 43 25 34 0 31 0 0.00 M M 8.1 16 70 M M 0 22 80
21 40 24 32 -2 33 0 0.00 M M 6.4 16 70 M M 0 20 70
22 44 23 34 0 31 0 0.00 M M 18.8 31 80 M M 0 40 90
23 38 25 32 -1 33 0 T M M 7.8 18 270 M M 4 23 290
24 40 26 33 0 32 0 T M M 5.6 16 70 M M 4 1 20 80
25 38 26 32 0 33 0 T M M 16.6 26 260 M M 4 1 34 260
26 39 27 33 1 32 0 0.00 M M 12.3 23 270 M M 6 1 29 280
27 39 20 30 -2 35 0 0.00 M M 8.3 17 70 M M 0 22 70
28 42 21 32 1 33 0 0.00 M M 10.5 22 80 M M 0 28 70
29 43 19 31 0 34 0 0.00 M M 15.2 24 70 M M 0 31 70
30 47 23 35 5 30 0 T M M 16.2 24 80 M M 3 31 80
================================================================================
SM 1450 891 772 0 1.10 M 331.5 M 96
================================================================================
AV 48.3 29.7 11.1 FASTST M M 3 MAX(MPH)
MISC ----> 33 280 41 280
================================================================================
NOTES:
# LAST OF SEVERAL OCCURRENCES
COLUMN 17 PEAK WIND IN M.P.H.
PRELIMINARY LOCAL CLIMATOLOGICAL DATA (WS FORM: F-6) , PAGE 2
STATION: JEROME ID
MONTH: NOVEMBER
YEAR: 2020
LATITUDE: 42 43 N
LONGITUDE: 114 27 W
[TEMPERATURE DATA] [PRECIPITATION DATA] SYMBOLS USED IN COLUMN 16
AVERAGE MONTHLY: 39.0 TOTAL FOR MONTH: 1.10 1 = FOG OR MIST
DPTR FM NORMAL: 2.4 DPTR FM NORMAL: -0.12 2 = FOG REDUCING VISIBILITY
HIGHEST: 75 ON 3 GRTST 24HR 0.67 ON 13-13 TO 1/4 MILE OR LESS
LOWEST: 19 ON 29,12 3 = THUNDER
SNOW, ICE PELLETS, HAIL 4 = ICE PELLETS
TOTAL MONTH: M 5 = HAIL
GRTST 24HR M ON M 6 = FREEZING RAIN OR DRIZZLE
GRTST DEPTH: M ON M 7 = DUSTSTORM OR SANDSTORM:
VSBY 1/2 MILE OR LESS
8 = SMOKE OR HAZE
[NO. OF DAYS WITH] [WEATHER - DAYS WITH] 9 = BLOWING SNOW
X = TORNADO
MAX 32 OR BELOW: 1 0.01 INCH OR MORE: 8
MAX 90 OR ABOVE: 0 0.10 INCH OR MORE: 2
MIN 32 OR BELOW: 20 0.50 INCH OR MORE: 1
MIN 0 OR BELOW: 0 1.00 INCH OR MORE: 0
[HDD (BASE 65) ]
TOTAL THIS MO. 772 CLEAR (SCALE 0-3) 15
DPTR FM NORMAL -80 PTCLDY (SCALE 4-7) 12
TOTAL FM JUL 1 1276 CLOUDY (SCALE 8-10) 3
DPTR FM NORMAL -274
[CDD (BASE 65) ]
TOTAL THIS MO. 0
DPTR FM NORMAL 0 [PRESSURE DATA]
TOTAL FM JAN 1 852 HIGHEST SLP 30.60 ON 21
DPTR FM NORMAL 342 LOWEST SLP 29.31 ON 7
[REMARKS]
#FINAL-11-20#