000
CXUS53 KSGF 010710
CF6JLN
PRELIMINARY LOCAL CLIMATOLOGICAL DATA (WS FORM: F-6)
STATION: JOPLIN MO
MONTH: MARCH
YEAR: 2023
LATITUDE: 37 10 N
LONGITUDE: 94 30 W
TEMPERATURE IN F: :PCPN: SNOW: WIND :SUNSHINE: SKY :PK WND
================================================================================
1 2 3 4 5 6A 6B 7 8 9 10 11 12 13 14 15 16 17 18
12Z AVG MX 2MIN
DY MAX MIN AVG DEP HDD CDD WTR SNW DPTH SPD SPD DIR MIN PSBL S-S WX SPD DR
================================================================================
1 62 44 53 9 12 0 0.00 M M 8.3 18 360 M M 3 24 360
2 53 38 46 2 19 0 0.86 M M 10.7 22 100 M M 6 13 29 100
3 50 37 44 0 21 0 0.19 M M 10.1 23 110 M M 7 1 31 100
4 60 36 48 3 17 0 0.00 M M 6.7 12 150 M M 1 16 20
5 75 47 61 16 4 0 0.00 M M 15.8 32 190 M M 1 42 190
6 70 48 59 14 6 0 0.00 M M 14.0 28 200 M M 3 38 180
7 58 39 49 3 16 0 0.22 M M 10.3 20 330 M M 6 13 30 80
8 53 46 50 4 15 0 T M M 6.6 22 120 M M 9 18 31 120
9 50 41 46 0 19 0 0.09 M M 7.7 16 340 M M 10 18 23 330
10 47 34 41 -6 24 0 0.00 M M 7.7 15 350 M M 6 19 360
11 48 41 45 -2 20 0 0.01 M M 11.3 21 140 M M 10 18 32 120
12 48 30 39 -8 26 0 0.00 M M 11.4 20 20 M M 7 27 30
13 41 22 32 -16 33 0 0.00 M M 6.6 17 350 M M 3 23 350
14 53 20 37 -11 28 0 0.00 M M 5.1 12 170 M M 0 20 180
15 65 38 52 4 13 0 0.00 M M 15.4 25 190 M M 4 35 150
16 61 34 48 -1 17 0 M M M 18.3 32 180 M M 7 1 45 190
17 47 27 37 -12 28 0 0.00 M M 10.2 22 330 M M 2 32 340
18 37 23 30 -19 35 0 0.00 M M 11.9 24 310 M M 3 33 310
19 42 17 30 -20 35 0 0.00 M M 5.2 12 210 M M 0 20 290
20 59 29 44 -6 21 0 0.00 M M 16.9 28 200 M M 4 37 200
21 52 42 47 -3 18 0 0.16 M M 12.1 21 170 M M 10 13 28 180
22 76 52 64 13 1 0 0.00 M M 18.0 30 210 M M 6 1 41 200
23 71 43 57 6 8 0 1.16 M M 15.0 28 200 M M 7 138 37 190
24 51 42 47 -4 18 0 0.24 M M 9.8 18 100 M M 10 1 25 110
25 61 40 51 -1 14 0 T M M 5.9 17 290 M M 5 1 24 280
26 57 36 47 -5 18 0 T M M 8.7 20 330 M M 5 12 25 350
27 56 29 43 -9 22 0 0.00 M M 6.9 13 10 M M 3 1 17 20
28 49 M M M M M 0.00 M M 8.8 16 360 M M 6 21 20
29 66 29 48 -5 17 0 0.00 M M 6.6 17 200 M M 2 18 24 230
30 71 52 62 9 3 0 0.16 M M 15.0 31 200 M M 9 13 42 190
31 80 57 69 15 0 4 T M M 21.7 44 250 M M 7 8 71 230
================================================================================
SM 1769 1113 528 4 3.09 M 338.7 M 162
================================================================================
AV 57.1 37.1 10.9 FASTST M M 5 MAX(MPH)
MISC ----> 44 250 71 230
================================================================================
NOTES:
# LAST OF SEVERAL OCCURRENCES
COLUMN 17 PEAK WIND IN M.P.H.
PRELIMINARY LOCAL CLIMATOLOGICAL DATA (WS FORM: F-6) , PAGE 2
STATION: JOPLIN MO
MONTH: MARCH
YEAR: 2023
LATITUDE: 37 10 N
LONGITUDE: 94 30 W
[TEMPERATURE DATA] [PRECIPITATION DATA] SYMBOLS USED IN COLUMN 16
AVERAGE MONTHLY: 47.1 TOTAL FOR MONTH: 3.09 1 = FOG OR MIST
DPTR FM NORMAL: -1.5 DPTR FM NORMAL: -0.20 2 = FOG REDUCING VISIBILITY
HIGHEST: 80 ON 31 GRTST 24HR 1.39 ON 23-24 TO 1/4 MILE OR LESS
LOWEST: 17 ON 19 3 = THUNDER
SNOW, ICE PELLETS, HAIL 4 = ICE PELLETS
TOTAL MONTH: M 5 = HAIL
GRTST 24HR M ON M 6 = FREEZING RAIN OR DRIZZLE
GRTST DEPTH: M ON M 7 = DUSTSTORM OR SANDSTORM:
VSBY 1/2 MILE OR LESS
8 = SMOKE OR HAZE
[NO. OF DAYS WITH] [WEATHER - DAYS WITH] 9 = BLOWING SNOW
X = TORNADO
MAX 32 OR BELOW: 0 0.01 INCH OR MORE: 9
MAX 90 OR ABOVE: 0 0.10 INCH OR MORE: 7
MIN 32 OR BELOW: 9 0.50 INCH OR MORE: 2
MIN 0 OR BELOW: 0 1.00 INCH OR MORE: 1
[HDD (BASE 65) ]
TOTAL THIS MO. 528 CLEAR (SCALE 0-3) 10
DPTR FM NORMAL 11 PTCLDY (SCALE 4-7) 15
TOTAL FM JUL 1 3469 CLOUDY (SCALE 8-10) 6
DPTR FM NORMAL -318
[CDD (BASE 65) ]
TOTAL THIS MO. 4
DPTR FM NORMAL -5 [PRESSURE DATA]
TOTAL FM JAN 1 4 HIGHEST SLP M ON M
DPTR FM NORMAL -6 LOWEST SLP 29.33 ON 3
[REMARKS]
#FINAL-03-23#