000
CXUS53 KSGF 010810
CF6JLN
PRELIMINARY LOCAL CLIMATOLOGICAL DATA (WS FORM: F-6)
STATION: JOPLIN MO
MONTH: FEBRUARY
YEAR: 2024
LATITUDE: 37 10 N
LONGITUDE: 94 30 W
TEMPERATURE IN F: :PCPN: SNOW: WIND :SUNSHINE: SKY :PK WND
================================================================================
1 2 3 4 5 6A 6B 7 8 9 10 11 12 13 14 15 16 17 18
12Z AVG MX 2MIN
DY MAX MIN AVG DEP HDD CDD WTR SNW DPTH SPD SPD DIR MIN PSBL S-S WX SPD DR
================================================================================
1 72 49 61 25 4 0 0.00 M M 12.9 24 200 M M 2 30 200
2 74 49 62 26 3 0 0.00 M M 7.9 17 120 M M 2 24 130
3 58 48 53 17 12 0 0.47 M M 12.7 26 110 M M 9 1 37 110
4 49 40 45 8 20 0 0.44 M M 10.3 18 20 M M 10 1 26 10
5 56 33 45 8 20 0 0.00 M M 7.0 13 20 M M 0 18 18 20
6 64 28 46 9 19 0 0.00 M M 2.3 10 120 M M 1 1 12 110
7 68 41 55 18 10 0 0.00 M M 11.6 22 150 M M 2 30 140
8 70 52 61 23 4 0 0.00 M M 21.4 36 210 M M 1 49 220
9 64 47 56 18 9 0 0.00 M M 12.3 24 220 M M 0 34 240
10 48 38 43 5 22 0 0.00 M M 10.0 15 30 M M 4 22 40
11 43 35 39 1 26 0 T M M 10.9 20 40 M M 9 28 40
12 46 32 39 1 26 0 0.38 M M 6.2 14 350 M M 6 12 19 20
13 59 29 44 5 21 0 0.00 M M 9.0 22 220 M M 0 29 230
14 67 38 53 14 12 0 0.00 M M 12.9 24 180 M M 0 32 190
15 55 39 47 8 18 0 0.00 M M 9.3 20 200 M M 2 25 210
16 45 30 38 -2 27 0 0.11 M M 13.0 26 10 M M 9 18 36 360
17 33 16 25 -15 40 0 0.00 M M 9.3 20 340 M M 2 26 340
18 52 23 38 -2 27 0 0.00 M M 10.4 17 240 M M 0 25 250
19 57 30 44 4 21 0 0.00 M M 8.3 17 190 M M 2 22 180
20 69 30 50 9 15 0 0.00 M M 6.1 13 220 M M 0 21 200
21 74 51 63 22 2 0 0.00 M M 11.4 22 190 M M 0 30 210
22 69 48 59 18 6 0 0.12 M M 8.1 29 220 M M 3 3 36 220
23 67 37 52 10 13 0 0.00 M M 9.6 24 300 M M 1 37 280
24 63 33 48 6 17 0 0.00 M M 6.3 16 170 M M 0 22 230
25 74 47 61 19 4 0 0.00 M M 9.1 20 220 M M 0 27 220
26 77 49 63 20 2 0 0.00 M M 12.1 23 210 M M 2 8 29 210
27 83 33 58 15 7 0 T M M 19.9 35 240 M M 2 3 45 250
28 41 21 31 -12 34 0 0.00 M M 9.2 23 320 M M 2 31 320
29 57 27 42 -1 23 0 T M M 9.4 24 210 M M 2 32 190
================================================================================
SM 1754 1073 464 0 1.52 M 298.9 M 73
================================================================================
AV 60.5 37.0 10.3 FASTST M M 3 MAX(MPH)
MISC ----> 36 210 49 220
================================================================================
NOTES:
# LAST OF SEVERAL OCCURRENCES
COLUMN 17 PEAK WIND IN M.P.H.
PRELIMINARY LOCAL CLIMATOLOGICAL DATA (WS FORM: F-6) , PAGE 2
STATION: JOPLIN MO
MONTH: FEBRUARY
YEAR: 2024
LATITUDE: 37 10 N
LONGITUDE: 94 30 W
[TEMPERATURE DATA] [PRECIPITATION DATA] SYMBOLS USED IN COLUMN 16
AVERAGE MONTHLY: 48.7 TOTAL FOR MONTH: 1.52 1 = FOG OR MIST
DPTR FM NORMAL: 9.3 DPTR FM NORMAL: -0.46 2 = FOG REDUCING VISIBILITY
HIGHEST: 83 ON 27 GRTST 24HR 0.82 ON 3- 4 TO 1/4 MILE OR LESS
LOWEST: 16 ON 17 3 = THUNDER
SNOW, ICE PELLETS, HAIL 4 = ICE PELLETS
TOTAL MONTH: M 5 = HAIL
GRTST 24HR M ON M 6 = FREEZING RAIN OR DRIZZLE
GRTST DEPTH: M ON M 7 = DUSTSTORM OR SANDSTORM:
VSBY 1/2 MILE OR LESS
8 = SMOKE OR HAZE
[NO. OF DAYS WITH] [WEATHER - DAYS WITH] 9 = BLOWING SNOW
X = TORNADO
MAX 32 OR BELOW: 0 0.01 INCH OR MORE: 5
MAX 90 OR ABOVE: 0 0.10 INCH OR MORE: 5
MIN 32 OR BELOW: 10 0.50 INCH OR MORE: 0
MIN 0 OR BELOW: 0 1.00 INCH OR MORE: 0
[HDD (BASE 65) ]
TOTAL THIS MO. 464 CLEAR (SCALE 0-3) 23
DPTR FM NORMAL -255 PTCLDY (SCALE 4-7) 2
TOTAL FM JUL 1 2820 CLOUDY (SCALE 8-10) 4
DPTR FM NORMAL -493
[CDD (BASE 65) ]
TOTAL THIS MO. 0
DPTR FM NORMAL -1 [PRESSURE DATA]
TOTAL FM JAN 1 0 HIGHEST SLP M ON M
DPTR FM NORMAL -1 LOWEST SLP 29.32 ON 27
[REMARKS]
#FINAL-02-24#