000
CXUS53 KBIS 010830
CF6JMS
PRELIMINARY LOCAL CLIMATOLOGICAL DATA (WS FORM: F-6)
STATION: JAMESTOWN ND
MONTH: NOVEMBER
YEAR: 2020
LATITUDE: 46 55 N
LONGITUDE: 98 40 W
TEMPERATURE IN F: :PCPN: SNOW: WIND :SUNSHINE: SKY :PK WND
================================================================================
1 2 3 4 5 6A 6B 7 8 9 10 11 12 13 14 15 16 17 18
12Z AVG MX 2MIN
DY MAX MIN AVG DEP HDD CDD WTR SNW DPTH SPD SPD DIR MIN PSBL S-S WX SPD DR
================================================================================
1 46 18 32 -4 33 0 0.00 M M 10.8 22 330 M M 0 30 340
2 66 37 52 16 13 0 0.00 M M 9.8 18 270 M M 0 23 270
3 74 41 58 23 7 0 0.00 M M 11.2 21 270 M M 0 27 240
4 75 34 55 21 10 0 0.00 M M 10.6 23 290 M M 0 32 260
5 72 33 53 19 12 0 0.00 M M 9.4 24 200 M M 0 33 190
6 60 35 48 15 17 0 0.00 M M 8.8 17 40 M M 0 8 22 10
7 42 33 38 5 27 0 0.00 M M 8.9 17 10 M M 7 18 21 10
8 69 32 51 19 14 0 0.00 M M 17.9 39 180 M M 2 54 200
9 32 21 27 -5 38 0 0.00 M M 15.4 26 300 M M 1 36 280
10 37 10 24 -7 41 0 0.00 M M 3.7 15 280 M M 0 8 18 270
11 44 15 30 0 35 0 0.00 M M 13.5 30 270 M M 4 8 43 260
12 25 10 18 -12 47 0 0.00 M M 11.8 28 290 M M 3 36 300
13 42 10 26 -3 39 0 0.00 M M 9.5 21 170 M M 0 26 170
14 55 28 42 14 23 0 0.00 M M 15.1 32 300 M M 3 44 300
15 38 25 32 4 33 0 0.00 M M 19.0 38 320 M M 6 50 320
16 33 15 24 -3 41 0 T M M 6.4 16 320 M M 5 22 310
17 40 13 27 0 38 0 0.00 M M 9.1 17 130 M M 3 26 110
18 55 28 42 16 23 0 0.00 M M 8.2 20 130 M M 0 27 120
19 46 33 40 14 25 0 0.10 M M 8.1 20 310 M M 9 1 27 340
20 36 16 26 1 39 0 0.00 M M 10.6 23 320 M M 5 31 320
21 51 15 33 9 32 0 0.00 M M 7.5 16 220 M M 0 21 220
22 36 16 26 2 39 0 0.00 M M 9.4 23 310 M M 2 18 30 320
23 42 16 29 6 36 0 0.00 M M 15.9 25 130 M M 3 18 36 150
24 37 23 30 7 35 0 0.00 M M 13.1 22 300 M M 10 18 28 320
25 43 20 32 10 33 0 0.00 M M 11.3 23 170 M M 3 18 29 170
26 45 23 34 12 31 0 T M M 15.3 29 320 M M 5 37 320
27 47 19 33 12 32 0 0.00 M M 10.3 18 300 M M 2 24 310
28 58 31 45 24 20 0 0.00 M M 13.7 36 310 M M 0 47 310
29 34 9 22 2 43 0 0.00 M M 15.9 35 330 M M 2 46 340
30 47 9 28 8 37 0 0.00 M M 10.4 20 200 M M 0 26 210
================================================================================
SM 1427 668 893 0 0.10 M 340.6 M 75
================================================================================
AV 47.6 22.3 11.4 FASTST M M 3 MAX(MPH)
MISC ----> # 39 180 # 54 200
================================================================================
NOTES:
# LAST OF SEVERAL OCCURRENCES
COLUMN 17 PEAK WIND IN M.P.H.
PRELIMINARY LOCAL CLIMATOLOGICAL DATA (WS FORM: F-6) , PAGE 2
STATION: JAMESTOWN ND
MONTH: NOVEMBER
YEAR: 2020
LATITUDE: 46 55 N
LONGITUDE: 98 40 W
[TEMPERATURE DATA] [PRECIPITATION DATA] SYMBOLS USED IN COLUMN 16
AVERAGE MONTHLY: 34.9 TOTAL FOR MONTH: 0.10 1 = FOG OR MIST
DPTR FM NORMAL: 7.1 DPTR FM NORMAL: -0.53 2 = FOG REDUCING VISIBILITY
HIGHEST: 75 ON 4 GRTST 24HR 0.10 ON 19-19 TO 1/4 MILE OR LESS
LOWEST: 9 ON 30,29 3 = THUNDER
SNOW, ICE PELLETS, HAIL 4 = ICE PELLETS
TOTAL MONTH: M 5 = HAIL
GRTST 24HR M ON M 6 = FREEZING RAIN OR DRIZZLE
GRTST DEPTH: M ON M 7 = DUSTSTORM OR SANDSTORM:
VSBY 1/2 MILE OR LESS
8 = SMOKE OR HAZE
[NO. OF DAYS WITH] [WEATHER - DAYS WITH] 9 = BLOWING SNOW
X = TORNADO
MAX 32 OR BELOW: 2 0.01 INCH OR MORE: 1
MAX 90 OR ABOVE: 0 0.10 INCH OR MORE: 1
MIN 32 OR BELOW: 23 0.50 INCH OR MORE: 0
MIN 0 OR BELOW: 0 1.00 INCH OR MORE: 0
[HDD (BASE 65) ]
TOTAL THIS MO. 893 CLEAR (SCALE 0-3) 21
DPTR FM NORMAL -224 PTCLDY (SCALE 4-7) 7
TOTAL FM JUL 1 1914 CLOUDY (SCALE 8-10) 2
DPTR FM NORMAL -170
[CDD (BASE 65) ]
TOTAL THIS MO. 0
DPTR FM NORMAL 0 [PRESSURE DATA]
TOTAL FM JAN 1 587 HIGHEST SLP 30.56 ON 20
DPTR FM NORMAL 141 LOWEST SLP 29.32 ON 14
[REMARKS]
#FINAL-11-20#