000
CXUS53 KBIS 010830
CF6JMS
PRELIMINARY LOCAL CLIMATOLOGICAL DATA (WS FORM: F-6)
STATION: JAMESTOWN ND
MONTH: AUGUST
YEAR: 2023
LATITUDE: 46 55 N
LONGITUDE: 98 40 W
TEMPERATURE IN F: :PCPN: SNOW: WIND :SUNSHINE: SKY :PK WND
================================================================================
1 2 3 4 5 6A 6B 7 8 9 10 11 12 13 14 15 16 17 18
12Z AVG MX 2MIN
DY MAX MIN AVG DEP HDD CDD WTR SNW DPTH SPD SPD DIR MIN PSBL S-S WX SPD DR
================================================================================
1 94 66 80 10 0 15 0.07 M M 7.9 17 320 M M 2 3 24 330
2 90 63 77 7 0 12 0.04 M M 4.3 16 170 M M 1 21 170
3 89 63 76 6 0 11 0.00 M M 4.1 13 50 M M 1 12 17 50
4 78 60 69 -1 0 4 0.00 M M 5.1 12 60 M M 0 18 17 70
5 73 64 69 -1 0 4 0.38 M M 5.2 18 130 M M 7 18 28 110
6 79 58 69 0 0 4 0.00 M M 6.9 16 340 M M 2 24 340
7 81 54 68 -1 0 3 0.00 M M 2.6 9 290 M M 1 18 13 300
8 84 56 70 1 0 5 0.15 M M 8.3 21 260 M M 1 13 29 270
9 77 56 67 -2 0 2 0.42 M M 4.8 24 270 M M 7 13 33 270
10 72 57 65 -4 0 0 0.05 M M 7.4 20 130 M M 7 12 27 140
11 78 61 70 1 0 5 0.00 M M 10.2 23 300 M M 3 123 34 300
12 77 56 67 -2 0 2 0.00 M M 7.7 21 300 M M 1 28 300
13 64 58 61 -7 4 0 0.40 M M 5.4 14 340 M M 9 1 20 330
14 77 56 67 -1 0 2 0.00 M M 5.6 10 280 M M 4 12 16 250
15 86 60 73 5 0 8 0.00 M M 9.0 15 240 M M 0 21 240
16 80 60 70 2 0 5 0.00 M M 15.0 31 300 M M 0 42 310
17 75 53 64 -4 1 0 0.00 M M 8.4 20 320 M M 0 26 310
18 84 57 71 4 0 6 0.00 M M 13.5 24 180 M M 0 32 190
19 82 54 68 1 0 3 0.00 M M 10.9 25 330 M M 1 1 35 350
20 62 52 57 -10 8 0 T M M 6.5 10 110 M M 6 16 50
21 70 59 65 -2 0 0 T M M 9.0 16 100 M M 10 25 90
22 74 64 69 2 0 4 0.00 M M 5.1 13 80 M M 10 1 19 90
23 74 64 69 3 0 4 0.00 M M 4.8 13 330 M M 10 1 18 330
24 86 65 76 10 0 11 0.02 M M 3.9 21 340 M M 8 123 30 340
25 76 56 66 0 0 1 0.00 M M 8.7 18 330 M M 3 27 320
26 73 48 61 -5 4 0 0.00 M M 5.0 10 130 M M 3 12 15 170
27 86 56 71 6 0 6 T M M 8.1 18 190 M M 2 26 200
28 82 56 69 4 0 4 0.00 M M 6.1 16 320 M M 0 22 330
29 80 54 67 2 0 2 0.00 M M 7.6 14 20 M M 1 18 24 20
30 81 46 64 0 1 0 0.00 M M 9.0 20 150 M M 2 128 27 140
31 89 63 76 12 0 11 0.01 M M 11.4 25 150 M M 0 3 37 150
================================================================================
SM 2453 1795 18 134 1.54 M 227.5 M 102
================================================================================
AV 79.1 57.9 7.3 FASTST M M 3 MAX(MPH)
MISC ----> 31 300 42 310
================================================================================
NOTES:
# LAST OF SEVERAL OCCURRENCES
COLUMN 17 PEAK WIND IN M.P.H.
PRELIMINARY LOCAL CLIMATOLOGICAL DATA (WS FORM: F-6) , PAGE 2
STATION: JAMESTOWN ND
MONTH: AUGUST
YEAR: 2023
LATITUDE: 46 55 N
LONGITUDE: 98 40 W
[TEMPERATURE DATA] [PRECIPITATION DATA] SYMBOLS USED IN COLUMN 16
AVERAGE MONTHLY: 68.5 TOTAL FOR MONTH: 1.54 1 = FOG OR MIST
DPTR FM NORMAL: 1.0 DPTR FM NORMAL: -0.88 2 = FOG REDUCING VISIBILITY
HIGHEST: 94 ON 1 GRTST 24HR 0.43 ON 9-10 TO 1/4 MILE OR LESS
LOWEST: 46 ON 30 3 = THUNDER
SNOW, ICE PELLETS, HAIL 4 = ICE PELLETS
TOTAL MONTH: M 5 = HAIL
GRTST 24HR M ON M 6 = FREEZING RAIN OR DRIZZLE
GRTST DEPTH: M ON M 7 = DUSTSTORM OR SANDSTORM:
VSBY 1/2 MILE OR LESS
8 = SMOKE OR HAZE
[NO. OF DAYS WITH] [WEATHER - DAYS WITH] 9 = BLOWING SNOW
X = TORNADO
MAX 32 OR BELOW: 0 0.01 INCH OR MORE: 9
MAX 90 OR ABOVE: 2 0.10 INCH OR MORE: 4
MIN 32 OR BELOW: 0 0.50 INCH OR MORE: 0
MIN 0 OR BELOW: 0 1.00 INCH OR MORE: 0
[HDD (BASE 65) ]
TOTAL THIS MO. 18 CLEAR (SCALE 0-3) 20
DPTR FM NORMAL -26 PTCLDY (SCALE 4-7) 7
TOTAL FM JUL 1 54 CLOUDY (SCALE 8-10) 4
DPTR FM NORMAL -10
[CDD (BASE 65) ]
TOTAL THIS MO. 134
DPTR FM NORMAL 11 [PRESSURE DATA]
TOTAL FM JAN 1 554 HIGHEST SLP 30.36 ON 20
DPTR FM NORMAL 168 LOWEST SLP 29.53 ON 16
[REMARKS]
#FINAL-08-23#