000
CXUS53 KGRR 010910
CF6JXN
PRELIMINARY LOCAL CLIMATOLOGICAL DATA (WS FORM: F-6)
STATION: JACKSON
MONTH: MARCH
YEAR: 2021
LATITUDE: 42 16 N
LONGITUDE: 84 28 W
TEMPERATURE IN F: :PCPN: SNOW: WIND :SUNSHINE: SKY :PK WND
================================================================================
1 2 3 4 5 6A 6B 7 8 9 10 11 12 13 14 15 16 17 18
12Z AVG MX 2MIN
DY MAX MIN AVG DEP HDD CDD WTR SNW DPTH SPD SPD DIR MIN PSBL S-S WX SPD DR
================================================================================
1 38 19 29 -1 36 0 T M M 13.0 22 270 M M 6 36 260
2 39 13 26 -4 39 0 0.00 M M 8.2 22 190 M M 0 30 230
3 56 33 45 14 20 0 0.00 M M 11.1 21 220 M M 0 33 200
4 34 18 26 -5 39 0 0.00 M M 7.8 16 340 M M 4 26 320
5 43 18 31 0 34 0 0.00 M M 7.6 16 310 M M 0 26 290
6 41 19 30 -2 35 0 0.00 M M 7.3 16 300 M M 1 28 270
7 42 14 28 -4 37 0 0.00 M M 2.1 9 290 M M 0 15 270
8 66 30 48 16 17 0 0.00 M M 10.3 25 210 M M 2 36 240
9 64 31 48 15 17 0 0.00 M M 6.2 18 150 M M 0 18 24 150
10 71 40 56 23 9 0 0.00 M M 14.1 26 190 M M 4 42 190
11 68 37 53 19 12 0 0.00 M M 16.4 33 220 M M 4 48 260
12 54 30 42 8 23 0 0.00 M M 8.7 25 240 M M 0 40 270
13 53 17 35 1 30 0 0.00 M M 5.3 17 230 M M 0 22 240
14 50 29 40 5 25 0 0.00 M M 9.1 20 30 M M 0 27 40
15 37 23 30 -5 35 0 T M M 13.3 25 70 M M 3 40 90
16 48 30 39 3 26 0 0.00 M M 5.9 13 70 M M 7 21 90
17 62 24 43 7 22 0 0.00 M M 5.4 21 20 M M 0 18 35 10
18 44 30 37 1 28 0 0.03 M M 16.8 29 20 M M 6 48 40
19 50 26 38 1 27 0 0.00 M M 8.1 18 30 M M 0 27 360
20 57 21 39 2 26 0 0.00 M M 4.1 13 160 M M 0 16 160
21 65 25 45 7 20 0 0.00 M M 6.4 17 150 M M 0 24 150
22 69 31 50 12 15 0 0.00 M M 7.6 22 170 M M 3 34 220
23 71 47 59 21 6 0 T M M 8.5 20 140 M M 7 28 150
24 71 51 61 22 4 0 0.08 M M 13.7 26 210 M M 7 1 38 210
25 63 44 54 15 11 0 0.31 M M 7.8 21 40 M M 6 1 30 40
26 53 38 46 6 19 0 0.60 M M 10.5 23 20 M M 10 1 35 30
27 58 37 48 8 17 0 0.41 M M 7.3 17 140 M M 9 18 25 140
28 52 34 43 3 22 0 0.26 M M 14.1 25 270 M M 10 1 44 270
29 52 25 39 -2 26 0 0.00 M M 10.0 20 160 M M 2 28 150
30 71 45 58 17 7 0 0.08 M M 16.2 28 190 M M 3 1 40 210
31 49 30 40 -2 25 0 0.06 M M 11.1 21 240 M M 5 36 270
================================================================================
SM 1691 909 709 0 1.83 M 294.0 M 99
================================================================================
AV 54.5 29.3 9.5 FASTST M M 3 MAX(MPH)
MISC ----> 33 220 # 48 260
================================================================================
NOTES:
# LAST OF SEVERAL OCCURRENCES
COLUMN 17 PEAK WIND IN M.P.H.
PRELIMINARY LOCAL CLIMATOLOGICAL DATA (WS FORM: F-6) , PAGE 2
STATION: JACKSON
MONTH: MARCH
YEAR: 2021
LATITUDE: 42 16 N
LONGITUDE: 84 28 W
[TEMPERATURE DATA] [PRECIPITATION DATA] SYMBOLS USED IN COLUMN 16
AVERAGE MONTHLY: 41.9 TOTAL FOR MONTH: 1.83 1 = FOG OR MIST
DPTR FM NORMAL: 6.2 DPTR FM NORMAL: -0.07 2 = FOG REDUCING VISIBILITY
HIGHEST: 71 ON 30,24 GRTST 24HR 0.93 ON 25-26 TO 1/4 MILE OR LESS
LOWEST: 13 ON 2 3 = THUNDER
SNOW, ICE PELLETS, HAIL 4 = ICE PELLETS
TOTAL MONTH: M 5 = HAIL
GRTST 24HR M ON M 6 = FREEZING RAIN OR DRIZZLE
GRTST DEPTH: M ON M 7 = DUSTSTORM OR SANDSTORM:
VSBY 1/2 MILE OR LESS
8 = SMOKE OR HAZE
[NO. OF DAYS WITH] [WEATHER - DAYS WITH] 9 = BLOWING SNOW
X = TORNADO
MAX 32 OR BELOW: 0 0.01 INCH OR MORE: 8
MAX 90 OR ABOVE: 0 0.10 INCH OR MORE: 4
MIN 32 OR BELOW: 21 0.50 INCH OR MORE: 1
MIN 0 OR BELOW: 0 1.00 INCH OR MORE: 0
[HDD (BASE 65) ]
TOTAL THIS MO. 709 CLEAR (SCALE 0-3) 16
DPTR FM NORMAL -201 PTCLDY (SCALE 4-7) 12
TOTAL FM JUL 1 5243 CLOUDY (SCALE 8-10) 3
DPTR FM NORMAL -581
[CDD (BASE 65) ]
TOTAL THIS MO. 0
DPTR FM NORMAL 0 [PRESSURE DATA]
TOTAL FM JAN 1 0 HIGHEST SLP 30.63 ON 20
DPTR FM NORMAL 0 LOWEST SLP 29.46 ON 26
[REMARKS]
#FINAL-03-21#