000
CXUS53 KIND 010600
CF6LAF
PRELIMINARY LOCAL CLIMATOLOGICAL DATA (WS FORM: F-6)
STATION: LAFAYETTE IN
MONTH: JULY
YEAR: 2020
LATITUDE: 40 25 N
LONGITUDE: 86 56 W
TEMPERATURE IN F: :PCPN: SNOW: WIND :SUNSHINE: SKY :PK WND
================================================================================
1 2 3 4 5 6A 6B 7 8 9 10 11 12 13 14 15 16 17 18
12Z AVG MX 2MIN
DY MAX MIN AVG DEP HDD CDD WTR SNW DPTH SPD SPD DIR MIN PSBL S-S WX SPD DR
================================================================================
1 90 67 79 5 0 14 0.00 M M 4.8 14 100 M M 2 12 19 90
2 91 67 79 4 0 14 0.00 M M 5.6 14 70 M M 1 20 60
3 93 67 80 5 0 15 0.00 M M 4.4 13 340 M M 3 18 60
4 95 66 81 6 0 16 0.00 M M 3.7 15 20 M M 2 18 19 20
5 95 70 83 8 0 18 0.00 M M 3.3 12 360 M M 1 18 19 30
6 95 70 83 8 0 18 0.23 M M 2.4 24 30 M M 1 13 33 30
7 93 71 82 7 0 17 0.00 M M 2.3 16 330 M M 1 13 20 330
8 95 71 83 8 0 18 T M M 3.3 21 70 M M 1 138 26 70
9 93 67 80 5 0 15 0.00 M M 3.6 13 190 M M 0 19 220
10 89 72 81 6 0 16 0.12 M M 9.6 23 310 M M 4 13 33 310
11 90 64 77 2 0 12 0.40 M M 6.6 25 290 M M 1 13 35 350
12 86 62 74 -1 0 9 0.34 M M 6.2 25 100 M M 3 13 32 110
13 85 59 72 -3 0 7 0.00 M M 5.3 16 350 M M 0 1 22 340
14 86 60 73 -2 0 8 0.00 M M 3.3 10 160 M M 0 1 15 140
15 89 65 77 2 0 12 0.35 0.0 0 5.7 15 190 M M 2 13 27 160
16 84 69 77 2 0 12 T 0.0 0 6.1 22 270 M M 7 1 32 270
17 89 64 77 2 0 12 0.00 M M 2.5 9 200 M M 3 12 14 220
18 92 71 82 7 0 17 0.00 M M 5.6 14 210 M M 2 22 200
19 87 73 80 5 0 15 0.16 M M 7.3 30 290 M M 3 13 49 320
20 86 72 79 5 0 14 0.00 M M 3.7 16 250 M M 1 24 260
21 87 69 78 4 0 13 0.32 M M 3.3 23 300 M M 3 13 37 300
22 87 71 79 5 0 14 T M M 4.7 12 270 M M 5 20 230
23 86 66 76 2 0 11 0.00 M M 4.1 14 290 M M 3 12 19 290
24 87 62 75 1 0 10 0.00 M M 3.2 12 290 M M 2 1 21 330
25 89 62 76 2 0 11 0.00 M M 1.9 10 210 M M 2 12 15 220
26 95 68 82 8 0 17 0.00 M M 4.6 14 250 M M 1 20 230
27 90 71 81 7 0 16 0.59 M M 5.5 21 340 M M 5 13 33 310
28 88 62 75 1 0 10 0.00 M M 3.3 13 260 M M 2 12 16 260
29 89 64 77 3 0 12 0.00 M M 3.0 12 250 M M 0 1 17 200
30 77 68 73 -1 0 8 0.30 M M 3.8 12 90 M M 5 1 17 100
31 84 67 76 2 0 11 0.00 M M 9.1 17 70 M M 1 25 40
================================================================================
SM 2762 2077 0 412 2.81 0.0 141.8 M 67
================================================================================
AV 89.1 67.0 4.6 FASTST M M 2 MAX(MPH)
MISC ----> 30 290 49 320
================================================================================
NOTES:
# LAST OF SEVERAL OCCURRENCES
COLUMN 17 PEAK WIND IN M.P.H.
PRELIMINARY LOCAL CLIMATOLOGICAL DATA (WS FORM: F-6) , PAGE 2
STATION: LAFAYETTE IN
MONTH: JULY
YEAR: 2020
LATITUDE: 40 25 N
LONGITUDE: 86 56 W
[TEMPERATURE DATA] [PRECIPITATION DATA] SYMBOLS USED IN COLUMN 16
AVERAGE MONTHLY: 78.0 TOTAL FOR MONTH: 2.81 1 = FOG OR MIST
DPTR FM NORMAL: 3.4 DPTR FM NORMAL: -1.16 2 = FOG REDUCING VISIBILITY
HIGHEST: 95 ON 26, 8 GRTST 24HR 0.74 ON 11-12 TO 1/4 MILE OR LESS
LOWEST: 59 ON 13 3 = THUNDER
SNOW, ICE PELLETS, HAIL 4 = ICE PELLETS
TOTAL MONTH: 0.0 INCH 5 = HAIL
GRTST 24HR 0.0 6 = FREEZING RAIN OR DRIZZLE
GRTST DEPTH: 0 7 = DUSTSTORM OR SANDSTORM:
VSBY 1/2 MILE OR LESS
8 = SMOKE OR HAZE
[NO. OF DAYS WITH] [WEATHER - DAYS WITH] 9 = BLOWING SNOW
X = TORNADO
MAX 32 OR BELOW: 0 0.01 INCH OR MORE: 9
MAX 90 OR ABOVE: 13 0.10 INCH OR MORE: 9
MIN 32 OR BELOW: 0 0.50 INCH OR MORE: 1
MIN 0 OR BELOW: 0 1.00 INCH OR MORE: 0
[HDD (BASE 65) ]
TOTAL THIS MO. 0 CLEAR (SCALE 0-3) 26
DPTR FM NORMAL -1 PTCLDY (SCALE 4-7) 5
TOTAL FM JUL 1 0 CLOUDY (SCALE 8-10) 0
DPTR FM NORMAL 0
[CDD (BASE 65) ]
TOTAL THIS MO. 412
DPTR FM NORMAL 115 [PRESSURE DATA]
TOTAL FM JAN 1 823 HIGHEST SLP M ON M
DPTR FM NORMAL 232 LOWEST SLP 29.69 ON 12
[REMARKS]
#FINAL-07-20#