578
CXUS52 KTBW 110227
CF6LAL
PRELIMINARY LOCAL CLIMATOLOGICAL DATA (WS FORM: F-6)
STATION: LAKELAND LINDER
MONTH: JANUARY
YEAR: 2021
LATITUDE: 28 0 N
LONGITUDE: 82 3 W
TEMPERATURE IN F: :PCPN: SNOW: WIND :SUNSHINE: SKY :PK WND
================================================================================
1 2 3 4 5 6A 6B 7 8 9 10 11 12 13 14 15 16 17 18
12Z AVG MX 2MIN
DY MAX MIN AVG DEP HDD CDD WTR SNW DPTH SPD SPD DIR MIN PSBL S-S WX SPD DR
================================================================================
1 84 68 76 15 0 11 0.00 0.0 0 10.5 17 160 M M 4 24 160
2 82 68 75 14 0 10 0.00 0.0 0 8.0 15 210 M M 6 1 20 210
3 81 58 70 9 0 5 0.03 0.0 0 7.4 13 280 M M 9 16 200
4 68 48 58 -2 7 0 0.00 0.0 0 4.8 10 360 M M 1 M M
5 71 42 57 -3 8 0 0.00 0.0 0 5.7 16 300 M M 1 23 300
6 69 44 57 -3 8 0 0.00 0.0 0 3.7 8 60 M M 0 M M
7 74 51 63 3 2 0 0.00 0.0 0 7.0 16 160 M M 2 25 160
8 73 55 64 4 1 0 0.13 0.0 0 9.0 18 289 M M 5 1 28 289
9 72 48 60 0 5 0 0.00 0.0 0 7.4 15 330 M M 7 20 300
10 61 40 51 -9 14 0 0.00 0.0 0 5.1 10 M M M 3 M M
11 75 50 63 3 2 0 0.00 0.0 0 5.1 17 210 M M 2 23 210
12 74 60 67 7 0 2 0.00 0.0 0 6.0 12 280 M M 7 1 18 320
13 63 51 57 -3 8 0 0.00 0.0 0 4.0 8 320 M M 10 1 M M
14 65 49 57 -3 8 0 0.00 0.0 0 1.5 7 280 M M 4 M M
15 75 44 60 0 5 0 0.00 0.0 0 7.0 16 250 M M 3 25 230
16 74 48 61 1 4 0 0.17 0.0 0 5.5 16 270 M M 6 1 24 270
17 63 46 55 -6 10 0 0.00 0.0 0 1.2 5 99 M M 7 M M
18 69 47 58 -3 7 0 0.00 0.0 0 4.0 10 320 M M 2 16 320
19 70 41 56 -5 9 0 0.00 0.0 0 3.3 12 80 M M 0 M M
20 74 46 60 -1 5 0 0.00 0.0 0 1.5 7 330 M M 0 M M
21 76 45 61 0 4 0 0.00 0.0 0 3.1 12 260 M M 0 M M
22 77 45 61 0 4 0 0.00 0.0 0 6.1 14 260 M M 1 21 260
23 76 57 67 6 0 2 0.00 0.0 0 3.4 13 50 M M 8 12 M M
24 80 58 69 8 0 4 0.00 0.0 0 1.2 6 360 M M 6 M M
25 81 63 72 11 0 7 0.00 0.0 0 5.5 15 160 M M 6 1 18 150
26 82 57 70 9 0 5 0.00 0.0 0 4.0 10 230 M M 6 12 M M
27 82 62 72 11 0 7 0.00 0.0 0 8.4 16 240 M M 7 12 18 240
28 80 54 67 6 0 2 0.11 0.0 0 10.5 16 350 M M 2 24 360
29 68 41 55 -7 10 0 0.00 0.0 0 4.2 8 20 M M 0 M M
30 74 45 60 -2 5 0 0.00 0.0 0 5.9 13 170 M M 2 20 150
31 79 54 67 5 0 2 0.00 0.0 0 9.2 20 210 M M 4 27 180
================================================================================
SM 2292 1585 126 57 0.44 0.0 169.2 M 121
================================================================================
AV 73.9 51.1 5.5 FASTST M M 4 MAX(MPH)
MISC ----> 20 210 28 289
================================================================================
NOTES:
# LAST OF SEVERAL OCCURRENCES
COLUMN 17 PEAK WIND IN M.P.H.
PRELIMINARY LOCAL CLIMATOLOGICAL DATA (WS FORM: F-6) , PAGE 2
STATION: LAKELAND LINDER
MONTH: JANUARY
YEAR: 2021
LATITUDE: 28 0 N
LONGITUDE: 82 3 W
[TEMPERATURE DATA] [PRECIPITATION DATA] SYMBOLS USED IN COLUMN 16
AVERAGE MONTHLY: 62.5 TOTAL FOR MONTH: 0.44 1 = FOG OR MIST
DPTR FM NORMAL: 1.8 DPTR FM NORMAL: -2.20 2 = FOG REDUCING VISIBILITY
HIGHEST: 84 ON 1 GRTST 24HR 0.17 ON 16-16 TO 1/4 MILE OR LESS
LOWEST: 40 ON 10 3 = THUNDER
SNOW, ICE PELLETS, HAIL 4 = ICE PELLETS
TOTAL MONTH: 0.0 INCH 5 = HAIL
GRTST 24HR 0.0 6 = FREEZING RAIN OR DRIZZLE
GRTST DEPTH: 0 7 = DUSTSTORM OR SANDSTORM:
VSBY 1/2 MILE OR LESS
8 = SMOKE OR HAZE
[NO. OF DAYS WITH] [WEATHER - DAYS WITH] 9 = BLOWING SNOW
X = TORNADO
MAX 32 OR BELOW: 0 0.01 INCH OR MORE: 4
MAX 90 OR ABOVE: 0 0.10 INCH OR MORE: 3
MIN 32 OR BELOW: 0 0.50 INCH OR MORE: 0
MIN 0 OR BELOW: 0 1.00 INCH OR MORE: 0
[HDD (BASE 65) ]
TOTAL THIS MO. 126 CLEAR (SCALE 0-3) 14
DPTR FM NORMAL -27 PTCLDY (SCALE 4-7) 15
TOTAL FM JUL 1 288 CLOUDY (SCALE 8-10) 2
DPTR FM NORMAL -55
[CDD (BASE 65) ]
TOTAL THIS MO. 57
DPTR FM NORMAL 0 [PRESSURE DATA]
TOTAL FM JAN 1 57 HIGHEST SLP M ON M
DPTR FM NORMAL 0 LOWEST SLP M ON M
[REMARKS]
#FINAL-01-21#