000
CXUS54 KOUN 010810
CF6LAW
PRELIMINARY LOCAL CLIMATOLOGICAL DATA (WS FORM: F-6)
STATION: LAWTON
MONTH: SEPTEMBER
YEAR: 2021
LATITUDE: 34 34 N
LONGITUDE: 98 25 W
TEMPERATURE IN F: :PCPN: SNOW: WIND :SUNSHINE: SKY :PK WND
================================================================================
1 2 3 4 5 6A 6B 7 8 9 10 11 12 13 14 15 16 17 18
12Z AVG MX 2MIN
DY MAX MIN AVG DEP HDD CDD WTR SNW DPTH SPD SPD DIR MIN PSBL S-S WX SPD DR
================================================================================
1 99 71 85 5 0 20 0.00 0.0 0 5.1 13 140 M M 0 19 140
2 98 74 86 6 0 21 0.00 0.0 0 9.2 20 160 M M 1 8 27 160
3 98 76 87 8 0 22 0.00 0.0 0 8.8 17 140 M M 1 23 140
4 100 71 86 7 0 21 0.12 0.0 M 6.8 20 320 M M 2 28 330
5 91 69 80 1 0 15 0.00 0.0 0 8.9 17 20 M M 2 21 50
6 94 64 79 1 0 14 0.00 0.0 0 5.1 13 160 M M 1 17 170
7 96 67 82 4 0 17 0.00 0.0 0 6.5 16 190 M M 1 3 23 190
8 92 62 77 -1 0 12 T 0.0 0 9.6 21 50 M M 1 3 26 50
9 93 56 75 -2 0 10 0.00 0.0 0 5.8 16 190 M M 0 22 160
10 94 61 78 1 0 13 0.00 0.0 0 7.8 20 180 M M 1 26 170
11 96 60 78 1 0 13 0.00 0.0 0 8.7 21 160 M M 0 27 160
12 94 57 76 0 0 11 0.00 0.0 0 8.1 16 140 M M 0 23 130
13 94 59 77 1 0 12 0.00 0.0 0 8.2 20 170 M M 0 26 150
14 92 64 78 2 0 13 0.00 0.0 0 8.1 16 170 M M 0 21 140
15 92 62 77 2 0 12 0.00 0.0 0 3.1 15 60 M M 0 1 18 60
16 95 64 80 5 0 15 0.00 0.0 0 5.5 15 140 M M 1 19 130
17 95 65 80 5 0 15 0.00 0.0 0 5.5 16 90 M M 0 24 120
18 95 65 80 6 0 15 0.00 0.0 0 4.2 12 20 M M 0 17 30
19 96 63 80 6 0 15 0.00 0.0 0 5.7 14 160 M M 0 17 160
20 101 67 84 10 0 19 0.00 0.0 0 11.1 30 10 M M 0 37 20
21 83 55 69 -4 0 4 0.00 0.0 0 18.6 35 20 M M 1 45 10
22 83 49 66 -7 0 1 0.00 0.0 0 3.9 13 10 M M 0 19 30
23 86 46 66 -6 0 1 0.00 0.0 0 5.8 15 160 M M 0 21 160
24 89 48 69 -3 0 4 0.00 0.0 0 4.9 13 180 M M 0 18 17 200
25 92 53 73 1 0 8 0.00 0.0 0 4.7 14 160 M M 0 17 160
26 93 55 74 3 0 9 0.00 0.0 0 7.7 21 180 M M 0 28 200
27 94 53 74 3 0 9 0.00 0.0 0 8.6 18 170 M M 0 25 180
28 96 61 79 8 0 14 1.58 0.0 0 8.2 28 340 M M 2 13 34 350
29 89 64 77 7 0 12 0.01 0.0 M 10.2 21 140 M M 1 25 140
30 84 66 75 5 0 10 0.01 0.0 0 7.7 17 70 M M 4 3 22 70
================================================================================
SM 2794 1847 0 377 1.72 0.0 222.1 M 19
================================================================================
AV 93.1 61.6 7.4 FASTST M M 1 MAX(MPH)
MISC ----> 35 20 45 10
================================================================================
NOTES:
# LAST OF SEVERAL OCCURRENCES
COLUMN 17 PEAK WIND IN M.P.H.
PRELIMINARY LOCAL CLIMATOLOGICAL DATA (WS FORM: F-6) , PAGE 2
STATION: LAWTON
MONTH: SEPTEMBER
YEAR: 2021
LATITUDE: 34 34 N
LONGITUDE: 98 25 W
[TEMPERATURE DATA] [PRECIPITATION DATA] SYMBOLS USED IN COLUMN 16
AVERAGE MONTHLY: 77.4 TOTAL FOR MONTH: 1.72 1 = FOG OR MIST
DPTR FM NORMAL: 2.3 DPTR FM NORMAL: -1.08 2 = FOG REDUCING VISIBILITY
HIGHEST: 101 ON 20 GRTST 24HR 1.59 ON 28-29 TO 1/4 MILE OR LESS
LOWEST: 46 ON 23 3 = THUNDER
SNOW, ICE PELLETS, HAIL 4 = ICE PELLETS
TOTAL MONTH: 0.0 INCH 5 = HAIL
GRTST 24HR 0.0 6 = FREEZING RAIN OR DRIZZLE
GRTST DEPTH: 0 7 = DUSTSTORM OR SANDSTORM:
VSBY 1/2 MILE OR LESS
8 = SMOKE OR HAZE
[NO. OF DAYS WITH] [WEATHER - DAYS WITH] 9 = BLOWING SNOW
X = TORNADO
MAX 32 OR BELOW: 0 0.01 INCH OR MORE: 4
MAX 90 OR ABOVE: 24 0.10 INCH OR MORE: 2
MIN 32 OR BELOW: 0 0.50 INCH OR MORE: 1
MIN 0 OR BELOW: 0 1.00 INCH OR MORE: 1
[HDD (BASE 65) ]
TOTAL THIS MO. 0 CLEAR (SCALE 0-3) 29
DPTR FM NORMAL -11 PTCLDY (SCALE 4-7) 1
TOTAL FM JUL 1 0 CLOUDY (SCALE 8-10) 0
DPTR FM NORMAL -7
[CDD (BASE 65) ]
TOTAL THIS MO. 377
DPTR FM NORMAL 63 [PRESSURE DATA]
TOTAL FM JAN 1 2065 HIGHEST SLP M ON M
DPTR FM NORMAL -165 LOWEST SLP 29.68 ON 28
[REMARKS]
#FINAL-09-21#