000
CXUS53 KLBF 011510
CF6LBF
PRELIMINARY LOCAL CLIMATOLOGICAL DATA (WS FORM: F-6)
STATION: NORTH PLATTE
MONTH: FEBRUARY
YEAR: 2024
LATITUDE: 41 7 N
LONGITUDE: 100 41 W
TEMPERATURE IN F: :PCPN: SNOW: WIND :SUNSHINE: SKY :PK WND
================================================================================
1 2 3 4 5 6A 6B 7 8 9 10 11 12 13 14 15 16 17 18
12Z AVG MX 2MIN
DY MAX MIN AVG DEP HDD CDD WTR SNW DPTH SPD SPD DIR MIN PSBL S-S WX SPD DR
================================================================================
1 65 25 45 18 20 0 0.00 0.0 0 4.8 10 20 M M 1 13 50
2 42 34 38 11 27 0 T 0.0 0 6.3 14 120 M M 10 12 18 120
3 46 39 43 16 22 0 0.43 0.0 0 13.1 25 120 M M 10 12 35 100
4 44 38 41 14 24 0 0.16 0.0 0 6.0 13 20 M M 10 12 19 20
5 51 32 42 15 23 0 0.00 0.0 0 6.1 13 170 M M 6 12 17 170
6 50 35 43 16 22 0 0.00 0.0 0 6.9 14 210 M M 2 12 20 180
7 62 43 53 25 12 0 T 0.0 0 12.9 28 180 M M 1 39 190
8 55 26 41 13 24 0 0.01 0.0 0 12.5 30 300 M M 5 41 300
9 49 21 35 7 30 0 0.00 0.0 0 6.2 13 360 M M 1 18 320
10 35 20 28 0 37 0 T 0.1 0 4.6 13 20 M M 7 18 17 30
11 44 16 30 2 35 0 0.00 0.0 T 7.1 15 280 M M 2 1 23 250
12 56 17 37 9 28 0 0.00 0.0 0 8.3 20 270 M M 2 25 250
13 56 18 37 8 28 0 0.00 0.0 0 4.9 17 290 M M 0 24 290
14 55 21 38 9 27 0 0.00 0.0 0 9.6 25 350 M M 3 36 340
15 36 23 30 1 35 0 0.02 T 0 9.1 22 30 M M 9 1 31 30
16 28 9 19 -10 46 0 0.02 0.2 0 9.2 20 40 M M 8 18 26 40
17 40 3 22 -8 43 0 0.00 0.0 0 9.8 18 260 M M 0 23 290
18 55 10 33 3 32 0 0.00 0.0 0 5.8 12 200 M M 0 16 210
19 59 23 41 11 24 0 0.00 0.0 0 8.5 24 290 M M 1 32 290
20 71 20 46 16 19 0 0.00 0.0 0 7.1 29 300 M M 0 42 300
21 68 26 47 16 18 0 0.53 0.0 0 5.4 38 280 M M 3 1 52 290
22 59 28 44 13 21 0 T 0.0 0 9.9 22 320 M M 2 30 330
23 58 25 42 11 23 0 0.00 0.0 0 12.7 32 310 M M 0 46 300
24 63 20 42 10 23 0 0.00 0.0 0 9.5 25 280 M M 0 33 280
25 69 22 46 14 19 0 0.00 0.0 0 9.2 28 270 M M 0 38 300
26 73 22 48 16 17 0 0.00 0.0 0 10.4 38 280 M M 0 49 270
27 39 7 23 -10 42 0 0.01 0.2 0 14.6 30 360 M M 4 12 43 340
28 51 2 27 -6 38 0 0.00 0.0 0 6.9 21 270 M M 0 30 250
29 64 20 42 9 23 0 0.00 0.0 0 8.2 20 190 M M 0 30 190
================================================================================
SM 1543 645 782 0 1.18 0.5 245.6 M 87
================================================================================
AV 53.2 22.2 8.5 FASTST M M 3 MAX(MPH)
MISC ----> # 38 280 52 290
================================================================================
NOTES:
# LAST OF SEVERAL OCCURRENCES
COLUMN 17 PEAK WIND IN M.P.H.
PRELIMINARY LOCAL CLIMATOLOGICAL DATA (WS FORM: F-6) , PAGE 2
STATION: NORTH PLATTE
MONTH: FEBRUARY
YEAR: 2024
LATITUDE: 41 7 N
LONGITUDE: 100 41 W
[TEMPERATURE DATA] [PRECIPITATION DATA] SYMBOLS USED IN COLUMN 16
AVERAGE MONTHLY: 37.7 TOTAL FOR MONTH: 1.18 1 = FOG OR MIST
DPTR FM NORMAL: 8.3 DPTR FM NORMAL: 0.61 2 = FOG REDUCING VISIBILITY
HIGHEST: 73 ON 26 GRTST 24HR 0.53 ON 21-21 TO 1/4 MILE OR LESS
LOWEST: 2 ON 28 3 = THUNDER
SNOW, ICE PELLETS, HAIL 4 = ICE PELLETS
TOTAL MONTH: 0.5 INCH 5 = HAIL
GRTST 24HR 0.2 ON 16-16 6 = FREEZING RAIN OR DRIZZLE
GRTST DEPTH: T 7 = DUSTSTORM OR SANDSTORM:
VSBY 1/2 MILE OR LESS
8 = SMOKE OR HAZE
[NO. OF DAYS WITH] [WEATHER - DAYS WITH] 9 = BLOWING SNOW
X = TORNADO
MAX 32 OR BELOW: 1 0.01 INCH OR MORE: 7
MAX 90 OR ABOVE: 0 0.10 INCH OR MORE: 3
MIN 32 OR BELOW: 24 0.50 INCH OR MORE: 1
MIN 0 OR BELOW: 0 1.00 INCH OR MORE: 0
[HDD (BASE 65) ]
TOTAL THIS MO. 782 CLEAR (SCALE 0-3) 20
DPTR FM NORMAL -216 PTCLDY (SCALE 4-7) 5
TOTAL FM JUL 1 4325 CLOUDY (SCALE 8-10) 4
DPTR FM NORMAL -540
[CDD (BASE 65) ]
TOTAL THIS MO. 0
DPTR FM NORMAL 0 [PRESSURE DATA]
TOTAL FM JAN 1 0 HIGHEST SLP 30.57 ON 17
DPTR FM NORMAL 0 LOWEST SLP 29.28 ON 7
[REMARKS]
#FINAL-02-24#