000
CXUS52 KILM 011100
CF6LBT
PRELIMINARY LOCAL CLIMATOLOGICAL DATA (WS FORM: F-6)
STATION: LUMBERTON NORTH CAROLINA
MONTH: FEBRUARY
YEAR: 2023
LATITUDE: 34 35 N
LONGITUDE: 79 4 W
TEMPERATURE IN F: :PCPN: SNOW: WIND :SUNSHINE: SKY :PK WND
================================================================================
1 2 3 4 5 6A 6B 7 8 9 10 11 12 13 14 15 16 17 18
12Z AVG MX 2MIN
DY MAX MIN AVG DEP HDD CDD WTR SNW DPTH SPD SPD DIR MIN PSBL S-S WX SPD DR
================================================================================
1 63 44 54 8 11 0 0.03 M M 9.2 24 10 M M 10 1 28 10
2 44 39 42 -4 23 0 0.42 M M 4.5 13 140 M M 10 1 16 20
3 52 35 44 -2 21 0 0.33 M M 8.3 22 320 M M 4 1 27 310
4 44 29 37 -9 28 0 0.00 M M 5.5 16 90 M M 0 20 70
5 50 31 41 -5 24 0 0.26 M M 1.2 13 100 M M 7 128 14 100
6 63 36 50 4 15 0 0.00 M M 7.3 20 330 M M 4 12 24 310
7 66 32 49 2 16 0 0.00 M M 3.9 13 220 M M 0 16 210
8 74 39 57 10 8 0 0.00 M M 2.7 15 250 M M 0 17 250
9 73 43 58 11 7 0 0.00 M M 6.5 21 190 M M 3 12 26 190
10 74 59 67 20 0 2 0.10 M M 7.5 17 250 M M 8 1 23 250
11 60 42 51 4 14 0 0.57 M M 10.6 23 60 M M 9 1 30 60
12 50 42 46 -2 19 0 0.65 M M 10.9 21 40 M M 10 1 27 40
13 64 42 53 5 12 0 0.00 M M 7.9 17 290 M M 2 1 23 300
14 69 34 52 4 13 0 0.00 M M 3.5 12 150 M M 0 15 30
15 75 43 59 11 6 0 0.00 M M 5.3 20 230 M M M 24 210
16 78 51 65 17 0 0 0.00 M M 8.1 24 230 M M 3 2 34 230
17 72 44 58 10 7 0 0.01 M M 14.7 24 310 M M 4 35 220
18 54 32 43 -5 22 0 0.00 M M 5.0 20 340 M M 0 28 340
19 65 30 48 -1 17 0 0.00 M M 2.8 13 190 M M 5 16 190
20 72 50 61 12 4 0 0.00 M M 9.3 20 230 M M 0 24 230
21 77 58 68 19 0 3 0.00 M M 10.5 24 250 M M 1 29 250
22 79 52 66 17 0 1 0.00 M M 7.2 21 240 M M 2 27 230
23 83 66 75 25 0 10 0.00 M M 12.7 25 250 M M 0 32 250
24 79 54 67 17 0 2 0.05 M M 9.0 20 360 M M 3 27 320
25 56 48 52 2 13 0 0.10 M M 4.8 16 100 M M 10 1 22 110
26 55 49 52 2 13 0 0.00 M M 2.6 7 210 M M 8 1 9 20
27 73 53 63 13 2 0 0.00 M M 6.9 16 220 M M 6 12 24 210
28 80 51 66 15 0 1 0.00 M M 8.5 18 310 M M 0 23 290
================================================================================
SM 1844 1228 295 19 2.52 M 196.9 M 109
================================================================================
AV 65.9 43.9 7.0 FASTST M M 4 MAX(MPH)
MISC ----> 25 250 35 220
================================================================================
NOTES:
# LAST OF SEVERAL OCCURRENCES
COLUMN 17 PEAK WIND IN M.P.H.
PRELIMINARY LOCAL CLIMATOLOGICAL DATA (WS FORM: F-6) , PAGE 2
STATION: LUMBERTON NORTH CAROLINA
MONTH: FEBRUARY
YEAR: 2023
LATITUDE: 34 35 N
LONGITUDE: 79 4 W
[TEMPERATURE DATA] [PRECIPITATION DATA] SYMBOLS USED IN COLUMN 16
AVERAGE MONTHLY: 54.9 TOTAL FOR MONTH: 2.52 1 = FOG OR MIST
DPTR FM NORMAL: 6.9 DPTR FM NORMAL: -0.25 2 = FOG REDUCING VISIBILITY
HIGHEST: 83 ON 23 GRTST 24HR 1.22 ON 11-12 TO 1/4 MILE OR LESS
LOWEST: 29 ON 4 3 = THUNDER
SNOW, ICE PELLETS, HAIL 4 = ICE PELLETS
TOTAL MONTH: M 5 = HAIL
GRTST 24HR M ON M 6 = FREEZING RAIN OR DRIZZLE
GRTST DEPTH: M ON M 7 = DUSTSTORM OR SANDSTORM:
VSBY 1/2 MILE OR LESS
8 = SMOKE OR HAZE
[NO. OF DAYS WITH] [WEATHER - DAYS WITH] 9 = BLOWING SNOW
X = TORNADO
MAX 32 OR BELOW: 0 0.01 INCH OR MORE: 10
MAX 90 OR ABOVE: 0 0.10 INCH OR MORE: 7
MIN 32 OR BELOW: 5 0.50 INCH OR MORE: 2
MIN 0 OR BELOW: 0 1.00 INCH OR MORE: 0
[HDD (BASE 65) ]
TOTAL THIS MO. 295 CLEAR (SCALE 0-3) 14
DPTR FM NORMAL -186 PTCLDY (SCALE 4-7) 7
TOTAL FM JUL 1 1686 CLOUDY (SCALE 8-10) 7
DPTR FM NORMAL -420
[CDD (BASE 65) ]
TOTAL THIS MO. 19
DPTR FM NORMAL 14 [PRESSURE DATA]
TOTAL FM JAN 1 23 HIGHEST SLP 30.67 ON 4
DPTR FM NORMAL 21 LOWEST SLP 29.56 ON 28
[REMARKS]
#FINAL-02-23#