000
CXUS54 KHGX 011410
CF6LBX
PRELIMINARY LOCAL CLIMATOLOGICAL DATA (WS FORM: F-6)
STATION: ANGLETON/LAKE_JACKS
MONTH: AUGUST
YEAR: 2022
LATITUDE: 29 6 N
LONGITUDE: 95 28 W
TEMPERATURE IN F: :PCPN: SNOW: WIND :SUNSHINE: SKY :PK WND
================================================================================
1 2 3 4 5 6A 6B 7 8 9 10 11 12 13 14 15 16 17 18
12Z AVG MX 2MIN
DY MAX MIN AVG DEP HDD CDD WTR SNW DPTH SPD SPD DIR MIN PSBL S-S WX SPD DR
================================================================================
1 94 76 85 1 0 20 0.33 0.0 0 9.0 23 170 M M 1 3 32 170
2 97 79 88 4 0 23 T 0.0 0 10.2 21 180 M M 1 28 190
3 96 78 87 3 0 22 T 0.0 0 11.3 23 180 M M 1 32 180
4 97 79 88 4 0 23 0.00 0.0 0 9.9 20 190 M M 1 28 190
5 91 76 84 0 0 19 0.01 0.0 0 4.4 20 150 M M 2 13 27 150
6 91 75 83 -1 0 18 0.70 0.0 0 5.1 17 140 M M 4 13 24 150
7 95 74 85 1 0 20 T 0.0 0 5.8 20 160 M M 2 1 27 150
8 95 74 85 1 0 20 0.00 0.0 0 5.5 17 160 M M 2 1 24 170
9 94 75 85 1 0 20 0.13 0.0 0 4.6 18 140 M M 2 24 140
10 97 74 86 2 0 21 0.01 0.0 0 4.6 21 50 M M 3 13 29 40
11 97 74 86 2 0 21 0.00 0.0 0 5.4 17 150 M M 2 24 80
12 92 77 85 1 0 20 0.02 0.0 0 3.9 13 140 M M 4 13 21 70
13 90 77 84 0 0 19 0.81 0.0 0 6.6 20 90 M M 4 18 28 80
14 90 76 83 -1 0 18 0.22 0.0 0 6.3 22 180 M M 3 1 31 180
15 94 74 84 0 0 19 0.00 0.0 0 5.5 15 170 M M 0 1 21 170
16 95 73 84 0 0 19 0.00 0.0 0 5.2 14 180 M M 1 1 17 99
17 97 74 86 2 0 21 0.00 0.0 0 6.0 22 170 M M 1 1 28 170
18 97 74 86 2 0 21 0.13 0.0 0 5.3 31 20 M M 2 13 42 20
19 82 74 78 -6 0 13 1.62 0.0 0 3.1 12 220 M M 4 123 16 230
20 93 76 85 1 0 20 0.02 0.0 0 8.3 22 170 M M 2 13 28 160
21 91 79 85 1 0 20 0.38 0.0 0 8.8 18 190 M M 2 138 29 220
22 93 77 85 1 0 20 0.12 0.0 0 8.8 21 190 M M 2 13 29 180
23 89 78 84 0 0 19 0.37 0.0 0 4.0 14 210 M M 3 138 22 170
24 87 76 82 -1 0 17 0.86 0.0 0 1.8 15 210 M M 6 1 25 200
25 91 75 83 0 0 18 0.00 0.0 0 3.8 16 10 M M 4 3 25 10
26 92 75 84 1 0 19 T 0.0 0 3.4 17 350 M M 3 13 26 340
27 92 75 84 1 0 19 0.03 0.0 0 4.2 16 160 M M 2 13 20 170
28 92 75 84 1 0 19 T 0.0 0 5.9 18 150 M M 2 1 25 130
29 89 77 83 0 0 18 0.50 0.0 0 6.6 20 180 M M 5 1 28 160
30 92 76 84 1 0 19 0.57 0.0 0 5.2 14 170 M M 3 13 19 130
31 91 77 84 1 0 19 0.40 0.0 0 3.1 20 70 M M 1 138 26 60
================================================================================
SM 2873 2349 0 604 7.23 0.0 181.6 M 75
================================================================================
AV 92.7 75.8 5.9 FASTST M M 2 MAX(MPH)
MISC ----> 31 20 42 20
================================================================================
NOTES:
# LAST OF SEVERAL OCCURRENCES
COLUMN 17 PEAK WIND IN M.P.H.
PRELIMINARY LOCAL CLIMATOLOGICAL DATA (WS FORM: F-6) , PAGE 2
STATION: ANGLETON/LAKE_JACKS
MONTH: AUGUST
YEAR: 2022
LATITUDE: 29 6 N
LONGITUDE: 95 28 W
[TEMPERATURE DATA] [PRECIPITATION DATA] SYMBOLS USED IN COLUMN 16
AVERAGE MONTHLY: 84.2 TOTAL FOR MONTH: 7.23 1 = FOG OR MIST
DPTR FM NORMAL: 0.3 DPTR FM NORMAL: 3.03 2 = FOG REDUCING VISIBILITY
HIGHEST: 97 ON 18,17 GRTST 24HR 1.75 ON 18-19 TO 1/4 MILE OR LESS
LOWEST: 73 ON 16 3 = THUNDER
SNOW, ICE PELLETS, HAIL 4 = ICE PELLETS
TOTAL MONTH: 0.0 INCH 5 = HAIL
GRTST 24HR 0.0 6 = FREEZING RAIN OR DRIZZLE
GRTST DEPTH: 0 7 = DUSTSTORM OR SANDSTORM:
VSBY 1/2 MILE OR LESS
8 = SMOKE OR HAZE
[NO. OF DAYS WITH] [WEATHER - DAYS WITH] 9 = BLOWING SNOW
X = TORNADO
MAX 32 OR BELOW: 0 0.01 INCH OR MORE: 19
MAX 90 OR ABOVE: 27 0.10 INCH OR MORE: 14
MIN 32 OR BELOW: 0 0.50 INCH OR MORE: 6
MIN 0 OR BELOW: 0 1.00 INCH OR MORE: 1
[HDD (BASE 65) ]
TOTAL THIS MO. 0 CLEAR (SCALE 0-3) 21
DPTR FM NORMAL 0 PTCLDY (SCALE 4-7) 10
TOTAL FM JUL 1 0 CLOUDY (SCALE 8-10) 0
DPTR FM NORMAL 0
[CDD (BASE 65) ]
TOTAL THIS MO. 604
DPTR FM NORMAL 18 [PRESSURE DATA]
TOTAL FM JAN 1 2709 HIGHEST SLP 30.12 ON 7
DPTR FM NORMAL 325 LOWEST SLP 29.81 ON 28
[REMARKS]
#FINAL-08-22#