000
CXUS53 KLMK 010800
CF6LEX
PRELIMINARY LOCAL CLIMATOLOGICAL DATA (WS FORM: F-6)
STATION: LEXINGTON KY
MONTH: JUNE
YEAR: 2020
LATITUDE: 38 1 N
LONGITUDE: 84 36 W
TEMPERATURE IN F: :PCPN: SNOW: WIND :SUNSHINE: SKY :PK WND
================================================================================
1 2 3 4 5 6A 6B 7 8 9 10 11 12 13 14 15 16 17 18
12Z AVG MX 2MIN
DY MAX MIN AVG DEP HDD CDD WTR SNW DPTH SPD SPD DIR MIN PSBL S-S WX SPD DR
================================================================================
1 76 47 62 -7 3 0 0.00 0.0 0 4.8 12 60 M M 0 16 50
2 85 59 72 3 0 7 0.00 0.0 0 9.4 18 240 M M 0 26 240
3 86 64 75 6 0 10 0.00 0.0 0 10.0 20 210 M M 0 27 250
4 84 67 76 6 0 11 0.34 0.0 0 8.5 28 220 M M 3 13 40 240
5 85 67 76 6 0 11 0.03 0.0 0 4.5 10 270 M M 5 18 14 260
6 89 66 78 8 0 13 0.00 0.0 0 3.7 12 260 M M 1 1 17 260
7 83 63 73 2 0 8 0.00 0.0 0 9.0 15 50 M M 0 20 50
8 86 61 74 3 0 9 0.00 0.0 0 9.3 14 80 M M 0 20 80
9 84 71 78 7 0 13 0.12 0.0 0 11.4 25 190 M M 2 1 34 160
10 90 66 78 6 0 13 T 0.0 0 14.2 28 220 M M 5 3 43 240
11 80 58 69 -3 0 4 0.00 0.0 0 6.4 20 270 M M 2 25 300
12 85 53 69 -3 0 4 0.00 0.0 0 4.3 20 10 M M 1 26 20
13 83 54 69 -3 0 4 T 0.0 0 7.2 20 40 M M 1 26 50
14 73 53 63 -10 2 0 0.01 0.0 0 7.4 18 60 M M 3 3 22 70
15 77 50 64 -9 1 0 0.00 0.0 0 7.8 18 60 M M 2 24 80
16 79 55 67 -6 0 2 0.00 0.0 0 9.8 18 60 M M 2 26 50
17 80 56 68 -5 0 3 0.00 0.0 0 7.2 21 50 M M 3 28 40
18 82 59 71 -3 0 6 0.79 0.0 0 4.2 15 120 M M 6 13 20 90
19 85 61 73 -1 0 8 0.41 0.0 0 5.2 14 310 M M 3 13 22 30
20 87 64 76 2 0 11 0.00 0.0 0 4.8 12 260 M M 1 15 250
21 86 67 77 3 0 12 0.61 0.0 0 6.6 24 180 M M 3 13 34 140
22 84 67 76 2 0 11 0.06 0.0 0 8.8 17 200 M M 5 18 23 190
23 81 63 72 -3 0 7 0.18 0.0 0 10.5 22 290 M M 5 1 31 270
24 81 61 71 -4 0 6 0.01 0.0 0 5.6 16 260 M M 3 20 260
25 83 58 71 -4 0 6 0.00 0.0 0 4.9 14 250 M M 1 19 250
26 86 63 75 0 0 10 0.00 0.0 0 8.4 16 260 M M 1 22 220
27 76 67 72 -3 0 7 0.20 0.0 0 10.0 20 210 M M 7 138 29 250
28 77 67 72 -3 0 7 0.14 0.0 0 7.8 14 230 M M 8 1 19 200
29 86 68 77 1 0 12 0.02 0.0 0 6.1 16 220 M M 6 13 22 230
30 83 67 75 -1 0 10 0.01 0.0 0 4.8 22 40 M M 2 28 40
================================================================================
SM 2482 1842 6 225 2.93 0.0 222.6 M 81
================================================================================
AV 82.7 61.4 7.4 FASTST M M 3 MAX(MPH)
MISC ----> # 28 220 # 43 240
================================================================================
NOTES:
# LAST OF SEVERAL OCCURRENCES
COLUMN 17 PEAK WIND IN M.P.H.
PRELIMINARY LOCAL CLIMATOLOGICAL DATA (WS FORM: F-6) , PAGE 2
STATION: LEXINGTON KY
MONTH: JUNE
YEAR: 2020
LATITUDE: 38 1 N
LONGITUDE: 84 36 W
[TEMPERATURE DATA] [PRECIPITATION DATA] SYMBOLS USED IN COLUMN 16
AVERAGE MONTHLY: 72.1 TOTAL FOR MONTH: 2.93 1 = FOG OR MIST
DPTR FM NORMAL: -0.6 DPTR FM NORMAL: -1.51 2 = FOG REDUCING VISIBILITY
HIGHEST: 90 ON 10 GRTST 24HR 0.79 ON 18-18 TO 1/4 MILE OR LESS
LOWEST: 47 ON 1 3 = THUNDER
SNOW, ICE PELLETS, HAIL 4 = ICE PELLETS
TOTAL MONTH: 0.0 INCH 5 = HAIL
GRTST 24HR 0.0 6 = FREEZING RAIN OR DRIZZLE
GRTST DEPTH: 0 7 = DUSTSTORM OR SANDSTORM:
VSBY 1/2 MILE OR LESS
8 = SMOKE OR HAZE
[NO. OF DAYS WITH] [WEATHER - DAYS WITH] 9 = BLOWING SNOW
X = TORNADO
MAX 32 OR BELOW: 0 0.01 INCH OR MORE: 14
MAX 90 OR ABOVE: 1 0.10 INCH OR MORE: 8
MIN 32 OR BELOW: 0 0.50 INCH OR MORE: 2
MIN 0 OR BELOW: 0 1.00 INCH OR MORE: 0
[HDD (BASE 65) ]
TOTAL THIS MO. 6 CLEAR (SCALE 0-3) 18
DPTR FM NORMAL -5 PTCLDY (SCALE 4-7) 12
TOTAL FM JUL 1 4121 CLOUDY (SCALE 8-10) 0
DPTR FM NORMAL -490
[CDD (BASE 65) ]
TOTAL THIS MO. 225
DPTR FM NORMAL -17 [PRESSURE DATA]
TOTAL FM JAN 1 323 HIGHEST SLP 30.33 ON 1
DPTR FM NORMAL -26 LOWEST SLP 29.67 ON 10
[REMARKS]
#FINAL-06-20#