000
CXUS53 KLMK 011922
CLMLEX
CLIMATE REPORT
NATIONAL WEATHER SERVICE LOUISVILLE KY
322 PM EDT WED NOV 01 2023
...................................
...THE LEXINGTON KY CLIMATE SUMMARY FOR THE MONTH OF OCTOBER 2023...
CLIMATE NORMAL PERIOD 1991 TO 2020
CLIMATE RECORD PERIOD 1872 TO 2023
WEATHER OBSERVED NORMAL DEPART LAST YEAR`S
VALUE DATE(S) VALUE FROM VALUE DATE(S)
NORMAL
................................................................
TEMPERATURE (F)
RECORD
HIGH 97 10/01/2019
LOW 20 10/28/1976
HIGHEST 90 10/03 MM MM 80 10/12
LOWEST 31 10/31 MM MM 31 10/09
AVG. MAXIMUM 71.2 68.6 2.6 69.8
AVG. MINIMUM 50.0 47.0 3.0 43.9
MEAN 60.6 57.8 2.8 56.8
DAYS MAX >= 90 1 0.2 0.8 0
DAYS MAX <= 32 0 0.0 0.0 0
DAYS MIN <= 32 1 1.6 -0.6 3
DAYS MIN <= 0 0 0.0 0.0 0
PRECIPITATION (INCHES)
RECORD
MAXIMUM 7.95 1918
MINIMUM 0.11 1924
TOTALS 2.30 3.66 -1.36 0.96
DAILY AVG. 0.07 0.12 -0.05 0.03
DAYS >= .01 11 9.2 1.8 5
DAYS >= .10 6 5.5 0.5 3
DAYS >= .50 1 2.5 -1.5 0
DAYS >= 1.00 0 0.9 -0.9 0
GREATEST
24 HR. TOTAL 0.88 10/29 TO 10/30
SNOWFALL (INCHES)
RECORDS
TOTAL 2.8 5
TOTALS T 0.0 0.0 T
SINCE 7/1 T 0.0 0.0 MM
SNOWDEPTH AVG. 0 0
DAYS >= 1.0 0 0.0 0.0 0
GREATEST
SNOW DEPTH 0 0 MM
DEGREE DAYS
HEATING TOTAL 189 256 -67 259
SINCE 7/1 189 299 -110 MM
COOLING TOTAL 60 33 27 13
SINCE 1/1 1341 1287 54 MM
................................................................
WIND (MPH)
AVERAGE WIND SPEED 7.3
HIGHEST WIND SPEED/DIRECTION 28/200 DATE 10/19
HIGHEST GUST SPEED/DIRECTION 35/190 DATE 10/19
SKY COVER
POSSIBLE SUNSHINE (PERCENT) MM
AVERAGE SKY COVER 0.40
NUMBER OF DAYS FAIR 16
NUMBER OF DAYS PC 7
NUMBER OF DAYS CLOUDY 8
AVERAGE RH (PERCENT) 64
WEATHER CONDITIONS. NUMBER OF DAYS WITH
THUNDERSTORM 0 MIXED PRECIP 0
HEAVY RAIN 3 RAIN 6
LIGHT RAIN 13 FREEZING RAIN 0
LT FREEZING RAIN 0 HAIL 0
HEAVY SNOW 0 SNOW 0
LIGHT SNOW 1 SLEET 0
FOG 10 FOG W/VIS <= 1/4 MILE 2
HAZE 4
- INDICATES NEGATIVE NUMBERS.
R INDICATES RECORD WAS SET OR TIED.
MM INDICATES DATA IS MISSING.
T INDICATES TRACE AMOUNT.
$$