000
CXUS54 KLCH 011422
CF6LFT
PRELIMINARY LOCAL CLIMATOLOGICAL DATA (WS FORM: F-6)
STATION: LAFAYETTE
MONTH: JULY
YEAR: 2020
LATITUDE: 30 12 N
LONGITUDE: 92 0 W
TEMPERATURE IN F: :PCPN: SNOW: WIND :SUNSHINE: SKY :PK WND
================================================================================
1 2 3 4 5 6A 6B 7 8 9 10 11 12 13 14 15 16 17 18
12Z AVG MX 2MIN
DY MAX MIN AVG DEP HDD CDD WTR SNW DPTH SPD SPD DIR MIN PSBL S-S WX SPD DR
================================================================================
1 93 79 86 3 0 21 0.00 0.0 0 8.4 16 230 M M 1 23 200
2 94 77 86 3 0 21 0.00 0.0 0 6.6 16 300 M M 4 38 22 270
3 92 73 83 0 0 18 T 0.0 0 6.5 26 30 M M 3 3 35 20
4 93 72 83 0 0 18 0.00 0.0 0 4.4 12 330 M M 1 13 15 320
5 81 73 77 -6 0 12 1.48 0.0 0 3.4 21 340 M M 5 13 28 340
6 86 76 81 -2 0 16 0.00 0.0 0 5.0 16 270 M M 4 3 22 250
7 88 74 81 -2 0 16 0.53 0.0 0 3.5 28 260 M M 3 138 35 270
8 92 79 86 3 0 21 T 0.0 0 8.8 17 210 M M 4 13 23 200
9 93 77 85 2 0 20 0.00 0.0 0 7.4 15 230 M M 2 22 220
10 96 76 86 3 0 21 0.00 0.0 0 5.2 9 350 M M 2 M M
11 97 81 89 6 0 24 0.00 0.0 0 6.9 13 340 M M 2 20 280
12 95 80 88 5 0 23 0.00 0.0 0 8.5 15 230 M M 2 21 280
13 95 79 87 4 0 22 0.00 0.0 0 7.7 13 160 M M 4 3 22 230
14 95 79 87 4 0 22 0.00 0.0 0 6.6 13 240 M M 2 18 210
15 94 78 86 2 0 21 0.00 0.0 0 6.3 14 210 M M 2 21 200
16 96 74 85 1 0 20 0.16 0.0 0 3.9 15 100 M M 3 13 28 110
17 89 73 81 -3 0 16 0.66 0.0 0 3.1 16 190 M M 7 1238 26 190
18 93 74 84 0 0 19 0.11 0.0 0 2.3 15 200 M M 2 3 19 100
19 93 75 84 0 0 19 T 0.0 0 2.9 10 110 M M 2 13 24 90
20 84 75 80 -4 0 15 0.53 0.0 0 3.9 17 170 M M 2 13 27 140
21 90 76 83 -1 0 18 0.49 0.0 0 3.4 13 90 M M 4 138 20 100
22 94 75 85 1 0 20 0.00 0.0 0 2.7 9 60 M M 2 17 140
23 91 75 83 -1 0 18 0.06 0.0 0 6.9 17 30 M M 3 8 27 40
24 87 76 82 -2 0 17 0.23 0.0 0 5.3 17 170 M M 5 138 26 170
25 87 75 81 -3 0 16 0.17 0.0 0 5.2 14 60 M M 6 13 22 90
26 82 75 79 -5 0 14 0.15 0.0 0 3.8 10 80 M M M 1 21 90
27 82 73 78 -6 0 13 0.39 0.0 0 3.2 10 180 M M 8 13 16 180
28 86 74 80 -4 0 15 2.71 0.0 0 2.5 16 270 M M 4 138 28 270
29 91 74 83 -1 0 18 0.00 0.0 0 7.4 17 220 M M 4 1 27 220
30 92 77 85 1 0 20 0.00 0.0 0 7.8 17 230 M M 4 1 23 210
31 92 73 83 -1 0 18 0.01 0.0 0 7.8 25 290 M M 3 1 37 300
================================================================================
SM 2813 2347 0 572 7.68 0.0 167.3 M 100
================================================================================
AV 90.7 75.7 5.4 FASTST M M 3 MAX(MPH)
MISC ----> # 28 260 # 37 300
================================================================================
NOTES:
# LAST OF SEVERAL OCCURRENCES
COLUMN 17 PEAK WIND IN M.P.H.
PRELIMINARY LOCAL CLIMATOLOGICAL DATA (WS FORM: F-6) , PAGE 2
STATION: LAFAYETTE
MONTH: JULY
YEAR: 2020
LATITUDE: 30 12 N
LONGITUDE: 92 0 W
[TEMPERATURE DATA] [PRECIPITATION DATA] SYMBOLS USED IN COLUMN 16
AVERAGE MONTHLY: 83.2 TOTAL FOR MONTH: 7.68 1 = FOG OR MIST
DPTR FM NORMAL: -0.2 DPTR FM NORMAL: 1.38 2 = FOG REDUCING VISIBILITY
HIGHEST: 97 ON 11 GRTST 24HR 2.71 ON 28-28 TO 1/4 MILE OR LESS
LOWEST: 72 ON 4 3 = THUNDER
SNOW, ICE PELLETS, HAIL 4 = ICE PELLETS
TOTAL MONTH: 0.0 INCH 5 = HAIL
GRTST 24HR 0.0 6 = FREEZING RAIN OR DRIZZLE
GRTST DEPTH: 0 7 = DUSTSTORM OR SANDSTORM:
VSBY 1/2 MILE OR LESS
8 = SMOKE OR HAZE
[NO. OF DAYS WITH] [WEATHER - DAYS WITH] 9 = BLOWING SNOW
X = TORNADO
MAX 32 OR BELOW: 0 0.01 INCH OR MORE: 14
MAX 90 OR ABOVE: 21 0.10 INCH OR MORE: 12
MIN 32 OR BELOW: 0 0.50 INCH OR MORE: 5
MIN 0 OR BELOW: 0 1.00 INCH OR MORE: 2
[HDD (BASE 65) ]
TOTAL THIS MO. 0 CLEAR (SCALE 0-3) 16
DPTR FM NORMAL 0 PTCLDY (SCALE 4-7) 13
TOTAL FM JUL 1 0 CLOUDY (SCALE 8-10) 1
DPTR FM NORMAL 0
[CDD (BASE 65) ]
TOTAL THIS MO. 572
DPTR FM NORMAL 0 [PRESSURE DATA]
TOTAL FM JAN 1 1768 HIGHEST SLP 30.12 ON 17
DPTR FM NORMAL 84 LOWEST SLP 29.84 ON 5
[REMARKS]
#FINAL-07-20#