000
CXUS55 KBOU 010900
CF6LIC
PRELIMINARY LOCAL CLIMATOLOGICAL DATA (WS FORM: F-6)
STATION: LIMON CO
MONTH: SEPTEMBER
YEAR: 2021
LATITUDE: 39 10 N
LONGITUDE: 103 42 W
TEMPERATURE IN F: :PCPN: SNOW: WIND :SUNSHINE: SKY :PK WND
================================================================================
1 2 3 4 5 6A 6B 7 8 9 10 11 12 13 14 15 16 17 18
12Z AVG MX 2MIN
DY MAX MIN AVG DEP HDD CDD WTR SNW DPTH SPD SPD DIR MIN PSBL S-S WX SPD DR
================================================================================
1 93 50 72 7 0 7 T M M 12.1 28 160 M M 2 41 150
2 86 57 72 7 0 7 0.01 M M 7.9 17 330 M M 6 24 10
3 82 59 71 6 0 6 0.61 M M 9.9 28 10 M M 7 13 36 30
4 81 55 68 4 0 3 T M M 7.7 18 140 M M 2 24 150
5 87 48 68 4 0 3 0.00 M M 6.0 17 290 M M 0 1 24 340
6 94 45 70 6 0 5 0.00 M M 5.6 13 230 M M 0 17 220
7 85 48 67 4 0 2 0.00 M M 7.9 18 30 M M 0 24 50
8 91 46 69 6 0 4 0.00 M M 6.4 14 70 M M 0 19 190
9 96 46 71 8 0 6 0.00 M M 6.3 20 320 M M 0 26 350
10 97 46 72 10 0 7 0.00 M M 9.6 24 190 M M 0 35 160
11 97 51 74 12 0 9 0.01 M M 10.7 26 10 M M 1 3 36 320
12 88 50 69 7 0 4 0.27 M M 7.7 30 290 M M 1 3 46 280
13 85 54 70 9 0 5 0.00 M M 8.0 35 350 M M 1 3 46 350
14 80 47 64 3 1 0 0.00 M M 5.5 18 120 M M 1 25 120
15 85 49 67 7 0 2 0.00 M M 9.6 22 170 M M 1 12 35 170
16 95 45 70 10 0 5 0.00 M M 6.2 22 190 M M 0 30 200
17 69 46 58 -2 7 0 0.00 M M 16.9 33 350 M M 6 47 360
18 90 46 68 9 0 3 0.00 M M 9.7 26 160 M M 0 35 180
19 91 51 71 12 0 6 T M M 6.3 30 350 M M 0 39 350
20 68 46 57 -1 8 0 0.11 M M 18.4 39 350 M M 5 57 350
21 65 33 49 -9 16 0 0.05 M M 8.0 18 320 M M 2 25 330
22 80 30 55 -2 10 0 0.00 M M 3.4 10 40 M M 0 16 350
23 85 34 60 3 5 0 0.00 M M 8.4 22 360 M M 0 28 360
24 75 39 57 1 8 0 0.00 M M 6.4 18 20 M M 0 23 10
25 84 37 61 5 4 0 0.00 M M 6.4 15 150 M M 0 21 170
26 91 43 67 11 0 2 0.00 M M 6.3 15 360 M M 0 19 360
27 90 46 68 13 0 3 0.00 M M 7.0 22 120 M M 0 31 110
28 82 47 65 10 0 0 0.08 M M 9.2 30 160 M M 3 39 190
29 74 42 58 4 7 0 0.00 M M 16.1 35 350 M M 2 44 360
30 65 41 53 -1 12 0 0.00 M M 12.0 24 360 M M 4 32 350
================================================================================
SM 2531 1377 78 89 1.14 M 261.6 M 44
================================================================================
AV 84.4 45.9 8.7 FASTST M M 1 MAX(MPH)
MISC ----> 39 350 57 350
================================================================================
NOTES:
# LAST OF SEVERAL OCCURRENCES
COLUMN 17 PEAK WIND IN M.P.H.
PRELIMINARY LOCAL CLIMATOLOGICAL DATA (WS FORM: F-6) , PAGE 2
STATION: LIMON CO
MONTH: SEPTEMBER
YEAR: 2021
LATITUDE: 39 10 N
LONGITUDE: 103 42 W
[TEMPERATURE DATA] [PRECIPITATION DATA] SYMBOLS USED IN COLUMN 16
AVERAGE MONTHLY: 65.1 TOTAL FOR MONTH: 1.14 1 = FOG OR MIST
DPTR FM NORMAL: 5.2 DPTR FM NORMAL: 0.18 2 = FOG REDUCING VISIBILITY
HIGHEST: 97 ON 11,10 GRTST 24HR 0.62 ON 2- 3 TO 1/4 MILE OR LESS
LOWEST: 30 ON 22 3 = THUNDER
SNOW, ICE PELLETS, HAIL 4 = ICE PELLETS
TOTAL MONTH: M 5 = HAIL
GRTST 24HR M ON M 6 = FREEZING RAIN OR DRIZZLE
GRTST DEPTH: M ON M 7 = DUSTSTORM OR SANDSTORM:
VSBY 1/2 MILE OR LESS
8 = SMOKE OR HAZE
[NO. OF DAYS WITH] [WEATHER - DAYS WITH] 9 = BLOWING SNOW
X = TORNADO
MAX 32 OR BELOW: 0 0.01 INCH OR MORE: 7
MAX 90 OR ABOVE: 11 0.10 INCH OR MORE: 3
MIN 32 OR BELOW: 1 0.50 INCH OR MORE: 1
MIN 0 OR BELOW: 0 1.00 INCH OR MORE: 0
[HDD (BASE 65) ]
TOTAL THIS MO. 78 CLEAR (SCALE 0-3) 25
DPTR FM NORMAL -101 PTCLDY (SCALE 4-7) 5
TOTAL FM JUL 1 78 CLOUDY (SCALE 8-10) 0
DPTR FM NORMAL -131
[CDD (BASE 65) ]
TOTAL THIS MO. 89
DPTR FM NORMAL 63 [PRESSURE DATA]
TOTAL FM JAN 1 687 HIGHEST SLP M ON M
DPTR FM NORMAL 285 LOWEST SLP 29.55 ON 28
[REMARKS]
#FINAL-09-21#