000
CXUS54 KLZK 020417
CF6LIT
PRELIMINARY LOCAL CLIMATOLOGICAL DATA (WS FORM: F-6)
STATION: LITTLE ROCK ADAMS FIELD
MONTH: NOVEMBER
YEAR: 2021
LATITUDE: 34 43 N
LONGITUDE: 92 14 W
TEMPERATURE IN F: :PCPN: SNOW: WIND :SUNSHINE: SKY :PK WND
================================================================================
1 2 3 4 5 6A 6B 7 8 9 10 11 12 13 14 15 16 17 18
12Z AVG MX 2MIN
DY MAX MIN AVG DEP HDD CDD WTR SNW DPTH SPD SPD DIR MIN PSBL S-S WX SPD DR
================================================================================
1 64 45 55 -1 10 0 0.06 0.0 0 7.9 14 80 M M 5 18 80
2 49 46 48 -8 17 0 0.03 0.0 0 9.3 18 40 M M 10 1 22 40
3 47 36 42 -13 23 0 0.28 0.0 0 7.1 17 60 M M 8 1 22 40
4 56 33 45 -10 20 0 0.00 0.0 0 4.4 14 60 M M 1 17 70
5 58 32 45 -10 20 0 0.00 0.0 0 3.0 10 20 M M 0 14 30
6 62 32 47 -7 18 0 0.00 0.0 0 2.3 8 300 M M 0 1 10 290
7 68 35 52 -2 13 0 0.00 0.0 M 2.3 9 190 M M 1 1 13 160
8 73 38 56 2 9 0 0.00 0.0 M 4.4 13 220 M M 0 1 17 190
9 72 44 58 5 7 0 0.00 0.0 M 3.9 15 200 M M 6 1 19 190
10 71 42 57 4 8 0 0.01 0.0 0 4.6 14 170 M M 7 13 19 150
11 67 45 56 4 9 0 0.99 0.0 0 9.8 29 300 M M 4 13 38 300
12 57 38 48 -4 17 0 T 0.0 0 9.4 22 320 M M 3 29 300
13 54 33 44 -8 21 0 0.00 0.0 0 5.7 14 310 M M 2 18 310
14 65 33 49 -2 16 0 0.00 0.0 0 4.4 13 300 M M 5 17 300
15 70 36 53 2 12 0 0.00 0.0 0 4.1 15 180 M M 3 1 18 180
16 70 54 62 11 3 0 0.00 0.0 0 9.2 18 200 M M 6 1 23 200
17 77 50 64 14 1 0 0.30 M M 13.2 26 340 M M 7 13 36 350
18 58 36 47 -3 18 0 0.18 M M 8.9 20 10 M M 5 13 28 360
19 53 31 42 -8 23 0 0.00 0.0 M 4.5 14 100 M M 3 16 100
20 64 34 49 0 16 0 0.00 0.0 0 4.2 13 130 M M 8 16 120
21 65 52 59 10 6 0 T 0.0 0 6.4 16 340 M M 9 1 19 350
22 58 37 48 -1 17 0 0.00 0.0 0 4.7 14 340 M M 4 8 16 10
23 61 33 47 -1 18 0 0.00 0.0 0 5.7 14 150 M M 1 18 140
24 69 41 55 7 10 0 0.00 0.0 0 10.0 21 170 M M 7 26 170
25 62 36 49 1 16 0 0.17 0.0 0 10.7 22 340 M M 7 13 28 330
26 51 29 40 -8 25 0 0.00 0.0 0 4.3 12 340 M M 1 14 340
27 54 31 43 -4 22 0 0.00 0.0 0 6.1 15 240 M M 6 20 220
28 63 38 51 4 14 0 0.00 0.0 0 4.6 14 10 M M 4 17 360
29 64 33 49 2 16 0 0.00 0.0 0 6.0 16 220 M M 1 1 21 210
30 73 39 56 10 9 0 0.00 0.0 0 3.6 12 180 M M 0 1 15 170
================================================================================
SM 1875 1142 434 0 2.02 0.0 184.7 M 124
================================================================================
AV 62.5 38.1 6.2 FASTST M M 4 MAX(MPH)
MISC ----> 29 300 38 300
================================================================================
NOTES:
# LAST OF SEVERAL OCCURRENCES
COLUMN 17 PEAK WIND IN M.P.H.
PRELIMINARY LOCAL CLIMATOLOGICAL DATA (WS FORM: F-6) , PAGE 2
STATION: LITTLE ROCK ADAMS FIELD
MONTH: NOVEMBER
YEAR: 2021
LATITUDE: 34 43 N
LONGITUDE: 92 14 W
[TEMPERATURE DATA] [PRECIPITATION DATA] SYMBOLS USED IN COLUMN 16
AVERAGE MONTHLY: 50.3 TOTAL FOR MONTH: 2.02 1 = FOG OR MIST
DPTR FM NORMAL: -0.8 DPTR FM NORMAL: -2.70 2 = FOG REDUCING VISIBILITY
HIGHEST: 77 ON 17 GRTST 24HR 1.00 ON 10-11 TO 1/4 MILE OR LESS
LOWEST: 29 ON 26 3 = THUNDER
SNOW, ICE PELLETS, HAIL 4 = ICE PELLETS
TOTAL MONTH: 0.0 INCH 5 = HAIL
GRTST 24HR 0.0 6 = FREEZING RAIN OR DRIZZLE
GRTST DEPTH: 0 7 = DUSTSTORM OR SANDSTORM:
VSBY 1/2 MILE OR LESS
8 = SMOKE OR HAZE
[NO. OF DAYS WITH] [WEATHER - DAYS WITH] 9 = BLOWING SNOW
X = TORNADO
MAX 32 OR BELOW: 0 0.01 INCH OR MORE: 8
MAX 90 OR ABOVE: 0 0.10 INCH OR MORE: 5
MIN 32 OR BELOW: 5 0.50 INCH OR MORE: 1
MIN 0 OR BELOW: 0 1.00 INCH OR MORE: 0
[HDD (BASE 65) ]
TOTAL THIS MO. 434 CLEAR (SCALE 0-3) 12
DPTR FM NORMAL 9 PTCLDY (SCALE 4-7) 15
TOTAL FM JUL 1 500 CLOUDY (SCALE 8-10) 3
DPTR FM NORMAL -82
[CDD (BASE 65) ]
TOTAL THIS MO. 0
DPTR FM NORMAL -7 [PRESSURE DATA]
TOTAL FM JAN 1 2167 HIGHEST SLP 30.56 ON 19
DPTR FM NORMAL 178 LOWEST SLP 29.80 ON 11
[REMARKS]
#FINAL-11-21#