000
CXUS54 KLZK 271230
CF6LLQ
PRELIMINARY LOCAL CLIMATOLOGICAL DATA (WS FORM: F-6)
STATION: MONTICELLO
MONTH: MARCH
YEAR: 2024
LATITUDE: 33 37 N
LONGITUDE: 91 45 W
TEMPERATURE IN F: :PCPN: SNOW: WIND :SUNSHINE: SKY :PK WND
================================================================================
1 2 3 4 5 6A 6B 7 8 9 10 11 12 13 14 15 16 17 18
12Z AVG MX 2MIN
DY MAX MIN AVG DEP HDD CDD WTR SNW DPTH SPD SPD DIR MIN PSBL S-S WX SPD DR
================================================================================
1 54 41 48 -4 17 0 0.07 0.0 0 1.2 7 170 M M 9 1 9 170
2 67 39 53 1 12 0 0.00 0.0 0 4.6 9 150 M M 5 12 16 140
3 75 53 64 12 1 0 0.00 0.0 0 6.3 14 200 M M 6 12 20 210
4 80 62 71 19 0 6 1.00 0.0 0 7.2 20 130 M M 8 13 29 140
5 72 56 64 11 1 0 0.14 0.0 0 2.3 13 310 M M 4 1 19 310
6 61 54 58 5 7 0 0.00 0.0 0 4.8 9 50 M M 9 1 14 20
7 65 57 61 8 4 0 0.04 0.0 0 5.3 12 290 M M 7 1 17 300
8 63 56 60 6 5 0 0.66 0.0 0 4.7 14 110 M M 9 1 21 120
9 58 44 51 -3 14 0 0.08 0.0 0 6.0 15 330 M M 7 1 25 330
10 65 35 50 -4 15 0 0.00 0.0 0 3.2 12 60 M M 0 17 60
11 67 41 54 0 11 0 0.00 0.0 0 4.3 12 140 M M 0 18 160
12 75 44 60 5 5 0 0.00 0.0 0 5.6 17 220 M M 0 26 200
13 80 60 70 15 0 5 0.00 0.0 0 8.1 15 200 M M 5 24 180
14 79 67 73 18 0 8 0.02 0.0 0 6.3 10 220 M M 7 13 17 190
15 68 57 63 7 2 0 2.06 0.0 0 7.1 18 40 M M 10 138 30 50
16 70 49 60 4 5 0 0.06 0.0 0 2.9 14 70 M M 4 19 70
17 67 53 60 4 5 0 0.00 0.0 0 2.9 18 50 M M 8 27 50
18 57 34 46 -10 19 0 0.00 0.0 0 5.3 17 300 M M 0 27 300
19 64 30 47 -10 18 0 0.00 0.0 0 5.0 14 250 M M 0 23 210
20 72 46 59 2 6 0 0.00 0.0 0 4.1 14 260 M M 2 19 260
21 71 47 59 2 6 0 0.00 0.0 0 2.5 10 50 M M 5 14 60
22 60 51 56 -1 9 0 0.58 0.0 M 3.8 9 20 M M 8 1 17 30
23 59 43 51 -7 14 0 0.00 0.0 M 6.1 22 50 M M 1 30 50
24 64 42 53 -5 12 0 T 0.0 M 5.5 15 160 M M 2 24 120
25 70 55 63 5 2 0 1.66 0.0 M 8.8 22 300 M M 10 13 38 310
26 64 45 55 -3 10 0 0.00 0.0 0 5.2 15 290 M M 2 27 300
================================================================================
SM 1747 1261 200 19 6.37 0.0 129.1 M 128
================================================================================
AV 67.2 48.5 5.0 FASTST M M 5 MAX(MPH)
MISC ----> # 22 50 38 310
================================================================================
NOTES:
# LAST OF SEVERAL OCCURRENCES
COLUMN 17 PEAK WIND IN M.P.H.
PRELIMINARY LOCAL CLIMATOLOGICAL DATA (WS FORM: F-6) , PAGE 2
STATION: MONTICELLO
MONTH: MARCH
YEAR: 2024
LATITUDE: 33 37 N
LONGITUDE: 91 45 W
[TEMPERATURE DATA] [PRECIPITATION DATA] SYMBOLS USED IN COLUMN 16
AVERAGE MONTHLY: 57.8 TOTAL FOR MONTH: 6.37 1 = FOG OR MIST
DPTR FM NORMAL: 2.8 DPTR FM NORMAL: 1.77 2 = FOG REDUCING VISIBILITY
HIGHEST: 80 ON 4,13 GRTST 24HR 2.08 ON 14-15 TO 1/4 MILE OR LESS
LOWEST: 30 ON 19 3 = THUNDER
SNOW, ICE PELLETS, HAIL 4 = ICE PELLETS
TOTAL MONTH: 0.0 INCH 5 = HAIL
GRTST 24HR 0.0 6 = FREEZING RAIN OR DRIZZLE
GRTST DEPTH: 0 7 = DUSTSTORM OR SANDSTORM:
VSBY 1/2 MILE OR LESS
8 = SMOKE OR HAZE
[NO. OF DAYS WITH] [WEATHER - DAYS WITH] 9 = BLOWING SNOW
X = TORNADO
MAX 32 OR BELOW: 0 0.01 INCH OR MORE: 11
MAX 90 OR ABOVE: 0 0.10 INCH OR MORE: 6
MIN 32 OR BELOW: 1 0.50 INCH OR MORE: 5
MIN 0 OR BELOW: 0 1.00 INCH OR MORE: 3
[HDD (BASE 65) ]
TOTAL THIS MO. 200 CLEAR (SCALE 0-3) 9
DPTR FM NORMAL -75 PTCLDY (SCALE 4-7) 11
TOTAL FM JUL 1 2090 CLOUDY (SCALE 8-10) 6
DPTR FM NORMAL -368
[CDD (BASE 65) ]
TOTAL THIS MO. 19
DPTR FM NORMAL 4 [PRESSURE DATA]
TOTAL FM JAN 1 36 HIGHEST SLP M ON M
DPTR FM NORMAL 15 LOWEST SLP 29.44 ON 25
[REMARKS]