000
CXUS53 KMKX 010810
CF6LNR
PRELIMINARY LOCAL CLIMATOLOGICAL DATA (WS FORM: F-6)
STATION: LONE ROCK WI
MONTH: SEPTEMBER
YEAR: 2022
LATITUDE: 43 12 N
LONGITUDE: 90 11 W
TEMPERATURE IN F: :PCPN: SNOW: WIND :SUNSHINE: SKY :PK WND
================================================================================
1 2 3 4 5 6A 6B 7 8 9 10 11 12 13 14 15 16 17 18
12Z AVG MX 2MIN
DY MAX MIN AVG DEP HDD CDD WTR SNW DPTH SPD SPD DIR MIN PSBL S-S WX SPD DR
================================================================================
1 89 58 74 7 0 9 0.00 M M 4.1 17 190 M M 4 128 26 200
2 88 71 80 13 0 15 0.16 M M 4.0 16 180 M M 3 38 23 190
3 77 64 71 5 0 6 0.52 M M 4.8 14 20 M M 8 1238 19 90
4 72 59 66 0 0 1 0.00 M M 4.8 10 50 M M 9 15 60
5 80 59 70 4 0 5 0.00 M M 2.9 12 70 M M 7 128 15 110
6 82 57 70 4 0 5 0.00 M M 0.5 7 330 M M 6 128 9 290
7 88 61 75 10 0 10 0.00 M M 0.5 9 40 M M 6 128 13 40
8 86 63 75 10 0 10 0.00 M M 5.0 16 180 M M 4 128 23 190
9 86 62 74 9 0 9 0.00 M M 6.4 17 170 M M 1 8 24 160
10 70 61 66 2 0 1 0.67 M M 4.8 15 330 M M 9 8 22 20
11 64 60 62 -2 3 0 0.74 M M 5.5 10 30 M M 10 18 16 40
12 65 57 61 -3 4 0 0.19 M M 8.6 24 340 M M 10 128 37 340
13 81 53 67 4 0 2 0.00 M M 2.6 9 300 M M 4 128 13 280
14 80 55 68 5 0 3 0.00 M M 3.4 12 100 M M 5 128 15 100
15 86 58 72 9 0 7 0.00 M M 5.7 15 190 M M 3 8 20 190
16 86 61 74 12 0 9 0.00 M M 6.0 16 180 M M 0 18 22 180
17 83 64 74 12 0 9 0.04 M M 5.8 18 190 M M 3 38 26 220
18 85 64 75 14 0 10 0.01 M M 3.7 16 280 M M 4 138 22 290
19 83 56 70 9 0 5 T M M 2.4 10 30 M M 3 128 13 30
20 92 65 79 18 0 14 0.04 M M 5.1 17 20 M M 1 38 24 30
21 80 59 70 10 0 5 0.00 M M 7.9 20 290 M M 1 8 29 320
22 69 43 56 -4 9 0 0.00 M M 6.8 17 20 M M 0 25 360
23 65 43 54 -5 11 0 0.03 M M 4.8 16 190 M M 7 128 23 200
24 67 54 61 2 4 0 0.31 M M 4.6 17 280 M M 9 138 24 290
25 74 56 65 6 0 0 0.04 M M 10.4 23 290 M M 6 18 34 280
26 66 45 56 -2 9 0 0.00 M M 8.3 21 300 M M 3 32 290
27 62 41 52 -6 13 0 0.00 M M 7.1 18 310 M M 3 29 310
28 64 37 51 -6 14 0 0.00 M M 3.2 14 70 M M 0 20 70
29 68 35 52 -5 13 0 0.00 M M 1.2 10 230 M M 2 128 15 230
30 73 37 55 -1 10 0 0.00 M M 1.6 10 150 M M 1 128 15 150
================================================================================
SM 2311 1658 90 135 2.75 M 142.5 M 132
================================================================================
AV 77.0 55.3 4.8 FASTST M M 4 MAX(MPH)
MISC ----> 24 340 37 340
================================================================================
NOTES:
# LAST OF SEVERAL OCCURRENCES
COLUMN 17 PEAK WIND IN M.P.H.
PRELIMINARY LOCAL CLIMATOLOGICAL DATA (WS FORM: F-6) , PAGE 2
STATION: LONE ROCK WI
MONTH: SEPTEMBER
YEAR: 2022
LATITUDE: 43 12 N
LONGITUDE: 90 11 W
[TEMPERATURE DATA] [PRECIPITATION DATA] SYMBOLS USED IN COLUMN 16
AVERAGE MONTHLY: 66.2 TOTAL FOR MONTH: 2.75 1 = FOG OR MIST
DPTR FM NORMAL: 4.1 DPTR FM NORMAL: -0.67 2 = FOG REDUCING VISIBILITY
HIGHEST: 92 ON 20 GRTST 24HR 1.07 ON 10-11 TO 1/4 MILE OR LESS
LOWEST: 35 ON 29 3 = THUNDER
SNOW, ICE PELLETS, HAIL 4 = ICE PELLETS
TOTAL MONTH: M 5 = HAIL
GRTST 24HR M ON M 6 = FREEZING RAIN OR DRIZZLE
GRTST DEPTH: M ON M 7 = DUSTSTORM OR SANDSTORM:
VSBY 1/2 MILE OR LESS
8 = SMOKE OR HAZE
[NO. OF DAYS WITH] [WEATHER - DAYS WITH] 9 = BLOWING SNOW
X = TORNADO
MAX 32 OR BELOW: 0 0.01 INCH OR MORE: 11
MAX 90 OR ABOVE: 1 0.10 INCH OR MORE: 6
MIN 32 OR BELOW: 0 0.50 INCH OR MORE: 3
MIN 0 OR BELOW: 0 1.00 INCH OR MORE: 0
[HDD (BASE 65) ]
TOTAL THIS MO. 90 CLEAR (SCALE 0-3) 11
DPTR FM NORMAL -54 PTCLDY (SCALE 4-7) 14
TOTAL FM JUL 1 97 CLOUDY (SCALE 8-10) 5
DPTR FM NORMAL -73
[CDD (BASE 65) ]
TOTAL THIS MO. 135
DPTR FM NORMAL 77 [PRESSURE DATA]
TOTAL FM JAN 1 754 HIGHEST SLP M ON M
DPTR FM NORMAL 115 LOWEST SLP 29.71 ON 21
[REMARKS]
#FINAL-09-22#