871
CXUS53 KMKX 010910
CF6LNR
PRELIMINARY LOCAL CLIMATOLOGICAL DATA (WS FORM: F-6)
STATION: LONE ROCK WI
MONTH: OCTOBER
YEAR: 2020
LATITUDE: 43 12 N
LONGITUDE: 90 11 W
TEMPERATURE IN F: :PCPN: SNOW: WIND :SUNSHINE: SKY :PK WND
================================================================================
1 2 3 4 5 6A 6B 7 8 9 10 11 12 13 14 15 16 17 18
12Z AVG MX 2MIN
DY MAX MIN AVG DEP HDD CDD WTR SNW DPTH SPD SPD DIR MIN PSBL S-S WX SPD DR
================================================================================
1 60 43 52 -3 13 0 0.06 M 0 6.5 23 300 M M 8 1 33 330
2 54 32 43 -11 22 0 0.00 0.0 0 1.4 12 300 M M 7 12 15 290
3 51 34 43 -11 22 0 0.01 M 0 3.1 12 340 M M 9 14 340
4 55 30 43 -10 22 0 0.00 0.0 0 4.7 14 10 M M 0 22 330
5 65 30 48 -5 17 0 0.00 0.0 0 8.8 25 190 M M 0 36 200
6 74 42 58 5 7 0 0.00 0.0 0 4.9 18 280 M M 0 26 290
7 73 42 58 6 7 0 0.00 0.0 0 4.9 23 290 M M 0 30 280
8 68 36 52 0 13 0 0.00 0.0 0 3.5 10 50 M M 0 14 30
9 82 48 65 13 0 0 0.00 0.0 0 7.9 24 200 M M 0 8 33 200
10 73 47 60 9 5 0 0.00 0.0 0 6.1 15 100 M M 0 1 21 100
11 66 46 56 5 9 0 0.00 M 0 10.6 18 100 M M 4 24 100
12 66 37 52 2 13 0 0.21 M 0 11.3 28 280 M M 4 13 42 270
13 66 36 51 1 14 0 0.01 M 0 6.5 25 270 M M 2 35 280
14 67 37 52 2 13 0 T M 0 11.5 28 280 M M 2 39 240
15 52 28 40 -9 25 0 T M 0 11.6 26 280 M M 2 40 290
16 53 27 40 -9 25 0 0.01 M 0 6.7 28 280 M M 3 38 270
17 63 31 47 -2 18 0 T M 0 10.6 29 210 M M 7 43 210
18 50 33 42 -6 23 0 0.03 M 0 8.2 17 310 M M 4 24 310
19 37 27 32 -16 33 0 0.01 M 0 2.4 10 50 M M 8 18 14 50
20 47 28 38 -10 27 0 0.07 M 0 5.2 15 110 M M 7 18 19 110
21 51 41 46 -1 19 0 0.03 M M 6.0 21 280 M M 7 1 30 270
22 46 39 43 -4 22 0 4.03 M 0 9.2 22 60 M M 10 13 29 60
23 43 36 40 -7 25 0 0.48 M 0 9.9 17 320 M M 10 1 27 340
24 42 34 38 -8 27 0 T M 0 5.0 15 10 M M 9 8 20 360
25 36 31 34 -12 31 0 0.01 M 0 6.3 14 10 M M 10 1 17 10
26 38 27 33 -13 32 0 T T 0 6.5 13 340 M M 5 20 360
27 40 27 34 -11 31 0 0.00 0.0 0 5.2 15 280 M M 2 18 290
28 53 28 41 -4 24 0 0.00 0.0 0 4.8 13 270 M M 0 8 20 350
29 43 35 39 -5 26 0 T M 0 9.4 20 20 M M 9 30 20
30 45 29 37 -7 28 0 0.00 0.0 0 4.2 10 330 M M 3 16 320
31 61 29 45 1 20 0 0.00 M 0 13.9 33 290 M M 3 8 50 280
================================================================================
SM 1720 1070 613 0 4.96 T 216.8 M 135
================================================================================
AV 55.5 34.5 7.0 FASTST M M 4 MAX(MPH)
MISC ----> # 33 290 # 50 280
================================================================================
NOTES:
# LAST OF SEVERAL OCCURRENCES
COLUMN 17 PEAK WIND IN M.P.H.
PRELIMINARY LOCAL CLIMATOLOGICAL DATA (WS FORM: F-6) , PAGE 2
STATION: LONE ROCK WI
MONTH: OCTOBER
YEAR: 2020
LATITUDE: 43 12 N
LONGITUDE: 90 11 W
[TEMPERATURE DATA] [PRECIPITATION DATA] SYMBOLS USED IN COLUMN 16
AVERAGE MONTHLY: 45.0 TOTAL FOR MONTH: 4.96 1 = FOG OR MIST
DPTR FM NORMAL: -4.0 DPTR FM NORMAL: 2.50 2 = FOG REDUCING VISIBILITY
HIGHEST: 82 ON 9 GRTST 24HR 4.03 ON 22-22 TO 1/4 MILE OR LESS
LOWEST: 27 ON 27,26 3 = THUNDER
SNOW, ICE PELLETS, HAIL 4 = ICE PELLETS
TOTAL MONTH: T 5 = HAIL
GRTST 24HR T ON 26-26 6 = FREEZING RAIN OR DRIZZLE
GRTST DEPTH: 0 7 = DUSTSTORM OR SANDSTORM:
VSBY 1/2 MILE OR LESS
8 = SMOKE OR HAZE
[NO. OF DAYS WITH] [WEATHER - DAYS WITH] 9 = BLOWING SNOW
X = TORNADO
MAX 32 OR BELOW: 0 0.01 INCH OR MORE: 12
MAX 90 OR ABOVE: 0 0.10 INCH OR MORE: 3
MIN 32 OR BELOW: 14 0.50 INCH OR MORE: 1
MIN 0 OR BELOW: 0 1.00 INCH OR MORE: 1
[HDD (BASE 65) ]
TOTAL THIS MO. 613 CLEAR (SCALE 0-3) 14
DPTR FM NORMAL 113 PTCLDY (SCALE 4-7) 11
TOTAL FM JUL 1 792 CLOUDY (SCALE 8-10) 6
DPTR FM NORMAL 103
[CDD (BASE 65) ]
TOTAL THIS MO. 0
DPTR FM NORMAL -6 [PRESSURE DATA]
TOTAL FM JAN 1 718 HIGHEST SLP 30.40 ON 26
DPTR FM NORMAL 147 LOWEST SLP 29.46 ON 14
[REMARKS]
#FINAL-10-20#