000
CXUS53 KMKX 010810
CF6LNR
PRELIMINARY LOCAL CLIMATOLOGICAL DATA (WS FORM: F-6)
STATION: LONE ROCK WI
MONTH: AUGUST
YEAR: 2023
LATITUDE: 43 12 N
LONGITUDE: 90 11 W
TEMPERATURE IN F: :PCPN: SNOW: WIND :SUNSHINE: SKY :PK WND
================================================================================
1 2 3 4 5 6A 6B 7 8 9 10 11 12 13 14 15 16 17 18
12Z AVG MX 2MIN
DY MAX MIN AVG DEP HDD CDD WTR SNW DPTH SPD SPD DIR MIN PSBL S-S WX SPD DR
================================================================================
1 85 55 70 -2 0 5 0.00 M M 1.9 12 190 M M 2 12 16 210
2 84 61 73 1 0 8 0.00 M M 3.3 12 170 M M 4 1 16 200
3 88 63 76 4 0 11 0.00 M M 2.2 8 220 M M 5 12 12 270
4 88 63 76 5 0 11 0.00 M M 7.0 15 100 M M 1 12 22 100
5 86 63 75 4 0 10 0.00 M M 7.1 15 40 M M 2 21 100
6 79 61 70 -1 0 5 0.00 M M 5.0 13 80 M M 3 18 18 100
7 85 60 73 2 0 8 0.00 M M 3.3 13 340 M M 2 1 17 340
8 87 59 73 2 0 8 M M M 4.5 12 290 M M 2 1 17 310
9 83 53 68 -3 0 3 0.00 M M 3.0 13 200 M M 1 1 17 200
10 86 56 71 0 0 6 0.00 M M 3.5 14 290 M M 3 12 18 300
11 87 63 75 4 0 10 1.02 M M 5.8 30 360 M M 5 13 43 10
12 85 61 73 2 0 8 0.00 M M 6.5 18 280 M M 4 12 26 300
13 73 56 65 -5 0 0 0.03 M M 2.7 12 100 M M 6 12 15 130
14 73 62 68 -2 0 3 1.56 M M 9.8 18 350 M M 10 13 25 350
15 79 56 68 -2 0 3 0.00 M M 5.4 15 330 M M 1 20 270
16 81 53 67 -3 0 2 0.00 M M 7.7 20 200 M M 1 1 29 190
17 74 52 63 -7 2 0 T M M 10.1 22 320 M M 3 34 320
18 77 47 62 -8 3 0 0.00 M M 4.0 13 190 M M 2 12 17 220
19 86 58 72 2 0 7 0.00 M M 5.4 18 180 M M 1 25 190
20 93 67 80 10 0 15 0.00 M M 3.7 12 30 M M 2 1 16 10
21 85 66 76 7 0 11 0.00 M M 5.8 12 90 M M 5 8 16 120
22 89 62 76 7 0 11 0.00 M M 5.4 14 230 M M 0 18 21 200
23 100 69 85 16 0 20 0.00 M M 4.7 15 230 M M 2 128 23 250
24 98 75 87 18 0 22 0.00 M M 6.3 15 280 M M 0 18 21 340
25 76 73 75 6 0 10 M M M 0.9 5 310 M M 6 M M
26 M M M M M M M M M M M M M M M M M
27 M M M M M M M M M M M M M M M M M
28 82 52 67 -1 0 2 0.00 M M 2.7 13 220 M M 4 2 19 210
29 83 59 71 3 0 6 0.00 M M 6.1 18 320 M M 2 18 310
30 76 47 62 -6 3 0 0.00 M M 2.3 10 110 M M M 16 90
31 80 41 61 -6 4 0 0.00 M M 3.1 13 100 M M 0 2 17 100
================================================================================
SM 2428 1713 12 205 2.61 M 139.2 M 79
================================================================================
AV 83.7 59.1 4.8 FASTST M M 3 MAX(MPH)
MISC ----> 30 360 43 10
================================================================================
NOTES:
# LAST OF SEVERAL OCCURRENCES
COLUMN 17 PEAK WIND IN M.P.H.
PRELIMINARY LOCAL CLIMATOLOGICAL DATA (WS FORM: F-6) , PAGE 2
STATION: LONE ROCK WI
MONTH: AUGUST
YEAR: 2023
LATITUDE: 43 12 N
LONGITUDE: 90 11 W
[TEMPERATURE DATA] [PRECIPITATION DATA] SYMBOLS USED IN COLUMN 16
AVERAGE MONTHLY: 71.4 TOTAL FOR MONTH: 2.61 1 = FOG OR MIST
DPTR FM NORMAL: 1.6 DPTR FM NORMAL: -1.56 2 = FOG REDUCING VISIBILITY
HIGHEST: 100 ON 23 GRTST 24HR 1.59 ON 13-14 TO 1/4 MILE OR LESS
LOWEST: 41 ON 31 3 = THUNDER
SNOW, ICE PELLETS, HAIL 4 = ICE PELLETS
TOTAL MONTH: M 5 = HAIL
GRTST 24HR M ON M 6 = FREEZING RAIN OR DRIZZLE
GRTST DEPTH: M ON M 7 = DUSTSTORM OR SANDSTORM:
VSBY 1/2 MILE OR LESS
8 = SMOKE OR HAZE
[NO. OF DAYS WITH] [WEATHER - DAYS WITH] 9 = BLOWING SNOW
X = TORNADO
MAX 32 OR BELOW: 0 0.01 INCH OR MORE: 3
MAX 90 OR ABOVE: 3 0.10 INCH OR MORE: 2
MIN 32 OR BELOW: 0 0.50 INCH OR MORE: 2
MIN 0 OR BELOW: 0 1.00 INCH OR MORE: 2
[HDD (BASE 65) ]
TOTAL THIS MO. 12 CLEAR (SCALE 0-3) 19
DPTR FM NORMAL -7 PTCLDY (SCALE 4-7) 8
TOTAL FM JUL 1 17 CLOUDY (SCALE 8-10) 4
DPTR FM NORMAL -5
[CDD (BASE 65) ]
TOTAL THIS MO. 205
DPTR FM NORMAL 36 [PRESSURE DATA]
TOTAL FM JAN 1 640 HIGHEST SLP M ON M
DPTR FM NORMAL 59 LOWEST SLP 29.59 ON 17
[REMARKS]
#FINAL-08-23#