000
CXUS53 KJKL 011410
CF6LOZ
PRELIMINARY LOCAL CLIMATOLOGICAL DATA (WS FORM: F-6)
STATION: LONDON KY
MONTH: JANUARY
YEAR: 2023
LATITUDE: 37 4 N
LONGITUDE: 84 5 W
TEMPERATURE IN F: :PCPN: SNOW: WIND :SUNSHINE: SKY :PK WND
================================================================================
1 2 3 4 5 6A 6B 7 8 9 10 11 12 13 14 15 16 17 18
12Z AVG MX 2MIN
DY MAX MIN AVG DEP HDD CDD WTR SNW DPTH SPD SPD DIR MIN PSBL S-S WX SPD DR
================================================================================
1 62 39 51 14 14 0 T M M 2.3 15 300 M M 5 12 18 300
2 66 40 53 16 12 0 0.00 M M 3.1 12 180 M M 6 1 17 190
3 70 54 62 26 3 0 0.51 M M 9.2 30 270 M M 6 1 40 260
4 64 45 55 19 10 0 0.31 M M 8.7 25 250 M M 3 1 36 250
5 53 32 43 7 22 0 0.00 M M 9.0 21 240 M M 3 28 240
6 46 29 38 2 27 0 0.00 M M 5.9 21 260 M M 2 32 260
7 53 32 43 7 22 0 T M M 2.1 12 250 M M 6 17 260
8 50 39 45 9 20 0 0.03 M M 4.5 15 280 M M 10 20 270
9 44 29 37 1 28 0 0.00 M M 3.8 12 340 M M 6 1 16 340
10 56 25 41 5 24 0 0.00 M M 2.5 15 250 M M 0 21 240
11 59 34 47 11 18 0 T M M 5.0 17 190 M M 7 27 180
12 66 41 54 18 11 0 0.43 M M 9.4 28 200 M M 9 13 42 200
13 41 30 36 0 29 0 0.05 M M 10.6 18 320 M M 10 1 31 310
14 34 22 28 -8 37 0 0.01 M M 6.3 20 340 M M 8 1 27 360
15 46 19 33 -3 32 0 0.00 M M 1.8 9 90 M M 0 12 100
16 53 24 39 3 26 0 0.25 M M 4.3 12 190 M M 3 1 17 180
17 62 41 52 16 13 0 0.18 M M 5.6 18 250 M M 6 1 24 240
18 64 35 50 14 15 0 0.00 M M 3.0 13 180 M M 3 12 20 180
19 65 43 54 18 11 0 0.49 M M 14.4 32 240 M M 5 1 50 260
20 43 35 39 3 26 0 0.00 M M 10.5 21 260 M M 10 34 250
21 48 32 40 4 25 0 0.00 M M 2.4 8 90 M M 5 12 120
22 43 34 39 3 26 0 0.18 M M 3.4 14 330 M M 9 1 20 330
23 40 27 34 -2 31 0 0.07 M M 5.9 14 300 M M 8 1 20 300
24 48 22 35 -1 30 0 0.00 M M 1.6 8 40 M M 1 12 130
25 58 36 47 11 18 0 0.63 M M 11.9 29 250 M M 8 1 41 250
26 37 31 34 -2 31 0 0.08 M M 10.0 23 260 M M 10 12 33 270
27 46 27 37 1 28 0 0.00 M M 9.2 20 240 M M 4 27 260
28 55 35 45 9 20 0 0.00 M M 8.0 18 240 M M 1 24 190
29 46 40 43 7 22 0 0.90 M M 3.5 9 180 M M 10 1 M M
30 55 39 47 11 18 0 0.01 M M 4.1 13 330 M M 10 1 17 340
31 40 31 36 -1 29 0 0.25 M M 6.3 13 10 M M 10 16 19 20
================================================================================
SM 1613 1042 678 0 4.38 M 188.3 M 184
================================================================================
AV 52.0 33.6 6.1 FASTST M M 6 MAX(MPH)
MISC ----> 32 240 50 260
================================================================================
NOTES:
# LAST OF SEVERAL OCCURRENCES
COLUMN 17 PEAK WIND IN M.P.H.
PRELIMINARY LOCAL CLIMATOLOGICAL DATA (WS FORM: F-6) , PAGE 2
STATION: LONDON KY
MONTH: JANUARY
YEAR: 2023
LATITUDE: 37 4 N
LONGITUDE: 84 5 W
[TEMPERATURE DATA] [PRECIPITATION DATA] SYMBOLS USED IN COLUMN 16
AVERAGE MONTHLY: 42.8 TOTAL FOR MONTH: 4.38 1 = FOG OR MIST
DPTR FM NORMAL: 6.8 DPTR FM NORMAL: 0.49 2 = FOG REDUCING VISIBILITY
HIGHEST: 70 ON 3 GRTST 24HR 0.90 ON 29-29 TO 1/4 MILE OR LESS
LOWEST: 19 ON 15 3 = THUNDER
SNOW, ICE PELLETS, HAIL 4 = ICE PELLETS
TOTAL MONTH: M 5 = HAIL
GRTST 24HR M ON M 6 = FREEZING RAIN OR DRIZZLE
GRTST DEPTH: M ON M 7 = DUSTSTORM OR SANDSTORM:
VSBY 1/2 MILE OR LESS
8 = SMOKE OR HAZE
[NO. OF DAYS WITH] [WEATHER - DAYS WITH] 9 = BLOWING SNOW
X = TORNADO
MAX 32 OR BELOW: 0 0.01 INCH OR MORE: 16
MAX 90 OR ABOVE: 0 0.10 INCH OR MORE: 10
MIN 32 OR BELOW: 15 0.50 INCH OR MORE: 3
MIN 0 OR BELOW: 0 1.00 INCH OR MORE: 0
[HDD (BASE 65) ]
TOTAL THIS MO. 678 CLEAR (SCALE 0-3) 7
DPTR FM NORMAL -222 PTCLDY (SCALE 4-7) 14
TOTAL FM JUL 1 2363 CLOUDY (SCALE 8-10) 10
DPTR FM NORMAL -177
[CDD (BASE 65) ]
TOTAL THIS MO. 0
DPTR FM NORMAL 0 [PRESSURE DATA]
TOTAL FM JAN 1 0 HIGHEST SLP 30.37 ON 24
DPTR FM NORMAL 0 LOWEST SLP 29.54 ON 25
[REMARKS]
#FINAL-01-23#