000
CXUS54 KCRP 031536
CF6LRD
PRELIMINARY LOCAL CLIMATOLOGICAL DATA (WS FORM: F-6)
STATION: LAREDO
MONTH: MARCH
YEAR: 2024
LATITUDE: 27 31 N
LONGITUDE: 99 28 W
TEMPERATURE IN F: :PCPN: SNOW: WIND :SUNSHINE: SKY :PK WND
================================================================================
1 2 3 4 5 6A 6B 7 8 9 10 11 12 13 14 15 16 17 18
12Z AVG MX 2MIN
DY MAX MIN AVG DEP HDD CDD WTR SNW DPTH SPD SPD DIR MIN PSBL S-S WX SPD DR
================================================================================
1 76 51 64 -1 1 0 T 0.0 0 M M M M M 5 M M
2 89 51 70 5 0 5 0.00 0.0 0 M M M M M 0 M M
3 85 65 75 9 0 10 0.00 0.0 0 M M M M M 5 M M
4 81 68 75 9 0 10 0.00 0.0 0 M M M M M 5 M M
5 94 62 78 12 0 13 0.00 0.0 0 M M M M M 1 M M
6 91 66 79 13 0 14 0.00 0.0 0 M M M M M 2 M M
7 88 71 80 14 0 15 0.00 0.0 0 M M M M M 6 M M
8 89 68 79 12 0 14 0.00 0.0 0 M M M M M 2 8 M M
9 71 55 63 -4 2 0 0.00 0.0 0 M M M M M 1 M M
10 71 52 62 -5 3 0 0.00 0.0 0 M M M M M 3 M M
11 79 55 67 -1 0 2 T 0.0 0 M M M M M 4 M M
12 85 64 75 7 0 10 0.00 0.0 0 M M M M M 6 M M
13 99 67 83 15 0 18 0.00 0.0 0 M M M M M 2 M M
14 94 71 83 15 0 18 0.00 0.0 0 M M M M M 2 M M
15 91 68 80 11 0 15 0.10 0.0 0 M M M M M 5 13 M M
16 85 66 76 7 0 11 0.01 0.0 0 M M M M M 9 3 M M
17 71 64 68 -2 0 3 0.02 0.0 0 M M M M M 9 M M
18 64 57 61 -9 4 0 0.03 0.0 0 M M M M M 10 M M
19 67 55 61 -9 4 0 0.00 0.0 0 M M M M M 10 M M
20 67 55 61 -9 4 0 0.01 0.0 0 M M M M M 10 M M
21 83 63 73 2 0 8 0.02 0.0 0 M M M M M 7 M M
22 94 57 76 5 0 11 0.00 0.0 0 M M M M M 0 M M
23 85 57 71 0 0 6 0.00 0.0 0 M M M M M 0 M M
24 86 63 75 3 0 10 0.00 0.0 0 M M M M M 5 M M
25 89 68 79 7 0 14 0.00 0.0 0 M M M M M 3 M M
26 84 55 70 -2 0 5 0.00 0.0 0 M M M M M 0 M M
27 79 55 67 -5 0 2 0.00 0.0 0 M M M M M 4 M M
28 87 54 71 -2 0 6 0.00 0.0 0 M M M M M 0 M M
29 90 62 76 3 0 11 0.00 0.0 0 M M M M M 0 M M
30 89 67 78 5 0 13 0.00 0.0 0 M M M M M 2 M M
31 89 70 80 6 0 15 0.00 0.0 0 M M M M M 5 M M
================================================================================
SM 2592 1902 18 259 0.19 0.0 M M 123
================================================================================
AV 83.6 61.4 M FASTST M M 4 MAX(MPH)
MISC ----> M M M M
================================================================================
NOTES:
# LAST OF SEVERAL OCCURRENCES
COLUMN 17 PEAK WIND IN M.P.H.
PRELIMINARY LOCAL CLIMATOLOGICAL DATA (WS FORM: F-6) , PAGE 2
STATION: LAREDO
MONTH: MARCH
YEAR: 2024
LATITUDE: 27 31 N
LONGITUDE: 99 28 W
[TEMPERATURE DATA] [PRECIPITATION DATA] SYMBOLS USED IN COLUMN 16
AVERAGE MONTHLY: 72.5 TOTAL FOR MONTH: 0.19 1 = FOG OR MIST
DPTR FM NORMAL: 3.3 DPTR FM NORMAL: -1.41 2 = FOG REDUCING VISIBILITY
HIGHEST: 99 ON 13 GRTST 24HR 0.12 ON 15-15 TO 1/4 MILE OR LESS
LOWEST: 51 ON 2, 1 3 = THUNDER
SNOW, ICE PELLETS, HAIL 4 = ICE PELLETS
TOTAL MONTH: 0.0 INCH 5 = HAIL
GRTST 24HR 0.0 6 = FREEZING RAIN OR DRIZZLE
GRTST DEPTH: 0 7 = DUSTSTORM OR SANDSTORM:
VSBY 1/2 MILE OR LESS
8 = SMOKE OR HAZE
[NO. OF DAYS WITH] [WEATHER - DAYS WITH] 9 = BLOWING SNOW
X = TORNADO
MAX 32 OR BELOW: 0 0.01 INCH OR MORE: 6
MAX 90 OR ABOVE: 7 0.10 INCH OR MORE: 0
MIN 32 OR BELOW: 0 0.50 INCH OR MORE: 0
MIN 0 OR BELOW: 0 1.00 INCH OR MORE: 0
[HDD (BASE 65) ]
TOTAL THIS MO. 18 CLEAR (SCALE 0-3) 13
DPTR FM NORMAL -43 PTCLDY (SCALE 4-7) 13
TOTAL FM JUL 1 633 CLOUDY (SCALE 8-10) 5
DPTR FM NORMAL -176
[CDD (BASE 65) ]
TOTAL THIS MO. 259
DPTR FM NORMAL 68 [PRESSURE DATA]
TOTAL FM JAN 1 390 HIGHEST SLP 30.32 ON 10
DPTR FM NORMAL 99 LOWEST SLP 29.40 ON 25
[REMARKS]
#FINAL-03-24#