000
CXUS54 KLZK 020330
CF6LRF
PRELIMINARY LOCAL CLIMATOLOGICAL DATA (WS FORM: F-6)
STATION: JACKSONVILLE/LITTLE ROCK AFB
MONTH: JUNE
YEAR: 2021
LATITUDE: 34 55 N
LONGITUDE: 92 9 W
TEMPERATURE IN F: :PCPN: SNOW: WIND :SUNSHINE: SKY :PK WND
================================================================================
1 2 3 4 5 6A 6B 7 8 9 10 11 12 13 14 15 16 17 18
12Z AVG MX 2MIN
DY MAX MIN AVG DEP HDD CDD WTR SNW DPTH SPD SPD DIR MIN PSBL S-S WX SPD DR
================================================================================
1 69 60 65 -9 0 0 0.85 0.0 0 3.9 12 90 M M 10 1 M M
2 79 64 72 -2 0 7 T 0.0 0 4.4 9 290 M M 9 1 M M
3 83 62 73 -2 0 8 0.00 0.0 0 1.8 7 290 M M 4 M M
4 85 60 73 -2 0 8 0.00 0.0 0 1.3 6 60 M M 0 M M
5 78 61 70 -5 0 5 0.05 0.0 0 1.8 9 180 M M 7 1 M M
6 83 66 75 -1 0 10 0.01 0.0 0 3.5 13 100 M M 7 M M
7 80 65 73 -3 0 8 0.66 0.0 0 4.8 14 130 M M 9 13 31 140
8 75 67 71 -5 0 6 1.10 0.0 0 3.2 8 170 M M 8 1 M M
9 87 67 77 1 0 12 0.88 0.0 0 2.2 7 150 M M 7 13 M M
10 91 72 82 5 0 17 0.85 0.0 0 3.2 10 150 M M 6 13 22 140
11 91 71 81 4 0 16 0.00 0.0 0 6.2 13 230 M M 3 M M
12 95 71 83 6 0 18 0.00 0.0 0 3.4 9 170 M M 1 M M
13 94 72 83 6 0 18 0.00 0.0 0 4.1 10 40 M M 1 M M
14 93 66 80 3 0 15 0.00 0.0 0 3.3 9 330 M M 0 M M
15 92 67 80 2 0 15 0.00 0.0 0 3.5 8 50 M M 0 8 M M
16 91 66 79 1 0 14 0.00 0.0 0 2.9 8 180 M M 2 M M
17 90 70 80 2 0 15 T 0.0 0 4.3 9 190 M M 2 M M
18 93 69 81 3 0 16 0.00 0.0 M 4.2 9 150 M M 1 M M
19 92 65 79 0 0 14 0.00 0.0 M 2.3 7 70 M M 1 M M
20 93 70 82 3 0 17 0.00 0.0 0 6.6 15 190 M M 2 21 230
21 87 61 74 -5 0 9 0.11 0.0 0 8.3 17 340 M M 6 3 28 10
22 82 54 68 -11 0 3 0.00 0.0 0 4.5 12 60 M M 0 18 70
23 87 52 70 -9 0 5 0.00 0.0 0 3.2 10 100 M M 0 M M
24 92 69 81 1 0 16 0.00 0.0 0 4.6 10 190 M M 3 M M
25 93 76 85 5 0 20 0.00 0.0 0 7.8 14 190 M M 3 22 190
26 90 74 82 2 0 17 T 0.0 0 6.5 12 190 M M 3 18 170
27 92 73 83 3 0 18 0.01 0.0 0 6.3 14 130 M M 3 20 130
28 91 70 81 1 0 16 0.00 0.0 0 4.3 13 150 M M 3 18 110
29 93 69 81 1 0 16 0.00 0.0 0 3.0 8 90 M M 2 M M
30 93 69 81 0 0 16 T 0.0 0 3.0 8 160 M M 3 3 16 160
================================================================================
SM 2634 1998 0 375 4.52 0.0 122.5 M 106
================================================================================
AV 87.8 66.6 4.1 FASTST M M 4 MAX(MPH)
MISC ----> 17 340 31 140
================================================================================
NOTES:
# LAST OF SEVERAL OCCURRENCES
COLUMN 17 PEAK WIND IN M.P.H.
PRELIMINARY LOCAL CLIMATOLOGICAL DATA (WS FORM: F-6) , PAGE 2
STATION: JACKSONVILLE/LITTLE ROCK AFB
MONTH: JUNE
YEAR: 2021
LATITUDE: 34 55 N
LONGITUDE: 92 9 W
[TEMPERATURE DATA] [PRECIPITATION DATA] SYMBOLS USED IN COLUMN 16
AVERAGE MONTHLY: 77.2 TOTAL FOR MONTH: 4.52 1 = FOG OR MIST
DPTR FM NORMAL: -0.5 DPTR FM NORMAL: M 2 = FOG REDUCING VISIBILITY
HIGHEST: 95 ON 12 GRTST 24HR 1.10 ON 8- 8 TO 1/4 MILE OR LESS
LOWEST: 52 ON 23 3 = THUNDER
SNOW, ICE PELLETS, HAIL 4 = ICE PELLETS
TOTAL MONTH: 0.0 INCH 5 = HAIL
GRTST 24HR 0.0 6 = FREEZING RAIN OR DRIZZLE
GRTST DEPTH: 0 7 = DUSTSTORM OR SANDSTORM:
VSBY 1/2 MILE OR LESS
8 = SMOKE OR HAZE
[NO. OF DAYS WITH] [WEATHER - DAYS WITH] 9 = BLOWING SNOW
X = TORNADO
MAX 32 OR BELOW: 0 0.01 INCH OR MORE: 9
MAX 90 OR ABOVE: 18 0.10 INCH OR MORE: 6
MIN 32 OR BELOW: 0 0.50 INCH OR MORE: 5
MIN 0 OR BELOW: 0 1.00 INCH OR MORE: 1
[HDD (BASE 65) ]
TOTAL THIS MO. 0 CLEAR (SCALE 0-3) 20
DPTR FM NORMAL -11 PTCLDY (SCALE 4-7) 6
TOTAL FM JUL 1 3520 CLOUDY (SCALE 8-10) 4
DPTR FM NORMAL 340
[CDD (BASE 65) ]
TOTAL THIS MO. 375
DPTR FM NORMAL -15 [PRESSURE DATA]
TOTAL FM JAN 1 534 HIGHEST SLP M ON M
DPTR FM NORMAL -110 LOWEST SLP M ON M
[REMARKS]
#FINAL-06-21#